000
CXUS53 KGRR 011011
CLMBIV
CLIMATE REPORT
NATIONAL WEATHER SERVICE GRAND RAPIDS, MICHIGAN
511 AM EST FRI MAR 01 2024
...................................
...THE HOLLAND CLIMATE SUMMARY FOR THE MONTH OF FEBRUARY 2024...
CLIMATE NORMAL PERIOD: 1991 TO 2020
CLIMATE RECORD PERIOD: 1905 TO 2024
WEATHER OBSERVED NORMAL DEPART LAST YEAR`S
VALUE DATE(S) VALUE FROM VALUE DATE(S)
NORMAL
................................................................
TEMPERATURE (F)
RECORD
HIGH 74 02/27/2024
LOW -24 02/01/1918
HIGHEST 74R 02/27 MM MM MM 02/14
LOWEST 16 02/24 MM MM 10 02/03
AVG. MAXIMUM 45.8 34.3 11.5 MM
AVG. MINIMUM 27.6 20.5 7.1 MM
MEAN 36.7 27.4 9.3 MM
DAYS MAX >= 90 0 0.0 0.0 0
DAYS MAX <= 32 3 12.4 -9.4 MM
DAYS MIN <= 32 24 24.5 -0.5 MM
DAYS MIN <= 0 0 0.8 -0.8 0
PRECIPITATION (INCHES)
RECORD
MAXIMUM 4.89 1938
MINIMUM 0.04 1987
TOTALS 0.50 1.77 -1.27 4.01
DAILY AVG. 0.02 NAN NAN 0.14
DAYS >= .01 3 12.9 -9.9 12
DAYS >= .10 2 4.8 -2.8 5
DAYS >= .50 0 1.0 -1.0 4
DAYS >= 1.00 0 0.2 -0.2 1
GREATEST
24 HR. TOTAL 0.34 02/15 TO 02/15
DEGREE DAYS
HEATING TOTAL 811 1053 -242 666
SINCE 7/1 3915 4670 -755 MM
COOLING TOTAL 0 0 0 0
SINCE 1/1 0 0 0 MM
................................................................
WIND (MPH)
AVERAGE WIND SPEED 8.2
RESULTANT WIND SPEED/DIRECTION 3/240
HIGHEST WIND SPEED/DIRECTION 35/240 DATE 02/17
HIGHEST GUST SPEED/DIRECTION 51/230 DATE 02/17
SKY COVER
POSSIBLE SUNSHINE (PERCENT) MM
AVERAGE SKY COVER 0.40
NUMBER OF DAYS FAIR 16
NUMBER OF DAYS PC 5
NUMBER OF DAYS CLOUDY 8
AVERAGE RH (PERCENT) 68
WEATHER CONDITIONS. NUMBER OF DAYS WITH
THUNDERSTORM 3 MIXED PRECIP 0
HEAVY RAIN 0 RAIN 4
LIGHT RAIN 5 FREEZING RAIN 1
LT FREEZING RAIN 0 HAIL 0
HEAVY SNOW 1 SNOW 1
LIGHT SNOW 7 SLEET 0
FOG 9 FOG W/VIS <= 1/4 MILE 0
HAZE 3
- INDICATES NEGATIVE NUMBERS.
R INDICATES RECORD WAS SET OR TIED.
MM INDICATES DATA IS MISSING.
T INDICATES TRACE AMOUNT.
$$