000
CXUS51 KRNK 011233
CF6BLF
PRELIMINARY LOCAL CLIMATOLOGICAL DATA (WS FORM: F-6)
STATION: BLUEFIELD WV
MONTH: JANUARY
YEAR: 2023
LATITUDE: 37 17 N
LONGITUDE: 81 12 W
TEMPERATURE IN F: :PCPN: SNOW: WIND :SUNSHINE: SKY :PK WND
================================================================================
1 2 3 4 5 6A 6B 7 8 9 10 11 12 13 14 15 16 17 18
12Z AVG MX 2MIN
DY MAX MIN AVG DEP HDD CDD WTR SNW DPTH SPD SPD DIR MIN PSBL S-S WX SPD DR
================================================================================
1 55 45 50 17 15 0 T 0.0 0 6.0 12 260 M M 8 15 270
2 61 44 53 20 12 0 0.00 0.0 0 6.6 17 240 M M 7 24 230
3 69 54 62 30 3 0 0.06 0.0 0 9.4 28 280 M M 6 40 260
4 63 49 56 24 9 0 0.06 0.0 0 8.7 25 250 M M 5 36 250
5 50 38 44 12 21 0 0.00 0.0 0 9.4 24 260 M M 2 31 260
6 40 29 35 3 30 0 0.00 0.0 0 9.5 17 280 M M 6 26 270
7 42 29 36 4 29 0 0.00 0.0 0 6.4 20 290 M M 1 27 300
8 40 29 35 3 30 0 0.49 0.0 0 4.4 13 290 M M 10 1 20 160
9 38 25 32 0 33 0 T 0.0 0 8.3 16 290 M M 8 126 25 290
10 45 24 35 3 30 0 0.00 0.0 0 4.9 12 300 M M 3 15 280
11 50 32 41 9 24 0 0.00 0.0 0 5.0 14 160 M M 5 22 160
12 56 44 50 18 15 0 0.63 0.0 0 7.9 29 240 M M 6 1 41 230
13 45 23 34 2 31 0 0.12 0.8 1 8.4 18 300 M M 10 1 28 300
14 23 18 21 -11 44 0 0.01 1.2 2 10.7 18 290 M M 10 1 30 290
15 37 16 27 -5 38 0 0.00 0.0 T 6.7 13 300 M M 3 16 300
16 49 23 36 4 29 0 T 0.0 0 2.2 9 240 M M 2 12 230
17 49 41 45 13 20 0 0.43 0.0 0 11.0 20 260 M M 8 1 28 260
18 56 41 49 17 16 0 0.00 0.0 0 8.5 16 270 M M 0 24 270
19 61 46 54 22 11 0 0.10 0.0 0 13.0 26 270 M M 4 1 38 260
20 46 27 37 5 28 0 T T 0 13.3 24 290 M M 9 34 290
21 40 25 33 1 32 0 0.00 0.0 0 5.6 16 290 M M 5 23 290
22 41 33 37 5 28 0 0.02 0.0 0 6.0 17 160 M M 8 12 26 140
23 37 26 32 0 33 0 0.06 0.9 1 12.2 22 300 M M 10 1 33 280
24 44 25 35 3 30 0 0.00 0.0 0 6.5 18 280 M M 4 28 270
25 49 35 42 10 23 0 0.73 0.0 0 8.4 20 260 M M 9 1 33 210
26 35 27 31 -1 34 0 0.02 T 0 12.8 23 270 M M 10 1 32 280
27 35 22 29 -3 36 0 T T 0 11.8 21 290 M M 4 30 270
28 48 30 39 7 26 0 0.00 0.0 0 8.1 22 260 M M 0 29 260
29 43 36 40 8 25 0 0.44 0.0 0 5.9 20 250 M M 8 1 26 250
30 52 40 46 14 19 0 0.03 0.0 0 5.2 14 250 M M 9 1 18 230
31 44 32 38 6 27 0 0.05 0.0 0 5.0 15 240 M M 9 126 17 240
================================================================================
SM 1443 1008 781 0 3.25 2.9 247.8 M 189
================================================================================
AV 46.5 32.5 8.0 FASTST M M 6 MAX(MPH)
MISC ----> 29 240 41 230
================================================================================
NOTES:
# LAST OF SEVERAL OCCURRENCES
COLUMN 17 PEAK WIND IN M.P.H.
PRELIMINARY LOCAL CLIMATOLOGICAL DATA (WS FORM: F-6) , PAGE 2
STATION: BLUEFIELD WV
MONTH: JANUARY
YEAR: 2023
LATITUDE: 37 17 N
LONGITUDE: 81 12 W
[TEMPERATURE DATA] [PRECIPITATION DATA] SYMBOLS USED IN COLUMN 16
AVERAGE MONTHLY: 39.5 TOTAL FOR MONTH: 3.25 1 = FOG OR MIST
DPTR FM NORMAL: 7.6 DPTR FM NORMAL: 0.22 2 = FOG REDUCING VISIBILITY
HIGHEST: 69 ON 3 GRTST 24HR 0.79 ON 12-13 TO 1/4 MILE OR LESS
LOWEST: 16 ON 15 3 = THUNDER
SNOW, ICE PELLETS, HAIL 4 = ICE PELLETS
TOTAL MONTH: 2.9 INCHES 5 = HAIL
GRTST 24HR 1.2 ON 14-14 6 = FREEZING RAIN OR DRIZZLE
GRTST DEPTH: 2 ON 14 7 = DUSTSTORM OR SANDSTORM:
VSBY 1/2 MILE OR LESS
8 = SMOKE OR HAZE
[NO. OF DAYS WITH] [WEATHER - DAYS WITH] 9 = BLOWING SNOW
X = TORNADO
MAX 32 OR BELOW: 1 0.01 INCH OR MORE: 15
MAX 90 OR ABOVE: 0 0.10 INCH OR MORE: 6
MIN 32 OR BELOW: 18 0.50 INCH OR MORE: 2
MIN 0 OR BELOW: 0 1.00 INCH OR MORE: 0
[HDD (BASE 65) ]
TOTAL THIS MO. 781 CLEAR (SCALE 0-3) 7
DPTR FM NORMAL -247 PTCLDY (SCALE 4-7) 10
TOTAL FM JUL 1 2920 CLOUDY (SCALE 8-10) 14
DPTR FM NORMAL -148
[CDD (BASE 65) ]
TOTAL THIS MO. 0
DPTR FM NORMAL 0 [PRESSURE DATA]
TOTAL FM JAN 1 0 HIGHEST SLP 30.37 ON 28
DPTR FM NORMAL 0 LOWEST SLP 29.58 ON 25
[REMARKS]
#FINAL-01-23#