000
CXUS51 KRNK 010817
CLSBLF
CLIMATE REPORT
NATIONAL WEATHER SERVICE BLACKSBURG, VA
417 AM EDT TUE JUN 01 2021
...................................
...THE BLUEFIELD WV CLIMATE SUMMARY FOR THE SEASON, FROM
3/1/2021 TO 5/31/2021...
CLIMATE NORMAL PERIOD: 1991 TO 2020
CLIMATE RECORD PERIOD: 1909 TO 2021
WEATHER OBSERVED NORMAL DEPART LAST YEAR`S
VALUE DATE(S) VALUE FROM VALUE
NORMAL
..............................................................
TEMPERATURE (F)
RECORD
HIGH 92 05/22/1941
LOW -2 03/03/1980
HIGHEST 82 05/26 82
LOWEST 19 04/02 20
AVG. MAXIMUM 61.5 61.3 0.2 59.7
AVG. MINIMUM 42.1 42.2 -0.1 42.0
MEAN 51.8 51.7 0.1 50.8
DAYS MAX >= 90 0 0.0 0.0 0
DAYS MAX <= 32 0 2.0 -2.0 0
DAYS MIN <= 32 16 18.0 -2.0 18
DAYS MIN <= 0 0 0.0 0.0 0
PRECIPITATION (INCHES)
RECORD
MAXIMUM 18.92 2020
MINIMUM 5.39 2019
TOTALS 8.53 12.09 -3.56 18.92
DAYS >= .01 34 44.4 -10.4 56
DAYS >= .10 18 26.4 -8.4 33
DAYS >= .50 6 8.2 -2.2 12
DAYS >= 1.00 1 1.9 -0.9 4
GREATEST
24 HR. TOTAL 1.18 1.89
SNOWFALL (INCHES)
TOTALS T 3.1
DAYS >= TRACE 4 7
DAYS >= 1.0 0 2
GREATEST
24 HR TOTAL MM 1.2
DEGREE DAYS
HEATING TOTAL 1234 1270 -36 1306
COOLING TOTAL 42 47 -5 39
..............................................................
WIND (MPH)
AVERAGE WIND SPEED 7.0
RESULTANT WIND SPEED/DIRECTION 3/260
HIGHEST WIND SPEED/DIRECTION 33/260 DATE 05/09
HIGHEST GUST SPEED/DIRECTION 48/270 DATE 05/04
SKY COVER
AVERAGE SKY COVER 0.39
AVERAGE RH (PERCENT) 59
WEATHER CONDITIONS. NUMBER OF DAYS WITH
THUNDERSTORM 6 MIXED PRECIP 0
HEAVY RAIN 10 RAIN 17
LIGHT RAIN 43 FREEZING RAIN 0
LT FREEZING RAIN 0 HAIL 0
HEAVY SNOW 0 SNOW 0
LIGHT SNOW 4 SLEET 0
FOG 29 FOG W/VIS <= 1/4 MILE 1
HAZE 0
- INDICATES NEGATIVE NUMBERS.
R INDICATES RECORD WAS SET OR TIED.
MM INDICATES DATA IS MISSING.
T INDICATES TRACE AMOUNT.
$$
RCS