000
CXUS53 KIND 010600
CF6BMG
PRELIMINARY LOCAL CLIMATOLOGICAL DATA (WS FORM: F-6)
STATION: BLOOMINGTON IN
MONTH: MARCH
YEAR: 2024
LATITUDE: 39 7 N
LONGITUDE: 86 37 W
TEMPERATURE IN F: :PCPN: SNOW: WIND :SUNSHINE: SKY :PK WND
================================================================================
1 2 3 4 5 6A 6B 7 8 9 10 11 12 13 14 15 16 17 18
12Z AVG MX 2MIN
DY MAX MIN AVG DEP HDD CDD WTR SNW DPTH SPD SPD DIR MIN PSBL S-S WX SPD DR
================================================================================
1 43 25 34 -4 31 0 0.04 M M 4.3 12 150 M M 6 18 16 150
2 48 40 44 6 21 0 0.00 M M 4.1 12 140 M M 8 12 15 130
3 72 36 54 16 11 0 0.00 M M 8.7 21 150 M M 2 12 29 150
4 78 54 66 27 0 1 0.00 M M 9.3 21 200 M M 5 1 28 180
5 68 56 62 23 3 0 0.54 M M 7.3 18 50 M M 7 138 26 220
6 56 46 51 11 14 0 0.00 M M 10.0 15 360 M M 10 12 19 360
7 56 46 51 11 14 0 0.01 M M 7.1 14 100 M M 10 18 20 100
8 58 49 54 14 11 0 0.37 M M 7.5 14 150 M M 10 1 19 140
9 56 40 48 7 17 0 0.09 M M 8.8 17 290 M M 9 1 27 290
10 48 29 39 -2 26 0 0.00 M M 8.4 21 290 M M 1 30 290
11 61 23 42 1 23 0 0.00 M M 7.1 20 240 M M 0 27 230
12 69 47 58 16 7 0 0.00 M M 9.8 21 220 M M 0 29 220
13 75 40 58 16 7 0 0.02 M M 6.0 16 200 M M 0 3 22 190
14 74 56 65 23 0 0 0.91 M M 10.7 23 220 M M 6 13 38 230
15 58 38 48 5 17 0 0.03 M M 7.6 16 10 M M 6 1 22 20
16 63 34 49 6 16 0 0.00 M M 9.4 24 230 M M 2 38 270
17 50 32 41 -3 24 0 0.00 M M 9.3 22 270 M M 3 33 270
18 36 29 33 -11 32 0 T M M 7.3 16 290 M M 9 27 290
19 56 26 41 -3 24 0 0.00 M M 12.8 28 230 M M 0 42 240
20 54 33 44 -1 21 0 0.00 M M 9.6 21 290 M M 0 31 280
21 49 28 39 -6 26 0 0.00 M M 7.7 13 60 M M 1 18 60
22 51 36 44 -2 21 0 T M M 7.6 16 360 M M 5 22 350
23 50 33 42 -4 23 0 T M M 11.4 23 10 M M 3 32 20
24 57 32 45 -1 20 0 0.00 M M 12.2 23 120 M M 1 34 110
25 70 49 60 13 5 0 0.21 M M 15.4 30 160 M M 2 48 170
26 67 42 55 8 10 0 0.25 M M 13.6 31 220 M M 9 1 48 200
27 50 31 41 -6 24 0 0.00 M M 6.8 16 270 M M 5 24 270
28 59 26 43 -5 22 0 0.00 M M 4.8 20 230 M M 1 26 250
29 71 47 59 11 6 0 0.00 M M 9.2 18 220 M M 1 27 230
30 76 47 62 14 3 0 0.03 M M 12.4 24 230 M M 2 3 38 270
31 72 49 61 12 4 0 0.20 M M 7.2 23 220 M M 7 138 34 210
================================================================================
SM 1851 1199 483 1 2.70 M 273.4 M 131
================================================================================
AV 59.7 38.7 8.8 FASTST M M 4 MAX(MPH)
MISC ----> 31 220 # 48 170
================================================================================
NOTES:
# LAST OF SEVERAL OCCURRENCES
COLUMN 17 PEAK WIND IN M.P.H.
PRELIMINARY LOCAL CLIMATOLOGICAL DATA (WS FORM: F-6) , PAGE 2
STATION: BLOOMINGTON IN
MONTH: MARCH
YEAR: 2024
LATITUDE: 39 7 N
LONGITUDE: 86 37 W
[TEMPERATURE DATA] [PRECIPITATION DATA] SYMBOLS USED IN COLUMN 16
AVERAGE MONTHLY: 49.2 TOTAL FOR MONTH: 2.70 1 = FOG OR MIST
DPTR FM NORMAL: 5.9 DPTR FM NORMAL: -1.12 2 = FOG REDUCING VISIBILITY
HIGHEST: 78 ON 4 GRTST 24HR 0.94 ON 14-15 TO 1/4 MILE OR LESS
LOWEST: 23 ON 11 3 = THUNDER
SNOW, ICE PELLETS, HAIL 4 = ICE PELLETS
TOTAL MONTH: M 5 = HAIL
GRTST 24HR M ON M 6 = FREEZING RAIN OR DRIZZLE
GRTST DEPTH: M ON M 7 = DUSTSTORM OR SANDSTORM:
VSBY 1/2 MILE OR LESS
8 = SMOKE OR HAZE
[NO. OF DAYS WITH] [WEATHER - DAYS WITH] 9 = BLOWING SNOW
X = TORNADO
MAX 32 OR BELOW: 0 0.01 INCH OR MORE: 12
MAX 90 OR ABOVE: 0 0.10 INCH OR MORE: 6
MIN 32 OR BELOW: 10 0.50 INCH OR MORE: 2
MIN 0 OR BELOW: 0 1.00 INCH OR MORE: 0
[HDD (BASE 65) ]
TOTAL THIS MO. 483 CLEAR (SCALE 0-3) 15
DPTR FM NORMAL -195 PTCLDY (SCALE 4-7) 9
TOTAL FM JUL 1 3824 CLOUDY (SCALE 8-10) 7
DPTR FM NORMAL -787
[CDD (BASE 65) ]
TOTAL THIS MO. 1
DPTR FM NORMAL -2 [PRESSURE DATA]
TOTAL FM JAN 1 3 HIGHEST SLP M ON M
DPTR FM NORMAL 0 LOWEST SLP 29.51 ON 26
[REMARKS]
#FINAL-03-24#