000
CXUS53 KILX 010900
CF6BMI
PRELIMINARY LOCAL CLIMATOLOGICAL DATA (WS FORM: F-6)
STATION: BLOOMINGTON IL AIRPORT
MONTH: SEPTEMBER
YEAR: 2021
LATITUDE: 40 28 N
LONGITUDE: 88 56 W
TEMPERATURE IN F: :PCPN: SNOW: WIND :SUNSHINE: SKY :PK WND
================================================================================
1 2 3 4 5 6A 6B 7 8 9 10 11 12 13 14 15 16 17 18
12Z AVG MX 2MIN
DY MAX MIN AVG DEP HDD CDD WTR SNW DPTH SPD SPD DIR MIN PSBL S-S WX SPD DR
================================================================================
1 79 57 68 M 0 3 0.01 M M 10.2 16 40 M M 2 25 50
2 78 55 67 M 0 2 0.00 M M 5.8 9 120 M M 1 M M
3 74 57 66 M 0 1 T M M 8.9 13 150 M M 3 M M
4 71 63 67 M 0 2 T M M 9.9 14 180 M M 8 1 22 160
5 81 57 69 M 0 4 0.00 M M 8.4 14 340 M M 0 20 340
6 86 60 73 M 0 8 0.00 M M 8.1 14 260 M M 3 20 260
7 88 64 76 M 0 11 0.19 M M 14.5 31 210 M M 2 3 38 210
8 80 57 69 M 0 4 0.00 M M 11.9 25 300 M M 1 33 300
9 77 55 66 M 0 1 0.00 M M 7.1 13 340 M M 1 18 340
10 81 54 68 M 0 3 0.00 M M 5.9 12 170 M M 1 M M
11 86 64 75 M 0 10 0.00 M M 12.8 17 210 M M 1 23 210
12 87 67 77 M 0 12 0.00 M M 13.2 18 220 M M 0 27 220
13 88 69 79 M 0 14 0.00 M M 10.3 21 210 M M 1 25 210
14 87 66 77 M 0 12 0.00 M M 13.9 21 230 M M 3 32 220
15 80 56 68 M 0 3 0.00 M M 7.4 14 330 M M 0 M M
16 82 54 68 M 0 3 0.00 M M 6.5 10 160 M M 0 16 130
17 88 61 75 M 0 10 0.00 M M 3.8 7 270 M M 1 1 M M
18 89 64 77 M 0 12 0.03 M M 6.8 12 60 M M 3 M M
19 90 62 76 M 0 11 0.00 M M 7.5 15 160 M M 1 18 170
20 85 68 77 M 0 12 0.20 M M 12.9 20 180 M M 6 1 27 190
21 68 58 63 M 2 0 0.70 M M 12.5 18 330 M M 8 13 25 330
22 67 52 60 M 5 0 0.01 M M 14.9 24 340 M M 4 32 340
23 69 47 58 M 7 0 0.00 M M 12.3 24 320 M M 0 32 320
24 80 47 64 M 1 0 0.08 M M 12.8 22 210 M M 1 33 210
25 70 47 59 M 6 0 0.05 M M 8.7 17 290 M M 3 1 24 290
26 83 52 68 M 0 3 0.00 M M 13.7 18 200 M M 0 30 190
27 89 64 77 M 0 12 0.00 M M 13.7 23 240 M M 0 32 220
28 85 55 70 M 0 5 0.00 M M 7.0 10 30 M M 2 12 M M
29 88 55 72 M 0 7 0.00 M M 3.5 9 170 M M 1 8 M M
30 87 62 75 M 0 10 0.00 M M 4.1 8 90 M M 0 M M
================================================================================
SM 2443 1749 21 175 1.27 M 289.0 M 57
================================================================================
AV 81.4 58.3 9.6 FASTST M M 2 MAX(MPH)
MISC ----> 31 210 38 210
================================================================================
NOTES:
# LAST OF SEVERAL OCCURRENCES
COLUMN 17 PEAK WIND IN M.P.H.
PRELIMINARY LOCAL CLIMATOLOGICAL DATA (WS FORM: F-6) , PAGE 2
STATION: BLOOMINGTON IL AIRPORT
MONTH: SEPTEMBER
YEAR: 2021
LATITUDE: 40 28 N
LONGITUDE: 88 56 W
[TEMPERATURE DATA] [PRECIPITATION DATA] SYMBOLS USED IN COLUMN 16
AVERAGE MONTHLY: 69.9 TOTAL FOR MONTH: 1.27 1 = FOG OR MIST
DPTR FM NORMAL: 0.0 DPTR FM NORMAL: M 2 = FOG REDUCING VISIBILITY
HIGHEST: 90 ON 19 GRTST 24HR 0.70 ON 21-21 TO 1/4 MILE OR LESS
LOWEST: 47 ON 25,24 3 = THUNDER
SNOW, ICE PELLETS, HAIL 4 = ICE PELLETS
TOTAL MONTH: M 5 = HAIL
GRTST 24HR M ON M 6 = FREEZING RAIN OR DRIZZLE
GRTST DEPTH: M ON M 7 = DUSTSTORM OR SANDSTORM:
VSBY 1/2 MILE OR LESS
8 = SMOKE OR HAZE
[NO. OF DAYS WITH] [WEATHER - DAYS WITH] 9 = BLOWING SNOW
X = TORNADO
MAX 32 OR BELOW: 0 0.01 INCH OR MORE: 8
MAX 90 OR ABOVE: 1 0.10 INCH OR MORE: 3
MIN 32 OR BELOW: 0 0.50 INCH OR MORE: 1
MIN 0 OR BELOW: 0 1.00 INCH OR MORE: 0
[HDD (BASE 65) ]
TOTAL THIS MO. 21 CLEAR (SCALE 0-3) 24
DPTR FM NORMAL M PTCLDY (SCALE 4-7) 5
TOTAL FM JUL 1 21 CLOUDY (SCALE 8-10) 1
DPTR FM NORMAL M
[CDD (BASE 65) ]
TOTAL THIS MO. 175
DPTR FM NORMAL M [PRESSURE DATA]
TOTAL FM JAN 1 1145 HIGHEST SLP M ON M
DPTR FM NORMAL M LOWEST SLP M ON M
[REMARKS]
#FINAL-09-21#