000
CXUS54 KOHX 031225
CLMBNA
CLIMATE REPORT
NATIONAL WEATHER SERVICE NASHVILLE, TN
725 AM CDT FRI NOV 03 2023
...................................
...THE NASHVILLE CLIMATE SUMMARY FOR THE MONTH OF OCTOBER 2023...
CLIMATE NORMAL PERIOD: 1991 TO 2020
CLIMATE RECORD PERIOD: 1871 TO 2023
WEATHER OBSERVED NORMAL DEPART LAST YEAR`S
VALUE DATE(S) VALUE FROM VALUE
NORMAL
..............................................................
TEMPERATURE (F)
RECORD
HIGH 99 10/03/2019
10/02/2019
09/05/1954
LOW 26 10/22/1987
10/30/1952
10/29/1925
HIGHEST 89 10/02
LOWEST 33 10/31
AVG. MAXIMUM 75.1 73.5 1.6
AVG. MINIMUM 52.7 49.9 2.8
MEAN 63.9 61.7 2.2 60.6
DAYS MAX >= 90 0
DAYS MAX <= 32 0
DAYS MIN <= 32 0
DAYS MIN <= 0 0
PRECIPITATION (INCHES)
RECORD
MAXIMUM 8.43 2014
MINIMUM T 1963
TOTALS 0.73 3.36 -2.63
DAYS >= .01 2
DAYS >= .10 2
DAYS >= .50 0
DAYS >= 1.00 0
GREATEST
24 HR. TOTAL 0.43 10/30 TO 10/30
SNOWFALL (INCHES)
TOTALS 0.0 0.0 0.0
SINCE 7/1 0.0 0.0
DAYS >= TRACE 0
DAYS >= 1.0 0
DEGREE DAYS
HEATING TOTAL 120 165 -45
SINCE 7/1 120 178 -58
COOLING TOTAL 94 62 32
SINCE 1/1 1935 1866 69
..............................................................
WIND (MPH)
AVERAGE WIND SPEED 6.3
HIGHEST GUST SPEED/DIRECTION 38/190 DATE 10/19
SKY COVER
POSSIBLE SUNSHINE (PERCENT) MM
AVERAGE SKY COVER 0.54
NUMBER OF DAYS FAIR 11
NUMBER OF DAYS PC 9
NUMBER OF DAYS CLOUDY 11
AVERAGE RH (PERCENT) 62
WEATHER CONDITIONS. NUMBER OF DAYS WITH
THUNDERSTORM 1 MIXED PRECIP 0
HEAVY RAIN 0 RAIN 2
LIGHT RAIN 5 FREEZING RAIN 0
LT FREEZING RAIN 0 HAIL 0
HEAVY SNOW 0 SNOW 0
LIGHT SNOW 0 SLEET 0
FOG 6 FOG W/VIS <= 1/4 MILE 0
HAZE 4
- INDICATES NEGATIVE NUMBERS.
R INDICATES RECORD WAS SET OR TIED.
MM INDICATES DATA IS MISSING.
T INDICATES TRACE AMOUNT.
$$