000
CXUS55 KBOI 011002
CF6BOI
PRELIMINARY LOCAL CLIMATOLOGICAL DATA (WS FORM: F-6)
STATION: BOISE ID
MONTH: APRIL
YEAR: 2022
LATITUDE: 43 34 N
LONGITUDE: 116 13 W
TEMPERATURE IN F: :PCPN: SNOW: WIND :SUNSHINE: SKY :PK WND
================================================================================
1 2 3 4 5 6A 6B 7 8 9 10 11 12 13 14 15 16 17 18
12Z AVG MX 2MIN
DY MAX MIN AVG DEP HDD CDD WTR SNW DPTH SPD SPD DIR MIN PSBL S-S WX SPD DR
================================================================================
1 59 28 44 -4 21 0 0.00 0.0 0 4.1 12 330 M M 0 18 330
2 59 36 48 0 17 0 0.00 0.0 0 10.5 26 330 M M 2 36 330
3 65 35 50 2 15 0 0.00 0.0 0 10.0 20 140 M M 0 30 160
4 60 41 51 3 14 0 0.25 0.0 0 16.3 32 280 M M 8 18 47 280
5 50 32 41 -8 24 0 T T 0 13.8 26 300 M M 5 37 310
6 56 26 41 -8 24 0 0.00 0.0 0 2.9 9 300 M M 0 13 310
7 68 34 51 2 14 0 0.00 0.0 0 7.5 14 150 M M 0 19 140
8 73 43 58 9 7 0 T 0.0 0 12.6 31 320 M M 0 41 330
9 51 32 42 -7 23 0 0.00 0.0 0 15.5 29 320 M M 1 37 280
10 44 28 36 -14 29 0 0.04 0.5 0 6.6 16 100 M M 7 1 21 300
11 45 31 38 -12 27 0 0.09 0.3 T 13.6 26 230 M M 10 1 39 250
12 45 30 38 -12 27 0 0.03 0.4 0 12.9 28 300 M M 8 1 37 280
13 43 28 36 -14 29 0 0.03 0.3 0 8.0 17 110 M M 7 18 25 150
14 47 35 41 -9 24 0 0.12 T 0 10.6 21 120 M M 9 1 29 120
15 50 31 41 -9 24 0 0.00 0.0 0 4.7 14 270 M M 7 19 260
16 54 35 45 -6 20 0 0.06 0.0 0 16.5 31 320 M M 9 1 44 290
17 56 30 43 -8 22 0 0.00 0.0 0 4.4 12 130 M M 3 16 130
18 72 40 56 5 9 0 0.00 0.0 0 12.6 24 140 M M 0 32 140
19 61 39 50 -2 15 0 0.03 0.0 0 9.3 32 290 M M 7 42 300
20 65 39 52 0 13 0 0.00 0.0 0 11.0 22 150 M M 7 29 110
21 57 43 50 -2 15 0 0.10 0.0 0 8.5 24 210 M M 8 1 31 220
22 61 37 49 -3 16 0 0.00 0.0 0 12.9 30 310 M M 1 40 320
23 61 35 48 -5 17 0 0.00 0.0 0 12.2 24 310 M M 1 32 330
24 64 33 49 -4 16 0 0.00 0.0 0 4.5 12 130 M M 0 16 290
25 73 44 59 6 6 0 0.00 0.0 0 14.8 25 140 M M 0 34 140
26 62 42 52 -2 13 0 0.02 0.0 0 7.0 18 280 M M 6 1 25 290
27 64 36 50 -4 15 0 0.00 0.0 0 7.0 17 340 M M 3 33 330
28 59 39 49 -5 16 0 0.01 0.0 0 10.5 29 300 M M 6 37 300
29 59 34 47 -8 18 0 0.00 0.0 0 8.1 16 300 M M 2 26 320
30 59 42 51 -4 14 0 0.37 0.0 0 11.3 24 110 M M 7 13 33 120
================================================================================
SM 1742 1058 544 0 1.15 1.5 300.2 M 124
================================================================================
AV 58.1 35.3 10.0 FASTST M M 4 MAX(MPH)
MISC ----> # 32 280 47 280
================================================================================
NOTES:
# LAST OF SEVERAL OCCURRENCES
COLUMN 17 PEAK WIND IN M.P.H.
PRELIMINARY LOCAL CLIMATOLOGICAL DATA (WS FORM: F-6) , PAGE 2
STATION: BOISE ID
MONTH: APRIL
YEAR: 2022
LATITUDE: 43 34 N
LONGITUDE: 116 13 W
[TEMPERATURE DATA] [PRECIPITATION DATA] SYMBOLS USED IN COLUMN 16
AVERAGE MONTHLY: 46.7 TOTAL FOR MONTH: 1.15 1 = FOG OR MIST
DPTR FM NORMAL: -4.2 DPTR FM NORMAL: -0.08 2 = FOG REDUCING VISIBILITY
HIGHEST: 73 ON 25, 8 GRTST 24HR 0.38 ON 30-30 TO 1/4 MILE OR LESS
LOWEST: 26 ON 6 3 = THUNDER
SNOW, ICE PELLETS, HAIL 4 = ICE PELLETS
TOTAL MONTH: 1.5 INCHES 5 = HAIL
GRTST 24HR 0.5 ON 10-10 6 = FREEZING RAIN OR DRIZZLE
GRTST DEPTH: T 7 = DUSTSTORM OR SANDSTORM:
VSBY 1/2 MILE OR LESS
8 = SMOKE OR HAZE
[NO. OF DAYS WITH] [WEATHER - DAYS WITH] 9 = BLOWING SNOW
X = TORNADO
MAX 32 OR BELOW: 0 0.01 INCH OR MORE: 12
MAX 90 OR ABOVE: 0 0.10 INCH OR MORE: 4
MIN 32 OR BELOW: 10 0.50 INCH OR MORE: 0
MIN 0 OR BELOW: 0 1.00 INCH OR MORE: 0
[HDD (BASE 65) ]
TOTAL THIS MO. 544 CLEAR (SCALE 0-3) 15
DPTR FM NORMAL 120 PTCLDY (SCALE 4-7) 12
TOTAL FM JUL 1 5075 CLOUDY (SCALE 8-10) 3
DPTR FM NORMAL 18
[CDD (BASE 65) ]
TOTAL THIS MO. 0
DPTR FM NORMAL -3 [PRESSURE DATA]
TOTAL FM JAN 1 0 HIGHEST SLP 30.57 ON 6
DPTR FM NORMAL -3 LOWEST SLP 29.35 ON 11
[REMARKS]
#FINAL-04-22#