000
CXUS54 KMAF 011210
CF6BPG
PRELIMINARY LOCAL CLIMATOLOGICAL DATA (WS FORM: F-6)
STATION: BIG SPRING MCMAHON-WRINKLE FI
MONTH: FEBRUARY
YEAR: 2022
LATITUDE: 32 12 N
LONGITUDE: 101 31 W
TEMPERATURE IN F: :PCPN: SNOW: WIND :SUNSHINE: SKY :PK WND
================================================================================
1 2 3 4 5 6A 6B 7 8 9 10 11 12 13 14 15 16 17 18
12Z AVG MX 2MIN
DY MAX MIN AVG DEP HDD CDD WTR SNW DPTH SPD SPD DIR MIN PSBL S-S WX SPD DR
================================================================================
1 65 39 52 M 13 0 M M M 8.9 16 40 M M 0 17 310
2 47 19 33 M 32 0 M M M 17.5 22 40 M M 8 1 28 40
3 22 15 19 M 46 0 M M M 15.3 23 360 M M 9 1 29 360
4 40 7 24 M 41 0 M M M 7.3 15 340 M M 0 20 310
5 50 14 32 M 33 0 M M M 10.2 17 220 M M 0 24 210
6 59 19 39 M 26 0 M M M 9.7 24 40 M M 0 29 40
7 54 24 39 M 26 0 M M M 5.9 12 10 M M 0 M M
8 66 23 45 M 20 0 M M M 11.3 24 220 M M 0 28 220
9 65 25 45 M 20 0 M M M 5.6 13 40 M M 0 M M
10 68 26 47 M 18 0 M M M 3.4 9 350 M M 0 M M
11 73 35 54 M 11 0 M M M 13.6 21 40 M M 0 29 360
12 49 31 40 M 25 0 M M M 14.5 28 20 M M 2 35 30
13 64 24 44 M 21 0 M M M 7.5 12 160 M M 0 M M
14 72 36 54 M 11 0 M M M 12.4 16 170 M M 0 20 210
15 75 42 59 M 6 0 M M M 21.6 28 200 M M 0 35 170
16 78 51 65 M 0 0 0.31 M M 17.2 31 180 M M 1 38 260
17 58 31 45 M 20 0 M M M 14.3 28 350 M M 3 44 270
18 57 23 40 M 25 0 M M M 6.4 13 130 M M 0 18 180
19 65 28 47 M 18 0 M M M 9.4 15 200 M M 0 21 150
20 75 41 58 M 7 0 M M M 14.5 21 170 M M 0 26 170
21 76 43 60 M 5 0 0.10 M M 11.8 20 170 M M 3 8 31 0
22 59 30 45 M 20 0 M M M 15.0 26 50 M M 0 8 37 40
23 30 17 24 M 41 0 M M M 15.7 28 40 M M 7 1 35 40
24 40 19 30 M 35 0 M M M 7.3 13 360 M M 6 1 M M
25 41 21 31 M 34 0 M M M 13.7 20 70 M M 4 1 25 70
26 41 27 34 M 31 0 M M M 9.2 14 50 M M 8 M M
27 59 17 38 M 27 0 M M M 4.3 8 130 M M 0 M M
28 65 23 44 M 21 0 M M M 7.8 14 180 M M 0 18 180
================================================================================
SM 1613 750 633 0 0.41 M 311.4 M 51
================================================================================
AV 57.6 26.8 11.1 FASTST M M 2 MAX(MPH)
MISC ----> 31 180 44 270
================================================================================
NOTES:
# LAST OF SEVERAL OCCURRENCES
COLUMN 17 PEAK WIND IN M.P.H.
PRELIMINARY LOCAL CLIMATOLOGICAL DATA (WS FORM: F-6) , PAGE 2
STATION: BIG SPRING MCMAHON-WRINKLE FI
MONTH: FEBRUARY
YEAR: 2022
LATITUDE: 32 12 N
LONGITUDE: 101 31 W
[TEMPERATURE DATA] [PRECIPITATION DATA] SYMBOLS USED IN COLUMN 16
AVERAGE MONTHLY: 42.2 TOTAL FOR MONTH: 0.41 1 = FOG OR MIST
DPTR FM NORMAL: 0.0 DPTR FM NORMAL: 0.41 2 = FOG REDUCING VISIBILITY
HIGHEST: 78 ON 16 GRTST 24HR 0.31 ON 16-16 TO 1/4 MILE OR LESS
LOWEST: 7 ON 4 3 = THUNDER
SNOW, ICE PELLETS, HAIL 4 = ICE PELLETS
TOTAL MONTH: M 5 = HAIL
GRTST 24HR M ON M 6 = FREEZING RAIN OR DRIZZLE
GRTST DEPTH: M ON M 7 = DUSTSTORM OR SANDSTORM:
VSBY 1/2 MILE OR LESS
8 = SMOKE OR HAZE
[NO. OF DAYS WITH] [WEATHER - DAYS WITH] 9 = BLOWING SNOW
X = TORNADO
MAX 32 OR BELOW: 2 0.01 INCH OR MORE: 2
MAX 90 OR ABOVE: 0 0.10 INCH OR MORE: 1
MIN 32 OR BELOW: 21 0.50 INCH OR MORE: 0
MIN 0 OR BELOW: 0 1.00 INCH OR MORE: 0
[HDD (BASE 65) ]
TOTAL THIS MO. 633 CLEAR (SCALE 0-3) 21
DPTR FM NORMAL M PTCLDY (SCALE 4-7) 6
TOTAL FM JUL 1 1900 CLOUDY (SCALE 8-10) 1
DPTR FM NORMAL M
[CDD (BASE 65) ]
TOTAL THIS MO. 0
DPTR FM NORMAL M [PRESSURE DATA]
TOTAL FM JAN 1 0 HIGHEST SLP M ON M
DPTR FM NORMAL M LOWEST SLP M ON M
[REMARKS]
#FINAL-02-22#