000
CXUS55 KRIW 281010
CF6BPI
PRELIMINARY LOCAL CLIMATOLOGICAL DATA (WS FORM: F-6)
STATION: BIG PINEY WY
MONTH: MARCH
YEAR: 2024
LATITUDE: 42 34 N
LONGITUDE: 110 6 W
TEMPERATURE IN F: :PCPN: SNOW: WIND :SUNSHINE: SKY :PK WND
================================================================================
1 2 3 4 5 6A 6B 7 8 9 10 11 12 13 14 15 16 17 18
12Z AVG MX 2MIN
DY MAX MIN AVG DEP HDD CDD WTR SNW DPTH SPD SPD DIR MIN PSBL S-S WX SPD DR
================================================================================
1 45 20 33 13 32 0 T M M 11.8 35 240 M M 4 1 48 240
2 43 11 27 7 38 0 0.02 M M 17.7 41 220 M M 4 128 56 220
3 24 2 13 -8 52 0 0.02 M M 8.8 25 270 M M 4 128 33 260
4 25 -6 10 -11 55 0 0.02 M M 7.5 25 270 M M 4 1 33 290
5 34 -11 12 -10 53 0 0.00 M M 5.5 16 260 M M 4 21 190
6 40 19 30 8 35 0 T M M 8.4 21 260 M M 6 1 29 300
7 37 13 25 2 40 0 T M M 4.0 15 20 M M 4 20 350
8 36 6 21 -2 44 0 0.00 M M 1.9 8 320 M M 0 M M
9 40 6 23 -1 42 0 0.00 M M 2.2 9 210 M M 0 15 200
10 45 10 28 4 37 0 0.00 M M 4.5 10 200 M M 0 M M
11 46 20 33 8 32 0 0.00 M M 4.6 18 270 M M 5 26 280
12 40 21 31 6 34 0 0.02 M M 4.6 15 340 M M 6 18 19 340
13 39 17 28 2 37 0 T M M 12.9 22 350 M M 5 30 360
14 40 24 32 6 33 0 0.00 M M 10.2 20 10 M M 8 24 10
15 46 20 33 6 32 0 0.00 M M 6.3 14 330 M M 3 19 310
16 48 12 30 3 35 0 0.00 M M 4.6 12 170 M M 2 16 250
17 51 19 35 7 30 0 0.00 M M 5.8 16 220 M M 1 22 230
18 58 16 37 9 28 0 0.00 M M 6.0 16 360 M M 0 21 340
19 58 16 37 8 28 0 0.00 M M 6.8 21 350 M M 0 28 340
20 55 17 36 7 29 0 0.00 M M 6.5 20 350 M M 0 28 330
21 54 17 36 7 29 0 0.00 M M 9.2 28 300 M M 2 39 300
22 53 17 35 5 30 0 0.03 M M 5.1 22 290 M M 3 1 29 290
23 48 29 39 9 26 0 0.09 M M 5.5 20 270 M M 8 12 26 270
24 41 22 32 1 33 0 0.01 M M 12.9 23 340 M M 9 1 31 340
25 38 16 27 -4 38 0 0.01 M M 6.9 21 300 M M 6 18 27 310
26 39 12 26 -5 39 0 T M M 8.6 23 320 M M 4 8 32 340
27 42 11 27 -5 38 0 0.00 M M 7.6 21 260 M M 4 28 270
================================================================================
SM 1165 376 979 0 0.22 M 196.4 M 96
================================================================================
AV 43.1 13.9 7.3 FASTST M M 4 MAX(MPH)
MISC ----> 41 220 56 220
================================================================================
NOTES:
# LAST OF SEVERAL OCCURRENCES
COLUMN 17 PEAK WIND IN M.P.H.
PRELIMINARY LOCAL CLIMATOLOGICAL DATA (WS FORM: F-6) , PAGE 2
STATION: BIG PINEY WY
MONTH: MARCH
YEAR: 2024
LATITUDE: 42 34 N
LONGITUDE: 110 6 W
[TEMPERATURE DATA] [PRECIPITATION DATA] SYMBOLS USED IN COLUMN 16
AVERAGE MONTHLY: 28.5 TOTAL FOR MONTH: 0.22 1 = FOG OR MIST
DPTR FM NORMAL: 2.5 DPTR FM NORMAL: -0.13 2 = FOG REDUCING VISIBILITY
HIGHEST: 58 ON 19,18 GRTST 24HR 0.12 ON 22-23 TO 1/4 MILE OR LESS
LOWEST: -11 ON 5 3 = THUNDER
SNOW, ICE PELLETS, HAIL 4 = ICE PELLETS
TOTAL MONTH: M 5 = HAIL
GRTST 24HR M ON M 6 = FREEZING RAIN OR DRIZZLE
GRTST DEPTH: M ON M 7 = DUSTSTORM OR SANDSTORM:
VSBY 1/2 MILE OR LESS
8 = SMOKE OR HAZE
[NO. OF DAYS WITH] [WEATHER - DAYS WITH] 9 = BLOWING SNOW
X = TORNADO
MAX 32 OR BELOW: 2 0.01 INCH OR MORE: 8
MAX 90 OR ABOVE: 0 0.10 INCH OR MORE: 0
MIN 32 OR BELOW: 27 0.50 INCH OR MORE: 0
MIN 0 OR BELOW: 2 1.00 INCH OR MORE: 0
[HDD (BASE 65) ]
TOTAL THIS MO. 979 CLEAR (SCALE 0-3) 11
DPTR FM NORMAL -72 PTCLDY (SCALE 4-7) 13
TOTAL FM JUL 1 7506 CLOUDY (SCALE 8-10) 3
DPTR FM NORMAL -974
[CDD (BASE 65) ]
TOTAL THIS MO. 0
DPTR FM NORMAL 0 [PRESSURE DATA]
TOTAL FM JAN 1 0 HIGHEST SLP M ON M
DPTR FM NORMAL 0 LOWEST SLP 29.29 ON 24
[REMARKS]