000
CXUS54 KLZK 011230
CF6BPK
PRELIMINARY LOCAL CLIMATOLOGICAL DATA (WS FORM: F-6)
STATION: MOUNTAIN HOME AIRPORT
MONTH: MAY
YEAR: 2023
LATITUDE: 36 22 N
LONGITUDE: 92 28 W
TEMPERATURE IN F: :PCPN: SNOW: WIND :SUNSHINE: SKY :PK WND
================================================================================
1 2 3 4 5 6A 6B 7 8 9 10 11 12 13 14 15 16 17 18
12Z AVG MX 2MIN
DY MAX MIN AVG DEP HDD CDD WTR SNW DPTH SPD SPD DIR MIN PSBL S-S WX SPD DR
================================================================================
1 66 44 55 -8 10 0 0.00 M M 4.8 15 310 M M 0 27 320
2 69 39 54 -9 11 0 0.00 M M 3.8 15 360 M M 0 24 20
3 73 40 57 -7 8 0 0.00 M M 1.9 10 260 M M 0 15 260
4 69 43 56 -8 9 0 0.25 M M 2.6 8 120 M M 4 1 13 250
5 63 54 59 -5 6 0 0.19 M M 8.0 14 140 M M 10 1 18 150
6 84 62 73 9 0 8 0.00 M M 8.5 16 210 M M 6 1 23 230
7 84 68 76 11 0 11 0.00 M M 6.5 16 220 M M 2 1 23 220
8 89 65 77 12 0 12 0.00 M M 6.8 16 200 M M 3 13 21 210
9 85 63 74 9 0 9 0.21 M M 5.6 24 140 M M 3 138 33 160
10 82 61 72 7 0 7 0.44 M M 7.1 28 170 M M 4 13 37 170
11 72 65 69 3 0 4 1.35 M M 7.1 13 150 M M 9 1 19 150
12 82 64 73 7 0 8 T M M 5.9 13 220 M M 5 18 160
13 87 68 78 12 0 13 0.15 M M 4.7 17 250 M M 2 1 26 250
14 86 64 75 9 0 10 0.34 M M 2.1 14 140 M M 2 13 18 130
15 86 65 76 9 0 11 0.15 M M 3.7 14 220 M M 3 1 20 220
16 73 64 69 2 0 4 0.00 M M 3.1 8 350 M M 10 14 340
17 79 60 70 3 0 5 T M M 1.8 9 120 M M 6 8 11 80
18 81 57 69 2 0 4 0.00 M M 1.8 8 150 M M 1 1 11 150
19 76 59 68 0 0 3 0.64 M M 1.9 9 60 M M 5 1 16 80
20 74 54 64 -4 1 0 0.01 M M 2.7 10 90 M M 2 1 16 70
21 74 50 62 -6 3 0 0.00 M M 1.9 9 170 M M 0 13 90
22 78 53 66 -3 0 1 0.00 M M 2.7 10 120 M M 0 18 100
23 81 53 67 -2 0 2 0.00 M M 2.3 8 130 M M 2 11 90
24 82 60 71 2 0 6 0.00 M M 3.5 12 140 M M 1 17 120
25 84 58 71 2 0 6 0.00 M M 4.1 14 140 M M 1 18 130
26 79 57 68 -2 0 3 0.00 M M 4.9 12 120 M M 1 16 100
27 80 50 65 -5 0 0 0.00 M M 2.8 9 120 M M 0 14 130
28 81 50 66 -4 0 1 0.00 M M 0.9 9 290 M M 0 12 310
29 84 57 71 0 0 6 0.00 M M 1.9 7 80 M M 0 11 80
30 85 60 73 2 0 8 0.00 M M 1.7 9 190 M M 2 12 190
31 87 62 75 4 0 10 0.00 M M 2.3 10 150 M M 0 14 230
================================================================================
SM 2455 1769 48 152 3.73 M 119.4 M 84
================================================================================
AV 79.2 57.1 3.9 FASTST M M 3 MAX(MPH)
MISC ----> 28 170 37 170
================================================================================
NOTES:
# LAST OF SEVERAL OCCURRENCES
COLUMN 17 PEAK WIND IN M.P.H.
PRELIMINARY LOCAL CLIMATOLOGICAL DATA (WS FORM: F-6) , PAGE 2
STATION: MOUNTAIN HOME AIRPORT
MONTH: MAY
YEAR: 2023
LATITUDE: 36 22 N
LONGITUDE: 92 28 W
[TEMPERATURE DATA] [PRECIPITATION DATA] SYMBOLS USED IN COLUMN 16
AVERAGE MONTHLY: 68.1 TOTAL FOR MONTH: 3.73 1 = FOG OR MIST
DPTR FM NORMAL: 1.1 DPTR FM NORMAL: -0.75 2 = FOG REDUCING VISIBILITY
HIGHEST: 89 ON 8 GRTST 24HR 1.79 ON 10-11 TO 1/4 MILE OR LESS
LOWEST: 39 ON 2 3 = THUNDER
SNOW, ICE PELLETS, HAIL 4 = ICE PELLETS
TOTAL MONTH: M 5 = HAIL
GRTST 24HR M ON M 6 = FREEZING RAIN OR DRIZZLE
GRTST DEPTH: M ON M 7 = DUSTSTORM OR SANDSTORM:
VSBY 1/2 MILE OR LESS
8 = SMOKE OR HAZE
[NO. OF DAYS WITH] [WEATHER - DAYS WITH] 9 = BLOWING SNOW
X = TORNADO
MAX 32 OR BELOW: 0 0.01 INCH OR MORE: 10
MAX 90 OR ABOVE: 0 0.10 INCH OR MORE: 9
MIN 32 OR BELOW: 0 0.50 INCH OR MORE: 2
MIN 0 OR BELOW: 0 1.00 INCH OR MORE: 1
[HDD (BASE 65) ]
TOTAL THIS MO. 48 CLEAR (SCALE 0-3) 20
DPTR FM NORMAL -16 PTCLDY (SCALE 4-7) 8
TOTAL FM JUL 1 3463 CLOUDY (SCALE 8-10) 3
DPTR FM NORMAL -347
[CDD (BASE 65) ]
TOTAL THIS MO. 152
DPTR FM NORMAL 26 [PRESSURE DATA]
TOTAL FM JAN 1 184 HIGHEST SLP 30.19 ON 21
DPTR FM NORMAL 9 LOWEST SLP 29.79 ON 1
[REMARKS]
#FINAL-05-23#