000
CXUS55 KDVN 011100
CF6BRL
PRELIMINARY LOCAL CLIMATOLOGICAL DATA (WS FORM: F-6)
STATION: BURLINGTON IA
MONTH: NOVEMBER
YEAR: 2020
LATITUDE: 40 46 N
LONGITUDE: 91 7 W
TEMPERATURE IN F: :PCPN: SNOW: WIND :SUNSHINE: SKY :PK WND
================================================================================
1 2 3 4 5 6A 6B 7 8 9 10 11 12 13 14 15 16 17 18
12Z AVG MX 2MIN
DY MAX MIN AVG DEP HDD CDD WTR SNW DPTH SPD SPD DIR MIN PSBL S-S WX SPD DR
================================================================================
1 49 23 36 -14 29 0 0.00 M M 12.2 25 310 M M 0 43 320
2 58 21 40 -9 25 0 0.00 M M 8.0 21 220 M M 0 26 220
3 70 35 53 4 12 0 0.00 M M 9.4 21 200 M M 0 32 190
4 73 50 62 14 3 0 0.00 M M 11.4 21 210 M M 0 30 200
5 73 50 62 14 3 0 0.00 M M 7.1 14 210 M M 0 18 270
6 74 46 60 13 5 0 0.00 M M 8.2 21 210 M M 0 26 200
7 71 48 60 13 5 0 0.00 M M 11.5 20 190 M M 0 26 180
8 76 55 66 20 0 1 0.00 M M 11.7 23 180 M M 1 29 190
9 74 61 68 22 0 3 0.00 M M 11.9 24 200 M M 5 33 190
10 73 34 54 9 11 0 0.32 M M 16.6 36 210 M M 8 13 53 200
11 48 30 39 -6 26 0 0.00 M M 6.4 13 260 M M 2 17 280
12 55 32 44 0 21 0 0.00 M M 7.8 22 320 M M 3 36 310
13 40 23 32 -12 33 0 0.00 M M 7.2 21 330 M M 0 31 340
14 53 31 42 -1 23 0 0.29 M M 13.8 22 190 M M 7 13 43 230
15 52 34 43 0 22 0 0.01 M M 14.9 29 280 M M 4 48 290
16 58 29 44 2 21 0 0.00 M M 10.5 22 320 M M 0 35 320
17 41 28 35 -7 30 0 0.00 M M 5.5 15 320 M M 2 24 320
18 55 35 45 4 20 0 0.00 M M 16.7 29 190 M M 0 38 190
19 71 48 60 19 5 0 0.00 M M 15.4 29 210 M M 0 43 240
20 56 40 48 8 17 0 0.00 M M 8.1 18 20 M M 2 25 20
21 46 37 42 2 23 0 T M M 8.0 14 10 M M 4 1 18 20
22 48 36 42 3 23 0 0.02 M M 6.2 14 240 M M 7 18 20 220
23 40 25 33 -5 32 0 0.32 M M 4.6 13 200 M M 4 1 17 200
24 46 33 40 2 25 0 0.92 M M 8.7 18 120 M M 10 1 28 130
25 47 41 44 7 21 0 0.11 M M 7.8 17 60 M M 10 1 24 80
26 48 35 42 5 23 0 0.00 M M 8.1 17 200 M M 5 22 200
27 45 28 37 1 28 0 0.00 M M 6.4 14 330 M M 4 1 19 330
28 54 28 41 5 24 0 0.00 M M 8.4 17 220 M M 0 23 210
29 46 28 37 2 28 0 0.00 M M 12.7 26 330 M M 4 40 330
30 32 22 27 -8 38 0 0.00 M M 11.1 23 340 M M 4 34 330
================================================================================
SM 1672 1066 576 4 1.99 M 296.3 M 86
================================================================================
AV 55.7 35.5 9.9 FASTST M M 3 MAX(MPH)
MISC ----> 36 210 53 200
================================================================================
NOTES:
# LAST OF SEVERAL OCCURRENCES
COLUMN 17 PEAK WIND IN M.P.H.
PRELIMINARY LOCAL CLIMATOLOGICAL DATA (WS FORM: F-6) , PAGE 2
STATION: BURLINGTON IA
MONTH: NOVEMBER
YEAR: 2020
LATITUDE: 40 46 N
LONGITUDE: 91 7 W
[TEMPERATURE DATA] [PRECIPITATION DATA] SYMBOLS USED IN COLUMN 16
AVERAGE MONTHLY: 45.6 TOTAL FOR MONTH: 1.99 1 = FOG OR MIST
DPTR FM NORMAL: 3.2 DPTR FM NORMAL: -0.51 2 = FOG REDUCING VISIBILITY
HIGHEST: 76 ON 8 GRTST 24HR 1.22 ON 23-24 TO 1/4 MILE OR LESS
LOWEST: 21 ON 2 3 = THUNDER
SNOW, ICE PELLETS, HAIL 4 = ICE PELLETS
TOTAL MONTH: M 5 = HAIL
GRTST 24HR M ON M 6 = FREEZING RAIN OR DRIZZLE
GRTST DEPTH: M ON M 7 = DUSTSTORM OR SANDSTORM:
VSBY 1/2 MILE OR LESS
8 = SMOKE OR HAZE
[NO. OF DAYS WITH] [WEATHER - DAYS WITH] 9 = BLOWING SNOW
X = TORNADO
MAX 32 OR BELOW: 1 0.01 INCH OR MORE: 7
MAX 90 OR ABOVE: 0 0.10 INCH OR MORE: 5
MIN 32 OR BELOW: 13 0.50 INCH OR MORE: 1
MIN 0 OR BELOW: 0 1.00 INCH OR MORE: 0
[HDD (BASE 65) ]
TOTAL THIS MO. 576 CLEAR (SCALE 0-3) 17
DPTR FM NORMAL -103 PTCLDY (SCALE 4-7) 10
TOTAL FM JUL 1 1087 CLOUDY (SCALE 8-10) 3
DPTR FM NORMAL 13
[CDD (BASE 65) ]
TOTAL THIS MO. 4
DPTR FM NORMAL 3 [PRESSURE DATA]
TOTAL FM JAN 1 1160 HIGHEST SLP 30.61 ON 17
DPTR FM NORMAL -47 LOWEST SLP 29.39 ON 15
[REMARKS]
#FINAL-11-20#