000
CXUS53 KDVN 010836
CLMBRL
CLIMATE REPORT
NATIONAL WEATHER SERVICE QUAD CITIES IA IL
336 AM CDT TUE AUG 01 2023
...................................
...THE BURLINGTON IA CLIMATE SUMMARY FOR THE MONTH OF JULY 2023...
CLIMATE NORMAL PERIOD 1991 TO 2020
CLIMATE RECORD PERIOD 1897 TO 2023
WEATHER OBSERVED NORMAL DEPART LAST YEAR`S
VALUE DATE(S) VALUE FROM VALUE
NORMAL
..............................................................
TEMPERATURE (F)
RECORD
HIGH 111 07/15/1936
07/14/1936
LOW 46 07/30/1971
HIGHEST 96 07/28 87 9
LOWEST 56 07/07 66 -10
07/10
AVG. MAXIMUM 84.2 85.2 -1.0
AVG. MINIMUM 64.4 66.0 -1.6
MEAN 74.3 75.6 -1.3
DAYS MAX >= 90 4
DAYS MAX <= 32 0
DAYS MIN <= 32 0
DAYS MIN <= 0 0
PRECIPITATION (INCHES)
TOTALS 6.54 4.02 2.52
DAILY AVG. 0.21 0.13 0.08
DAYS >= .01 13
DAYS >= .10 9
DAYS >= .50 4
DAYS >= 1.00 2
GREATEST
24 HR. TOTAL 2.62 07/01 TO 07/02
DEGREE DAYS
HEATING TOTAL 0 2 -2
SINCE 7/1 0 0 0
COOLING TOTAL 298 330 -32
SINCE 1/1 605 661 -56
..............................................................
WIND (MPH)
AVERAGE WIND SPEED 4.9
HIGHEST WIND SPEED/DIRECTION 28/360 DATE 07/28
HIGHEST GUST SPEED/DIRECTION 39/010 DATE 07/28
SKY COVER
POSSIBLE SUNSHINE (PERCENT) MM
AVERAGE SKY COVER 0.19
NUMBER OF DAYS FAIR 23
NUMBER OF DAYS PC 8
NUMBER OF DAYS CLOUDY 0
AVERAGE RH (PERCENT) 76
WEATHER CONDITIONS. NUMBER OF DAYS WITH
THUNDERSTORM 13 HAIL 0
SLEET 0 FOG 20
FOG W/VIS <= 1/4 MILE 1 HAZE 12
- INDICATES NEGATIVE NUMBERS.
R INDICATES RECORD WAS SET OR TIED.
MM INDICATES DATA IS MISSING.
T INDICATES TRACE AMOUNT.
$$