000
CXUS54 KBRO 010800
CF6BRO
PRELIMINARY LOCAL CLIMATOLOGICAL DATA (WS FORM: F-6)
STATION: BROWNSVILLE
MONTH: AUGUST
YEAR: 2023
LATITUDE: 25 53 N
LONGITUDE: 97 26 W
TEMPERATURE IN F: :PCPN: SNOW: WIND :SUNSHINE: SKY :PK WND
================================================================================
1 2 3 4 5 6A 6B 7 8 9 10 11 12 13 14 15 16 17 18
12Z AVG MX 2MIN
DY MAX MIN AVG DEP HDD CDD WTR SNW DPTH SPD SPD DIR MIN PSBL S-S WX SPD DR
================================================================================
1 100 80 90 3 0 25 0.00 0.0 0 8.1 20 100 M M 1 27 80
2 100 79 90 3 0 25 0.00 0.0 0 7.8 18 130 M M 0 26 120
3 100 81 91 4 0 26 0.00 0.0 0 12.3 22 150 M M 1 30 130
4 101 81 91 4 0 26 0.00 0.0 0 13.9 24 150 M M 0 33 160
5 100 80 90 3 0 25 0.00 0.0 0 13.2 23 150 M M 1 37 130
6 100 83 92 4 0 27 0.00 0.0 0 14.2 24 140 M M 1 39 150
7 100 81 91 3 0 26 0.00 0.0 0 14.1 25 140 M M 2 35 170
8 100 80 90 2 0 25 0.00 0.0 0 14.1 26 150 M M 1 8 35 140
9 100 83 92 4 0 27 0.00 0.0 0 17.2 29 160 M M 2 1 40 160
10 100 82 91 3 0 26 0.00 0.0 0 15.7 28 160 M M 3 39 140
11 99 82 91 3 0 26 0.00 0.0 0 14.9 25 150 M M 1 39 140
12 100 83 92 4 0 27 0.00 0.0 0 14.0 24 140 M M 1 1 35 150
13 101 84 93 5 0 28 0.00 0.0 0 13.4 23 150 M M 1 31 130
14 100 81 91 4 0 26 0.00 0.0 0 8.6 20 130 M M 1 27 100
15 103 79 91 4 0 26 T 0.0 0 6.3 22 150 M M 1 38 28 130
16 102 78 90 3 0 25 0.00 0.0 0 7.2 20 130 M M 0 27 130
17 102 78 90 3 0 25 0.00 0.0 0 11.6 22 180 M M 0 32 180
18 100 82 91 4 0 26 0.00 0.0 0 11.9 22 150 M M 1 31 170
19 100 81 91 4 0 26 0.00 0.0 0 10.1 22 140 M M 1 31 140
20 100 81 91 4 0 26 0.00 0.0 0 6.4 20 70 M M 1 25 60
21 95 78 87 0 0 22 0.00 0.0 0 8.4 23 40 M M 1 32 40
22 90 78 84 -3 0 19 0.40 0.0 0 7.3 18 50 M M 6 1 26 50
23 97 79 88 1 0 23 0.37 0.0 0 6.0 18 100 M M 3 13 24 90
24 98 78 88 1 0 23 0.00 0.0 0 6.1 17 60 M M 0 1 24 60
25 97 80 89 2 0 24 0.00 0.0 0 6.5 18 60 M M 2 27 40
26 97 80 89 3 0 24 0.00 0.0 0 5.6 16 50 M M 1 22 70
27 102 78 90 4 0 25 0.00 0.0 0 4.7 17 70 M M 1 1 24 80
28 106 77 92 6 0 27 0.00 0.0 0 7.2 16 110 M M 0 1 25 120
29 99 80 90 4 0 25 0.22 0.0 0 4.8 20 310 M M 2 13 28 300
30 103 76 90 4 0 25 0.00 0.0 0 6.1 21 50 M M 1 1 29 40
31 103 74 89 3 0 24 0.00 0.0 0 7.0 17 80 M M 0 24 70
================================================================================
SM 3095 2477 0 780 0.99 0.0 304.7 M 37
================================================================================
AV 99.8 79.9 9.8 FASTST M M 1 MAX(MPH)
MISC ----> 29 160 40 160
================================================================================
NOTES:
# LAST OF SEVERAL OCCURRENCES
COLUMN 17 PEAK WIND IN M.P.H.
PRELIMINARY LOCAL CLIMATOLOGICAL DATA (WS FORM: F-6) , PAGE 2
STATION: BROWNSVILLE
MONTH: AUGUST
YEAR: 2023
LATITUDE: 25 53 N
LONGITUDE: 97 26 W
[TEMPERATURE DATA] [PRECIPITATION DATA] SYMBOLS USED IN COLUMN 16
AVERAGE MONTHLY: 89.9 TOTAL FOR MONTH: 0.99 1 = FOG OR MIST
DPTR FM NORMAL: 2.9 DPTR FM NORMAL: -1.17 2 = FOG REDUCING VISIBILITY
HIGHEST: 106 ON 28 GRTST 24HR 0.41 ON 22-23 TO 1/4 MILE OR LESS
LOWEST: 74 ON 31 3 = THUNDER
SNOW, ICE PELLETS, HAIL 4 = ICE PELLETS
TOTAL MONTH: 0.0 INCH 5 = HAIL
GRTST 24HR 0.0 6 = FREEZING RAIN OR DRIZZLE
GRTST DEPTH: 0 7 = DUSTSTORM OR SANDSTORM:
VSBY 1/2 MILE OR LESS
8 = SMOKE OR HAZE
[NO. OF DAYS WITH] [WEATHER - DAYS WITH] 9 = BLOWING SNOW
X = TORNADO
MAX 32 OR BELOW: 0 0.01 INCH OR MORE: 3
MAX 90 OR ABOVE: 31 0.10 INCH OR MORE: 3
MIN 32 OR BELOW: 0 0.50 INCH OR MORE: 0
MIN 0 OR BELOW: 0 1.00 INCH OR MORE: 0
[HDD (BASE 65) ]
TOTAL THIS MO. 0 CLEAR (SCALE 0-3) 29
DPTR FM NORMAL 0 PTCLDY (SCALE 4-7) 2
TOTAL FM JUL 1 0 CLOUDY (SCALE 8-10) 0
DPTR FM NORMAL 0
[CDD (BASE 65) ]
TOTAL THIS MO. 780
DPTR FM NORMAL 97 [PRESSURE DATA]
TOTAL FM JAN 1 3617 HIGHEST SLP M ON M
DPTR FM NORMAL 349 LOWEST SLP 29.75 ON 28
[REMARKS]
#FINAL-08-23#