000
CXAK59 PAFG 050756
CLMBRW
CLIMATE REPORT
NATIONAL WEATHER SERVICE FAIRBANKS AK
1056 PM AKST SUN FEB 04 2024
...................................
...THE UTQIAGVIK (BARROW) AK CLIMATE SUMMARY FOR THE MONTH OF JANUARY 2024...
CLIMATE NORMAL PERIOD 1991 TO 2020
CLIMATE RECORD PERIOD 1920 TO 2024
WEATHER OBSERVED NORMAL DEPART LAST YEAR`S
VALUE DATE(S) VALUE FROM VALUE DATE(S)
NORMAL
................................................................
TEMPERATURE (F)
RECORD
HIGH 63 01/10/2024
LOW -53 01/03/1975
01/15/1951
HIGHEST 28 01/16 MM MM 9 01/04
LOWEST -35 01/28 MM MM -25 01/27
AVG. MAXIMUM 2.3 -5.2 7.5 -2.3
AVG. MINIMUM -9.8 -17.8 8.0 -10.1
MEAN -3.8 -11.5 7.7 -6.2
DAYS MAX >= 90 0 0.0 0.0 0
DAYS MAX <= 32 31 30.9 0.1 31
DAYS MIN <= 32 31 31.0 0.0 31
DAYS MIN <= 0 24 29.2 -5.2 29
PRECIPITATION (INCHES)
RECORD
MAXIMUM 1.04 1962
MINIMUM T
TOTALS 0.33 0.14 0.19 0.16
DAILY AVG. 0.01 0.00 0.01 0.01
DAYS >= .01 7 4.8 2.2 8
DAYS >= .10 1 0.2 0.8 0
DAYS >= .50 0 0.0 0.0 0
DAYS >= 1.00 0 0.0 0.0 0
GREATEST
24 HR. TOTAL 0.18 01/30 TO 01/30 0.08
DEGREE DAYS
HEATING TOTAL 2124 2372 -248 2200
SINCE 7/1 8800 10162 -1362 MM
COOLING TOTAL 0 0 0 0
SINCE 1/1 0 0 0 MM
................................................................
WIND (MPH)
AVERAGE WIND SPEED 21.2
HIGHEST WIND SPEED/DIRECTION MM DATE MM
HIGHEST GUST SPEED/DIRECTION 61/260 DATE 01/16
SKY COVER
AVERAGE SKY COVER 0.53
NUMBER OF DAYS FAIR 7
WEATHER CONDITIONS. NUMBER OF DAYS WITH
THUNDERSTORM 0 MIXED PRECIP 0
HEAVY RAIN 0 RAIN 0
LIGHT RAIN 0 FREEZING RAIN 0
LT FREEZING RAIN 0 HAIL 0
HEAVY SNOW 1 SNOW 2
LIGHT SNOW 13 SLEET 0
FOG 20 FOG W/VIS <= 1/4 MILE 3
HAZE 8
- INDICATES NEGATIVE NUMBERS.
R INDICATES RECORD WAS SET OR TIED.
MM INDICATES DATA IS MISSING.
T INDICATES TRACE AMOUNT.
$$