000
CXUS53 KGRR 041606
CLABTL

CLIMATE REPORT
NATIONAL WEATHER SERVICE GRAND RAPIDS, MI
1048 AM EST MON FEB 4 2019

...................................

...THE BATTLE CREEK MI CLIMATE SUMMARY FOR THE YEAR OF 2018...

CLIMATE NORMAL PERIOD 1981 TO 2010
CLIMATE RECORD PERIOD 1998 TO 2019

WEATHER         OBSERVED          NORMAL  DEPART  LAST YEAR`S
                 VALUE   DATE(S)  VALUE   FROM    VALUE  DATE(S)
                                          NORMAL
................................................................
TEMPERATURE (F)
HIGHEST            94   05/28        MM      MM       94  09/23
                                                          09/22
LOWEST             -9   01/05        MM      MM      -11  12/31
AVG. MAXIMUM     58.3              58.8    -0.5     60.1
AVG. MINIMUM     41.3              37.7     3.6     41.3
MEAN             49.8              48.2     1.6     50.7
DAYS MAX >= 90     18               6.7    11.3       10
DAYS MAX <= 32     43              42.5     0.5       42
DAYS MIN <= 32    146             144.5     1.5      117
DAYS MIN <= 0       6               7.0    -1.0        8

PRECIPITATION (INCHES)
TOTALS          34.68             33.15    1.53    36.85
DAILY AVG.       0.10              0.09    0.01     0.11
DAYS >= .01       139             132.0     7.0      127
DAYS >= .10        72              70.8     1.2       70
DAYS >= .50        21              21.1    -0.1       25
DAYS >= 1.00        6               6.7    -0.7        6
GREATEST
 24 HR. TOTAL    3.15   MM

DEGREE_DAYS
HEATING TOTAL    6366              6689    -323     5843
 SINCE 7/1       2363              2600    -237     2418
COOLING TOTAL    1007               578     429      735
 SINCE 1/1       1007               578     429      735

FREEZE DATES
EARLIEST                        MM
LATEST                          MM
.................................................................

WIND (MPH)
AVERAGE WIND SPEED              8.4
RESULTANT WIND SPEED/DIRECTION   2/235
HIGHEST WIND SPEED/DIRECTION    39/260    DATE  05/04
HIGHEST GUST SPEED/DIRECTION    53/260    DATE  05/04

SKY COVER
POSSIBLE SUNSHINE (PERCENT)   MM
AVERAGE SKY COVER           0.50
NUMBER OF DAYS FAIR          143
NUMBER OF DAYS PC             94
NUMBER OF DAYS CLOUDY        123

AVERAGE RH (PERCENT)     73

WEATHER CONDITIONS. NUMBER OF DAYS WITH


-  INDICATES NEGATIVE NUMBERS.
R  INDICATES RECORD WAS SET OR TIED.
MM INDICATES DATA IS MISSING.
T  INDICATES TRACE AMOUNT.

$$
