000
CXUS55 KMSO 011000
CF6BTM
PRELIMINARY LOCAL CLIMATOLOGICAL DATA (WS FORM: F-6)
STATION: BUTTE MT
MONTH: FEBRUARY
YEAR: 2023
LATITUDE: 45 57 N
LONGITUDE: 112 30 W
TEMPERATURE IN F: :PCPN: SNOW: WIND :SUNSHINE: SKY :PK WND
================================================================================
1 2 3 4 5 6A 6B 7 8 9 10 11 12 13 14 15 16 17 18
12Z AVG MX 2MIN
DY MAX MIN AVG DEP HDD CDD WTR SNW DPTH SPD SPD DIR MIN PSBL S-S WX SPD DR
================================================================================
1 34 6 20 0 45 0 T M M 2.1 9 200 M M 9 1 11 250
2 29 -1 14 -6 51 0 0.00 M M 2.0 8 90 M M 0 10 140
3 43 0 22 1 43 0 0.00 M M 4.9 18 250 M M 2 29 260
4 40 16 28 7 37 0 0.00 M M 7.0 15 230 M M 6 25 230
5 39 11 25 4 40 0 0.00 M M 3.9 14 240 M M 8 23 250
6 38 24 31 10 34 0 T M M 9.0 26 310 M M 8 1 36 320
7 40 23 32 11 33 0 0.00 M M 5.2 18 260 M M 3 8 28 240
8 35 8 22 1 43 0 0.02 M M 8.8 24 300 M M 7 128 32 300
9 26 -8 9 -12 56 0 0.00 M M 2.3 8 150 M M 0 8 150
10 33 0 17 -4 48 0 0.00 M M 3.2 9 160 M M 0 11 150
11 35 -1 17 -4 48 0 0.00 M M 2.6 8 150 M M 0 8 140
12 32 -2 15 -6 50 0 0.00 M M 2.0 9 110 M M 0 9 120
13 43 10 27 6 38 0 0.06 M M 6.3 22 270 M M 5 1 31 280
14 25 -9 8 -14 57 0 0.01 M M 9.0 22 330 M M 5 18 30 340
15 23 -20 2 -20 63 0 T M M 2.9 9 150 M M 1 18 11 150
16 27 -13 7 -15 58 0 0.00 M M 1.7 8 140 M M 0 18 9 140
17 36 -7 15 -7 50 0 0.00 M M 3.9 10 340 M M 3 8 13 340
18 31 20 26 4 39 0 T M M 6.5 15 220 M M 10 1 22 230
19 35 16 26 3 39 0 0.00 M M 7.4 20 280 M M 10 32 260
20 42 32 37 14 28 0 T M M 10.4 21 260 M M 9 33 220
21 41 0 21 -2 44 0 0.04 M M 10.5 31 310 M M 8 18 49 310
22 1 -15 -7 -31 72 0 T M M 7.9 16 20 M M 10 8 23 30
23 -4 -15 -9 -33 74 0 T M M 14.4 30 160 M M 4 8 38 140
24 19 -21 -1 -25 66 0 0.00 M M 2.8 10 170 M M 0 8 14 160
25 40 -9 16 -8 49 0 0.00 M M 4.5 15 200 M M 0 20 230
26 42 4 23 -2 42 0 T M M 6.7 20 260 M M 5 1 36 260
27 30 3 17 -8 48 0 0.01 M M 5.3 17 320 M M 1 18 23 320
28 31 8 20 -6 45 0 T M M 3.7 21 270 M M 6 29 280
================================================================================
SM 886 60 1340 0 0.14 M 156.9 M 120
================================================================================
AV 31.6 2.1 5.6 FASTST M M 4 MAX(MPH)
MISC ----> 31 310 49 310
================================================================================
NOTES:
# LAST OF SEVERAL OCCURRENCES
COLUMN 17 PEAK WIND IN M.P.H.
PRELIMINARY LOCAL CLIMATOLOGICAL DATA (WS FORM: F-6) , PAGE 2
STATION: BUTTE MT
MONTH: FEBRUARY
YEAR: 2023
LATITUDE: 45 57 N
LONGITUDE: 112 30 W
[TEMPERATURE DATA] [PRECIPITATION DATA] SYMBOLS USED IN COLUMN 16
AVERAGE MONTHLY: 16.9 TOTAL FOR MONTH: 0.14 1 = FOG OR MIST
DPTR FM NORMAL: -5.3 DPTR FM NORMAL: -0.29 2 = FOG REDUCING VISIBILITY
HIGHEST: 43 ON 13, 3 GRTST 24HR 0.07 ON 13-14 TO 1/4 MILE OR LESS
LOWEST: -21 ON 24 3 = THUNDER
SNOW, ICE PELLETS, HAIL 4 = ICE PELLETS
TOTAL MONTH: M 5 = HAIL
GRTST 24HR M ON M 6 = FREEZING RAIN OR DRIZZLE
GRTST DEPTH: M ON M 7 = DUSTSTORM OR SANDSTORM:
VSBY 1/2 MILE OR LESS
8 = SMOKE OR HAZE
[NO. OF DAYS WITH] [WEATHER - DAYS WITH] 9 = BLOWING SNOW
X = TORNADO
MAX 32 OR BELOW: 12 0.01 INCH OR MORE: 5
MAX 90 OR ABOVE: 0 0.10 INCH OR MORE: 0
MIN 32 OR BELOW: 28 0.50 INCH OR MORE: 0
MIN 0 OR BELOW: 15 1.00 INCH OR MORE: 0
[HDD (BASE 65) ]
TOTAL THIS MO. 1340 CLEAR (SCALE 0-3) 13
DPTR FM NORMAL 142 PTCLDY (SCALE 4-7) 10
TOTAL FM JUL 1 6717 CLOUDY (SCALE 8-10) 5
DPTR FM NORMAL 244
[CDD (BASE 65) ]
TOTAL THIS MO. 0
DPTR FM NORMAL 0 [PRESSURE DATA]
TOTAL FM JAN 1 0 HIGHEST SLP 30.74 ON 9
DPTR FM NORMAL 0 LOWEST SLP 29.29 ON 21
[REMARKS]
#FINAL-02-23#