000
CXUS54 KLIX 010810
CF6BTR
PRELIMINARY LOCAL CLIMATOLOGICAL DATA (WS FORM: F-6)
STATION: BATON ROUGE
MONTH: JUNE
YEAR: 2020
LATITUDE: 30 31 N
LONGITUDE: 91 9 W
TEMPERATURE IN F: :PCPN: SNOW: WIND :SUNSHINE: SKY :PK WND
================================================================================
1 2 3 4 5 6A 6B 7 8 9 10 11 12 13 14 15 16 17 18
12Z AVG MX 2MIN
DY MAX MIN AVG DEP HDD CDD WTR SNW DPTH SPD SPD DIR MIN PSBL S-S WX SPD DR
================================================================================
1 88 69 79 0 0 14 T 0.0 M 4.5 10 40 M M 0 12 30
2 92 72 82 3 0 17 0.00 0.0 M 4.3 10 140 M M 0 14 70
3 92 73 83 3 0 18 T 0.0 M 5.8 20 140 M M 1 13 34 210
4 90 70 80 0 0 15 0.00 0.0 M 4.5 17 170 M M 2 1 20 170
5 93 70 82 2 0 17 0.20 0.0 M 5.4 23 30 M M 2 1 31 40
6 92 69 81 1 0 16 0.14 0.0 M 9.3 20 30 M M 2 1 26 20
7 79 75 77 -3 0 12 2.47 0.0 M 13.1 21 40 M M 10 1 28 20
8 89 75 82 2 0 17 0.27 0.0 M 16.4 28 210 M M 8 13 35 220
9 93 78 86 6 0 21 T 0.0 M 12.4 22 180 M M 5 1 30 180
10 91 69 80 -1 0 15 0.08 0.0 M 6.5 20 290 M M 3 13 29 320
11 87 65 76 -5 0 11 0.00 0.0 M 7.6 16 360 M M 0 22 20
12 88 65 77 -4 0 12 0.00 0.0 M 8.9 21 30 M M 0 8 26 30
13 91 66 79 -2 0 14 0.00 0.0 M 7.2 17 40 M M 1 22 40
14 92 70 81 0 0 16 0.00 0.0 M 5.6 22 80 M M 5 38 29 80
15 94 72 83 2 0 18 0.00 0.0 M 2.2 12 60 M M 3 18 16 60
16 92 68 80 -1 0 15 0.00 0.0 M 5.1 13 20 M M 1 18 18 30
17 91 64 78 -4 0 13 0.00 0.0 M 2.7 12 360 M M 0 15 260
18 92 65 79 -3 0 14 0.00 0.0 M 1.9 10 50 M M 0 1 14 70
19 94 67 81 -1 0 16 0.00 0.0 M 2.2 12 250 M M 3 1 16 100
20 93 69 81 -1 0 16 0.00 0.0 M 5.3 18 210 M M 2 22 220
21 93 72 83 1 0 18 T 0.0 M 6.3 21 160 M M 2 3 25 160
22 82 70 76 -6 0 11 0.68 0.0 M 6.3 26 170 M M 4 138 36 170
23 92 72 82 0 0 17 1.26 0.0 M 7.2 28 230 M M 3 1238 35 230
24 83 72 78 -4 0 13 3.34 0.0 M 4.4 23 180 M M 6 123 29 180
25 91 72 82 0 0 17 0.30 0.0 M 7.3 46 200 M M 3 138 62 200
26 89 73 81 -1 0 16 0.00 0.0 M 5.6 13 200 M M 7 18 18 190
27 91 78 85 3 0 20 0.00 0.0 M 6.7 15 170 M M 3 1 23 190
28 92 75 84 2 0 19 0.00 0.0 M 8.2 16 200 M M 2 1 20 200
29 92 79 86 4 0 21 0.00 0.0 M 8.5 16 220 M M 2 23 220
30 93 79 86 3 0 21 0.00 0.0 M 9.1 17 200 M M 4 22 210
================================================================================
SM 2711 2133 0 480 8.74 0.0 200.5 M 84
================================================================================
AV 90.4 71.1 6.7 FASTST M M 3 MAX(MPH)
MISC ----> 46 200 62 200
================================================================================
NOTES:
# LAST OF SEVERAL OCCURRENCES
COLUMN 17 PEAK WIND IN M.P.H.
PRELIMINARY LOCAL CLIMATOLOGICAL DATA (WS FORM: F-6) , PAGE 2
STATION: BATON ROUGE
MONTH: JUNE
YEAR: 2020
LATITUDE: 30 31 N
LONGITUDE: 91 9 W
[TEMPERATURE DATA] [PRECIPITATION DATA] SYMBOLS USED IN COLUMN 16
AVERAGE MONTHLY: 80.7 TOTAL FOR MONTH: 8.74 1 = FOG OR MIST
DPTR FM NORMAL: -0.4 DPTR FM NORMAL: 2.33 2 = FOG REDUCING VISIBILITY
HIGHEST: 94 ON 19,15 GRTST 24HR 4.46 ON 23-24 TO 1/4 MILE OR LESS
LOWEST: 64 ON 17 3 = THUNDER
SNOW, ICE PELLETS, HAIL 4 = ICE PELLETS
TOTAL MONTH: 0.0 INCH 5 = HAIL
GRTST 24HR 0.0 6 = FREEZING RAIN OR DRIZZLE
GRTST DEPTH: M ON M 7 = DUSTSTORM OR SANDSTORM:
VSBY 1/2 MILE OR LESS
8 = SMOKE OR HAZE
[NO. OF DAYS WITH] [WEATHER - DAYS WITH] 9 = BLOWING SNOW
X = TORNADO
MAX 32 OR BELOW: 0 0.01 INCH OR MORE: 9
MAX 90 OR ABOVE: 22 0.10 INCH OR MORE: 8
MIN 32 OR BELOW: 0 0.50 INCH OR MORE: 4
MIN 0 OR BELOW: 0 1.00 INCH OR MORE: 3
[HDD (BASE 65) ]
TOTAL THIS MO. 0 CLEAR (SCALE 0-3) 21
DPTR FM NORMAL 0 PTCLDY (SCALE 4-7) 8
TOTAL FM JUL 1 1167 CLOUDY (SCALE 8-10) 1
DPTR FM NORMAL -388
[CDD (BASE 65) ]
TOTAL THIS MO. 480
DPTR FM NORMAL -4 [PRESSURE DATA]
TOTAL FM JAN 1 1213 HIGHEST SLP M ON M
DPTR FM NORMAL 164 LOWEST SLP 29.37 ON 8
[REMARKS]
#FINAL-06-20#