863
CXUS54 KTSA 012014
CF6BVO
PRELIMINARY LOCAL CLIMATOLOGICAL DATA (WS FORM: F-6)
STATION: BARTLESVILLE OKLAHOMA
MONTH: MAY
YEAR: 2020
LATITUDE: 36 45 N
LONGITUDE: 96 0 W
TEMPERATURE IN F: :PCPN: SNOW: WIND :SUNSHINE: SKY :PK WND
================================================================================
1 2 3 4 5 6A 6B 7 8 9 10 11 12 13 14 15 16 17 18
12Z AVG MX 2MIN
DY MAX MIN AVG DEP HDD CDD WTR SNW DPTH SPD SPD DIR MIN PSBL S-S WX SPD DR
================================================================================
1 86 51 69 5 0 4 0.00 0.0 0 10.0 25 170 M M 0 36 190
2 85 55 70 6 0 5 0.00 0.0 0 5.0 17 160 M M 2 23 170
3 73 61 67 3 0 2 0.01 0.0 0 4.8 16 360 M M 9 1 26 10
4 84 60 72 7 0 7 T 0.0 0 6.8 21 160 M M 7 29 170
5 78 47 63 -2 2 0 0.00 0.0 0 3.4 17 360 M M 0 26 360
6 74 46 60 -5 5 0 0.00 0.0 0 2.3 13 40 M M 1 18 30
7 67 42 55 -10 10 0 0.33 0.0 0 5.9 26 10 M M 3 13 37 10
8 66 40 53 -13 12 0 0.15 0.0 0 9.7 28 10 M M 4 13 41 360
9 68 34 51 -15 14 0 0.00 0.0 0 1.9 10 200 M M 0 1 22 140
10 64 40 52 -14 13 0 0.00 0.0 0 5.1 17 10 M M 4 1 24 360
11 48 38 43 -23 22 0 0.43 0.0 0 5.9 14 20 M M 9 18 22 70
12 52 44 48 -19 17 0 0.55 0.0 0 7.9 14 80 M M 10 1 19 20
13 73 50 62 -5 3 0 0.23 0.0 0 5.6 16 170 M M 9 1 26 180
14 82 67 75 8 0 10 0.00 0.0 0 11.9 22 160 M M 1 31 150
15 73 59 66 -2 0 1 0.87 0.0 0 6.4 26 20 M M 4 13 39 30
16 73 55 64 -4 1 0 0.00 0.0 0 1.2 8 60 M M 2 12 11 70
17 76 52 64 -4 1 0 0.00 0.0 0 4.0 20 10 M M 2 1 30 360
18 74 50 62 -6 3 0 0.00 0.0 0 2.2 15 10 M M 1 20 360
19 69 47 58 -10 7 0 0.00 0.0 0 5.1 13 30 M M 3 1 18 40
20 75 47 61 -8 4 0 0.00 0.0 0 3.7 14 70 M M 3 1 19 110
21 70 55 63 -6 2 0 0.32 0.0 0 3.5 13 140 M M 8 13 19 150
22 82 60 71 2 0 6 0.37 0.0 0 4.7 20 60 M M 6 13 39 290
23 85 64 75 5 0 10 0.00 0.0 0 6.5 16 170 M M 1 1 24 130
24 82 66 74 4 0 9 T 0.0 0 8.8 16 170 M M 3 27 220
25 78 63 71 1 0 6 0.71 0.0 0 3.6 14 150 M M 8 1 17 200
26 75 59 67 -3 0 2 0.34 0.0 0 3.9 10 210 M M 9 1 19 270
27 72 57 65 -6 0 0 0.21 0.0 0 1.1 7 70 M M 7 13 11 300
28 73 56 65 -6 0 0 0.26 0.0 0 0.9 9 360 M M 8 123 15 10
29 80 55 68 -3 0 3 0.00 0.0 0 3.8 14 10 M M 0 1 20 10
30 82 53 68 -4 0 3 0.00 0.0 0 3.7 14 140 M M 0 20 140
31 85 56 71 -1 0 6 0.00 0.0 0 4.4 14 170 M M 0 25 150
================================================================================
SM 2304 1629 116 74 4.78 0.0 153.7 M 124
================================================================================
AV 74.3 52.6 5.0 FASTST M M 4 MAX(MPH)
MISC ----> # 28 10 # 41 360
================================================================================
NOTES:
# LAST OF SEVERAL OCCURRENCES
COLUMN 17 PEAK WIND IN M.P.H.
PRELIMINARY LOCAL CLIMATOLOGICAL DATA (WS FORM: F-6) , PAGE 2
STATION: BARTLESVILLE OKLAHOMA
MONTH: MAY
YEAR: 2020
LATITUDE: 36 45 N
LONGITUDE: 96 0 W
[TEMPERATURE DATA] [PRECIPITATION DATA] SYMBOLS USED IN COLUMN 16
AVERAGE MONTHLY: 63.4 TOTAL FOR MONTH: 4.78 1 = FOG OR MIST
DPTR FM NORMAL: -4.3 DPTR FM NORMAL: -0.54 2 = FOG REDUCING VISIBILITY
HIGHEST: 86 ON 1 GRTST 24HR 0.87 ON 15-15 TO 1/4 MILE OR LESS
LOWEST: 34 ON 9 3 = THUNDER
SNOW, ICE PELLETS, HAIL 4 = ICE PELLETS
TOTAL MONTH: 0.0 INCH 5 = HAIL
GRTST 24HR 0.0 6 = FREEZING RAIN OR DRIZZLE
GRTST DEPTH: 0 7 = DUSTSTORM OR SANDSTORM:
VSBY 1/2 MILE OR LESS
8 = SMOKE OR HAZE
[NO. OF DAYS WITH] [WEATHER - DAYS WITH] 9 = BLOWING SNOW
X = TORNADO
MAX 32 OR BELOW: 0 0.01 INCH OR MORE: 13
MAX 90 OR ABOVE: 0 0.10 INCH OR MORE: 12
MIN 32 OR BELOW: 0 0.50 INCH OR MORE: 3
MIN 0 OR BELOW: 0 1.00 INCH OR MORE: 0
[HDD (BASE 65) ]
TOTAL THIS MO. 116 CLEAR (SCALE 0-3) 15
DPTR FM NORMAL 63 PTCLDY (SCALE 4-7) 11
TOTAL FM JUL 1 3895 CLOUDY (SCALE 8-10) 5
DPTR FM NORMAL -171
[CDD (BASE 65) ]
TOTAL THIS MO. 74
DPTR FM NORMAL -64 [PRESSURE DATA]
TOTAL FM JAN 1 115 HIGHEST SLP 30.42 ON 11
DPTR FM NORMAL -68 LOWEST SLP 29.65 ON 4
[REMARKS]
#FINAL-05-20#
#FINAL-05-20#