000
CXUS53 KLMK 020137
CF6BWG
PRELIMINARY LOCAL CLIMATOLOGICAL DATA (WS FORM: F-6)
STATION: BOWLING GREEN KY
MONTH: MARCH
YEAR: 2020
LATITUDE: 36 58 N
LONGITUDE: 86 26 W
TEMPERATURE IN F: :PCPN: SNOW: WIND :SUNSHINE: SKY :PK WND
================================================================================
1 2 3 4 5 6A 6B 7 8 9 10 11 12 13 14 15 16 17 18
12Z AVG MX 2MIN
DY MAX MIN AVG DEP HDD CDD WTR SNW DPTH SPD SPD DIR MIN PSBL S-S WX SPD DR
================================================================================
1 69 26 48 4 17 0 0.00 0.0 0 9.4 23 220 M M 1 32 230
2 65 50 58 14 7 0 1.90 0.0 0 10.9 23 170 M M 10 13 35 170
3 65 41 53 9 12 0 0.84 0.0 0 8.1 21 280 M M 3 13 30 280
4 68 37 53 8 12 0 0.00 0.0 0 5.2 18 220 M M 0 1 27 280
5 65 39 52 7 13 0 0.00 0.0 0 6.8 15 300 M M 1 28 310
6 53 33 43 -2 22 0 0.00 0.0 0 9.5 18 310 M M 6 35 320
7 54 27 41 -5 24 0 0.00 0.0 0 2.4 10 50 M M 0 14 60
8 68 28 48 2 17 0 0.00 0.0 0 8.0 21 200 M M 0 30 210
9 66 52 59 13 6 0 T 0.0 0 14.5 26 180 M M 3 41 180
10 63 48 56 10 9 0 0.22 0.0 0 7.9 20 210 M M 10 1 28 180
11 59 47 53 6 12 0 0.02 0.0 0 2.4 13 190 M M 9 128 19 190
12 70 45 58 11 7 0 0.49 0.0 0 7.6 29 180 M M 9 123 47 180
13 68 48 58 10 7 0 0.03 0.0 0 6.3 17 310 M M 3 30 330
14 49 41 45 -3 20 0 0.64 0.0 0 8.0 17 80 M M 10 18 23 70
15 44 40 42 -6 23 0 0.00 0.0 0 8.4 14 30 M M 10 19 30
16 48 41 45 -3 20 0 0.06 0.0 0 3.0 8 160 M M 10 18 10 160
17 59 44 52 3 13 0 0.37 0.0 0 4.1 12 90 M M 7 1 14 40
18 66 45 56 7 9 0 0.83 0.0 0 5.7 16 200 M M 9 1 23 190
19 76 60 68 19 0 3 0.69 0.0 0 9.5 23 190 M M 8 13 34 210
20 73 47 60 10 5 0 0.51 0.0 0 10.6 21 230 M M 7 13 32 240
21 52 37 45 -5 20 0 0.00 0.0 0 5.7 13 70 M M 6 19 60
22 56 36 46 -4 19 0 0.11 0.0 0 7.3 14 100 M M 4 13 19 110
23 58 45 52 1 13 0 0.09 0.0 0 2.2 8 310 M M 7 1 13 300
24 58 45 52 1 13 0 0.75 0.0 0 4.9 17 330 M M 6 13 29 330
25 64 48 56 5 9 0 0.00 0.0 0 4.1 10 130 M M 5 14 120
26 81 43 62 10 3 0 0.00 0.0 0 8.7 23 180 M M 0 1 29 180
27 80 64 72 20 0 7 0.00 0.0 0 6.9 18 210 M M 4 23 210
28 82 65 74 22 0 9 0.35 0.0 0 11.1 38 280 M M 3 13 71 270
29 71 55 63 11 2 0 0.04 0.0 0 13.7 28 250 M M 1 40 250
30 65 49 57 4 8 0 0.00 0.0 0 3.8 10 270 M M 0 8 14 310
31 56 44 50 -3 15 0 0.44 0.0 0 5.7 15 340 M M 9 1 25 350
================================================================================
SM 1971 1370 357 19 8.38 0.0 222.4 M 161
================================================================================
AV 63.6 44.2 7.2 FASTST M M 5 MAX(MPH)
MISC ----> # 38 280 # 71 270
================================================================================
NOTES:
# LAST OF SEVERAL OCCURRENCES
COLUMN 17 PEAK WIND IN M.P.H.
PRELIMINARY LOCAL CLIMATOLOGICAL DATA (WS FORM: F-6) , PAGE 2
STATION: BOWLING GREEN KY
MONTH: MARCH
YEAR: 2020
LATITUDE: 36 58 N
LONGITUDE: 86 26 W
[TEMPERATURE DATA] [PRECIPITATION DATA] SYMBOLS USED IN COLUMN 16
AVERAGE MONTHLY: 53.9 TOTAL FOR MONTH: 8.38 1 = FOG OR MIST
DPTR FM NORMAL: 5.5 DPTR FM NORMAL: 3.97 2 = FOG REDUCING VISIBILITY
HIGHEST: 82 ON 28 GRTST 24HR 1.90 ON 2- 2 TO 1/4 MILE OR LESS
LOWEST: 26 ON 1 3 = THUNDER
SNOW, ICE PELLETS, HAIL 4 = ICE PELLETS
TOTAL MONTH: 0.0 INCH 5 = HAIL
GRTST 24HR 0.0 6 = FREEZING RAIN OR DRIZZLE
GRTST DEPTH: 0 7 = DUSTSTORM OR SANDSTORM:
VSBY 1/2 MILE OR LESS
8 = SMOKE OR HAZE
[NO. OF DAYS WITH] [WEATHER - DAYS WITH] 9 = BLOWING SNOW
X = TORNADO
MAX 32 OR BELOW: 0 0.01 INCH OR MORE: 18
MAX 90 OR ABOVE: 0 0.10 INCH OR MORE: 13
MIN 32 OR BELOW: 3 0.50 INCH OR MORE: 7
MIN 0 OR BELOW: 0 1.00 INCH OR MORE: 1
[HDD (BASE 65) ]
TOTAL THIS MO. 357 CLEAR (SCALE 0-3) 10
DPTR FM NORMAL -163 PTCLDY (SCALE 4-7) 12
TOTAL FM JUL 1 3134 CLOUDY (SCALE 8-10) 9
DPTR FM NORMAL -584
[CDD (BASE 65) ]
TOTAL THIS MO. 19
DPTR FM NORMAL 14 [PRESSURE DATA]
TOTAL FM JAN 1 19 HIGHEST SLP 30.62 ON 7
DPTR FM NORMAL 14 LOWEST SLP 29.58 ON 12
[REMARKS]
#FINAL-03-20#