000
CXUS55 KPIH 011325
CF6BYI
PRELIMINARY LOCAL CLIMATOLOGICAL DATA (WS FORM: F-6)
STATION: BURLEY ID
MONTH: DECEMBER
YEAR: 2020
LATITUDE: 42 32 N
LONGITUDE: 113 46 W
TEMPERATURE IN F: :PCPN: SNOW: WIND :SUNSHINE: SKY :PK WND
================================================================================
1 2 3 4 5 6A 6B 7 8 9 10 11 12 13 14 15 16 17 18
12Z AVG MX 2MIN
DY MAX MIN AVG DEP HDD CDD WTR SNW DPTH SPD SPD DIR MIN PSBL S-S WX SPD DR
================================================================================
1 39 19 29 0 36 0 0.00 M M 7.8 22 260 M M 0 32 260
2 39 16 28 -1 37 0 T M M 7.3 18 60 M M 2 1 23 40
3 42 16 29 0 36 0 0.00 M M 7.7 16 60 M M 0 23 60
4 40 12 26 -2 39 0 0.00 M M 0.6 5 320 M M 0 7 30
5 46 13 30 2 35 0 0.00 M M 5.0 15 70 M M 0 20 70
6 47 15 31 3 34 0 0.00 M M 5.1 14 60 M M 0 16 50
7 43 11 27 -1 38 0 0.00 M M 1.9 7 150 M M 0 8 10 40
8 47 11 29 2 36 0 0.00 M M 4.6 12 60 M M 0 15 60
9 49 14 32 5 33 0 0.00 M M 6.4 14 250 M M 0 18 290
10 39 16 28 1 37 0 0.00 M M 3.5 16 260 M M 2 24 270
11 35 13 24 -3 41 0 T M M 7.6 23 250 M M 5 33 270
12 33 10 22 -4 43 0 0.00 M M 6.3 17 260 M M 2 25 280
13 37 20 29 3 36 0 0.07 M M 12.5 28 190 M M 5 12 38 180
14 30 25 28 2 37 0 0.01 M M 6.4 14 240 M M 10 18 17 240
15 36 26 31 5 34 0 T M M 5.0 17 210 M M 9 1 24 220
16 44 31 38 12 27 0 0.00 M M 7.7 22 170 M M 6 34 190
17 42 32 37 11 28 0 0.05 M M 13.1 31 210 M M 7 1 42 200
18 39 30 35 9 30 0 0.00 M M 12.0 20 260 M M 1 27 260
19 44 30 37 11 28 0 0.00 M M 13.0 23 250 M M 2 29 250
20 48 35 42 16 23 0 T M M 10.8 22 210 M M 9 29 200
21 59 40 50 24 15 0 0.00 M M 14.3 26 200 M M 4 36 220
22 50 26 38 12 27 0 0.01 M M 20.5 33 270 M M 2 1 56 270
23 34 19 27 1 38 0 0.00 M M 7.0 21 260 M M 0 31 250
24 41 16 29 3 36 0 0.00 M M 7.6 20 50 M M 0 27 60
25 45 20 33 7 32 0 0.00 M M 9.1 18 60 M M 3 25 70
26 43 34 39 13 26 0 0.06 M M 12.0 22 250 M M 9 1 32 260
27 41 24 33 7 32 0 0.00 M M 9.2 22 260 M M 1 1 34 280
28 32 18 25 -1 40 0 0.00 M M 12.0 25 80 M M 1 35 90
29 31 10 21 -5 44 0 0.00 M M 3.5 13 290 M M 2 18 18 290
30 39 15 27 1 38 0 T M M 5.2 22 210 M M 10 18 29 210
31 35 27 31 5 34 0 T M M 3.5 18 200 M M 10 27 170
================================================================================
SM 1269 644 1050 0 0.20 M 248.2 M 102
================================================================================
AV 40.9 20.8 8.0 FASTST M M 3 MAX(MPH)
MISC ----> 33 270 56 270
================================================================================
NOTES:
# LAST OF SEVERAL OCCURRENCES
PRECIPITATION AMOUNTS ARE SUSPECT DURING FREEZING/FROZEN EVENTS
COLUMN 17 PEAK WIND IN M.P.H.
PRELIMINARY LOCAL CLIMATOLOGICAL DATA (WS FORM: F-6) , PAGE 2
STATION: BURLEY ID
MONTH: DECEMBER
YEAR: 2020
LATITUDE: 42 32 N
LONGITUDE: 113 46 W
[TEMPERATURE DATA] [PRECIPITATION DATA] SYMBOLS USED IN COLUMN 16
AVERAGE MONTHLY: 30.9 TOTAL FOR MONTH: 0.20 1 = FOG OR MIST
DPTR FM NORMAL: 4.3 DPTR FM NORMAL: -0.93 2 = FOG REDUCING VISIBILITY
HIGHEST: 59 ON 21 GRTST 24HR 0.08 ON 13-14 TO 1/4 MILE OR LESS
LOWEST: 10 ON 29,12 3 = THUNDER
SNOW, ICE PELLETS, HAIL 4 = ICE PELLETS
TOTAL MONTH: M 5 = HAIL
GRTST 24HR M ON M 6 = FREEZING RAIN OR DRIZZLE
GRTST DEPTH: M ON M 7 = DUSTSTORM OR SANDSTORM:
VSBY 1/2 MILE OR LESS
8 = SMOKE OR HAZE
[NO. OF DAYS WITH] [WEATHER - DAYS WITH] 9 = BLOWING SNOW
X = TORNADO
MAX 32 OR BELOW: 3 0.01 INCH OR MORE: 5
MAX 90 OR ABOVE: 0 0.10 INCH OR MORE: 0
MIN 32 OR BELOW: 28 0.50 INCH OR MORE: 0
MIN 0 OR BELOW: 0 1.00 INCH OR MORE: 0
[HDD (BASE 65) ]
TOTAL THIS MO. 1050 CLEAR (SCALE 0-3) 20
DPTR FM NORMAL -142 PTCLDY (SCALE 4-7) 5
TOTAL FM JUL 1 2404 CLOUDY (SCALE 8-10) 6
DPTR FM NORMAL -471
[CDD (BASE 65) ]
TOTAL THIS MO. 0
DPTR FM NORMAL 0 [PRESSURE DATA]
TOTAL FM JAN 1 579 HIGHEST SLP 30.71 ON 7
DPTR FM NORMAL 214 LOWEST SLP 29.64 ON 22
[REMARKS]
21ST: HIGH OF 59 BREAKS OLD RECORD OF 58 SET IN 1933.
#FINAL-12-20#