000
CXUS55 KPIH 011202
CF6BYI
PRELIMINARY LOCAL CLIMATOLOGICAL DATA (WS FORM: F-6)
STATION: BURLEY ID
MONTH: JULY
YEAR: 2020
LATITUDE: 42 32 N
LONGITUDE: 113 46 W
TEMPERATURE IN F: :PCPN: SNOW: WIND :SUNSHINE: SKY :PK WND
================================================================================
1 2 3 4 5 6A 6B 7 8 9 10 11 12 13 14 15 16 17 18
12Z AVG MX 2MIN
DY MAX MIN AVG DEP HDD CDD WTR SNW DPTH SPD SPD DIR MIN PSBL S-S WX SPD DR
================================================================================
1 74 48 61 -5 4 0 0.00 M M 6.6 17 290 M M 0 23 250
2 81 50 66 -1 0 1 T M M 3.6 9 150 M M 0 15 280
3 90 57 74 7 0 9 0.00 M M 4.2 18 320 M M 0 25 320
4 86 53 70 3 0 5 0.00 M M 5.3 13 260 M M 0 17 280
5 85 52 69 1 0 4 0.00 M M 5.9 13 250 M M 0 16 330
6 92 51 72 4 0 7 0.00 M M 4.1 10 330 M M 0 14 320
7 79 54 67 -1 0 2 0.00 M M 11.0 25 260 M M 0 38 250
8 80 50 65 -3 0 0 0.00 M M 8.1 17 250 M M 0 22 270
9 88 49 69 0 0 4 0.00 M M 3.1 8 200 M M 0 12 330
10 84 54 69 0 0 4 0.00 M M 8.5 22 260 M M 0 8 32 270
11 96 51 74 5 0 9 0.00 M M 4.6 15 60 M M 0 18 40
12 87 58 73 4 0 8 0.00 M M 8.9 20 260 M M 0 26 270
13 80 56 68 -1 0 3 0.00 M M 13.8 22 260 M M 0 31 250
14 80 53 67 -3 0 2 0.00 M M 8.1 16 250 M M 0 22 260
15 82 49 66 -4 0 1 0.00 M M 7.7 15 260 M M 0 21 270
16 88 47 68 -2 0 3 0.00 M M 5.4 14 260 M M 0 18 260
17 93 53 73 3 0 8 0.00 M M 5.3 15 260 M M 0 19 270
18 87 63 75 5 0 10 0.00 M M 10.6 18 250 M M 0 26 280
19 89 54 72 2 0 7 0.00 M M 10.2 17 250 M M 0 22 260
20 90 53 72 2 0 7 0.00 M M 8.7 18 250 M M 0 24 250
21 93 53 73 3 0 8 0.00 M M 7.2 16 260 M M 0 21 270
22 90 60 75 4 0 10 0.17 M M 7.8 26 250 M M 2 38 40 250
23 90 60 75 4 0 10 T M M 7.4 35 140 M M 0 8 53 130
24 87 52 70 -1 0 5 0.00 M M 3.9 14 130 M M 0 20 120
25 86 53 70 -1 0 5 0.00 M M 5.0 14 240 M M 0 18 240
26 91 54 73 2 0 8 0.00 M M 3.2 8 290 M M 0 10 290
27 96 54 75 4 0 10 0.00 M M 5.8 22 260 M M 0 31 260
28 84 62 73 2 0 8 T M M 6.5 24 210 M M 4 29 210
29 92 55 74 3 0 9 0.00 M M 4.5 15 60 M M 0 20 80
30 99 61 80 9 0 15 0.00 M M 12.4 21 60 M M 0 28 50
31 103 67 85 14 0 20 0.00 M M 7.4 20 60 M M 0 24 70
================================================================================
SM 2722 1686 4 202 0.17 M 214.8 M 6
================================================================================
AV 87.8 54.4 6.9 FASTST M M 0 MAX(MPH)
MISC ----> # 35 140 # 53 130
================================================================================
NOTES:
# LAST OF SEVERAL OCCURRENCES
PRECIPITATION SUSPECT DURING FREEZING/FROZEN EVENTS
COLUMN 17 PEAK WIND IN M.P.H.
PRELIMINARY LOCAL CLIMATOLOGICAL DATA (WS FORM: F-6) , PAGE 2
STATION: BURLEY ID
MONTH: JULY
YEAR: 2020
LATITUDE: 42 32 N
LONGITUDE: 113 46 W
[TEMPERATURE DATA] [PRECIPITATION DATA] SYMBOLS USED IN COLUMN 16
AVERAGE MONTHLY: 71.1 TOTAL FOR MONTH: 0.17 1 = FOG OR MIST
DPTR FM NORMAL: 1.6 DPTR FM NORMAL: -0.13 2 = FOG REDUCING VISIBILITY
HIGHEST: 103 ON 31 GRTST 24HR 0.17 ON 22-22 TO 1/4 MILE OR LESS
LOWEST: 47 ON 16 3 = THUNDER
SNOW, ICE PELLETS, HAIL 4 = ICE PELLETS
TOTAL MONTH: M 5 = HAIL
GRTST 24HR M ON M 6 = FREEZING RAIN OR DRIZZLE
GRTST DEPTH: M ON M 7 = DUSTSTORM OR SANDSTORM:
VSBY 1/2 MILE OR LESS
8 = SMOKE OR HAZE
[NO. OF DAYS WITH] [WEATHER - DAYS WITH] 9 = BLOWING SNOW
X = TORNADO
MAX 32 OR BELOW: 0 0.01 INCH OR MORE: 1
MAX 90 OR ABOVE: 13 0.10 INCH OR MORE: 1
MIN 32 OR BELOW: 0 0.50 INCH OR MORE: 0
MIN 0 OR BELOW: 0 1.00 INCH OR MORE: 0
[HDD (BASE 65) ]
TOTAL THIS MO. 4 CLEAR (SCALE 0-3) 30
DPTR FM NORMAL -18 PTCLDY (SCALE 4-7) 1
TOTAL FM JUL 1 4 CLOUDY (SCALE 8-10) 0
DPTR FM NORMAL -18
[CDD (BASE 65) ]
TOTAL THIS MO. 202
DPTR FM NORMAL 42 [PRESSURE DATA]
TOTAL FM JAN 1 311 HIGHEST SLP 30.10 ON 11
DPTR FM NORMAL 98 LOWEST SLP 29.61 ON 7
[REMARKS]
31ST: HIGH OF 103 TIES OLD RECORD SET IN 2000.
#FINAL-07-20#