000
CXUS52 KCAE 011400
CF6CAE
PRELIMINARY LOCAL CLIMATOLOGICAL DATA (WS FORM: F-6)
STATION: COLUMBIA METRO AIRPORT SC
MONTH: AUGUST
YEAR: 2022
LATITUDE: 33 57 N
LONGITUDE: 81 7 W
TEMPERATURE IN F: :PCPN: SNOW: WIND :SUNSHINE: SKY :PK WND
================================================================================
1 2 3 4 5 6A 6B 7 8 9 10 11 12 13 14 15 16 17 18
12Z AVG MX 2MIN
DY MAX MIN AVG DEP HDD CDD WTR SNW DPTH SPD SPD DIR MIN PSBL S-S WX SPD DR
================================================================================
1 96 73 85 3 0 20 0.10 0.0 0 7.7 30 270 M M 5 13 36 280
2 96 74 85 3 0 20 0.00 0.0 0 5.8 17 270 M M 4 23 280
3 96 73 85 3 0 20 0.02 0.0 0 3.6 21 180 M M 6 13 28 180
4 94 70 82 0 0 17 0.00 0.0 0 5.0 21 150 M M 5 25 150
5 94 74 84 2 0 19 0.00 0.0 0 4.6 22 140 M M 4 1 26 140
6 93 74 84 2 0 19 0.38 0.0 0 4.1 21 70 M M 6 138 25 80
7 87 73 80 -2 0 15 0.00 0.0 0 3.5 15 180 M M 5 3 19 170
8 92 71 82 0 0 17 0.31 0.0 0 4.2 16 110 M M 5 13 18 110
9 95 73 84 2 0 19 0.00 0.0 0 6.6 16 230 M M 4 21 270
10 94 72 83 1 0 18 0.07 0.0 0 7.5 28 210 M M 5 13 41 200
11 89 71 80 -2 0 15 0.37 0.0 0 6.2 26 210 M M 8 1 36 210
12 84 71 78 -4 0 13 0.80 0.0 0 5.9 12 130 M M 6 13 15 270
13 87 66 77 -4 0 12 0.00 0.0 0 6.3 15 80 M M 3 1 23 60
14 89 61 75 -6 0 10 0.00 0.0 0 2.7 9 310 M M 3 13 310
15 91 71 81 0 0 16 0.37 0.0 0 7.5 18 220 M M 6 1 22 210
16 81 72 77 -4 0 12 0.01 0.0 0 6.0 13 20 M M 9 1 16 30
17 76 70 73 -8 0 8 0.02 0.0 0 4.6 9 20 M M 9 1 12 20
18 86 68 77 -4 0 12 T 0.0 0 4.3 21 120 M M 7 1 25 120
19 79 71 75 -6 0 10 0.18 0.0 0 3.5 10 60 M M 8 18 14 50
20 89 70 80 -1 0 15 0.00 0.0 0 2.2 9 140 M M 7 1 11 140
21 88 74 81 0 0 16 0.51 0.0 0 4.7 26 150 M M 6 12 32 160
22 87 73 80 0 0 15 0.00 0.0 0 5.6 16 230 M M 7 1 19 220
23 86 73 80 0 0 15 0.00 0.0 0 2.0 7 320 M M 7 18 10 220
24 87 72 80 0 0 15 0.06 0.0 0 2.5 17 140 M M 6 138 19 140
25 82 71 77 -3 0 12 1.06 0.0 0 2.5 9 130 M M 10 18 11 260
26 90 72 81 1 0 16 0.00 0.0 0 3.5 10 180 M M 6 1 13 170
27 91 71 81 1 0 16 0.00 0.0 0 3.1 13 110 M M 5 1 16 120
28 91 73 82 2 0 17 0.00 0.0 M 5.4 16 100 M M 6 19 110
29 85 71 78 -2 0 13 0.22 0.0 0 5.8 20 120 M M 6 18 24 130
30 90 71 81 2 0 16 0.00 0.0 0 2.6 13 270 M M 8 1 16 270
31 91 73 82 3 0 17 0.00 0.0 0 4.2 12 70 M M 4 16 40
================================================================================
SM 2756 2212 0 475 4.48 0.0 143.7 M 186
================================================================================
AV 88.9 71.4 4.6 FASTST M M 6 MAX(MPH)
MISC ----> 30 270 41 200
================================================================================
NOTES:
# LAST OF SEVERAL OCCURRENCES
COLUMN 17 PEAK WIND IN M.P.H.
PRELIMINARY LOCAL CLIMATOLOGICAL DATA (WS FORM: F-6) , PAGE 2
STATION: COLUMBIA METRO AIRPORT SC
MONTH: AUGUST
YEAR: 2022
LATITUDE: 33 57 N
LONGITUDE: 81 7 W
[TEMPERATURE DATA] [PRECIPITATION DATA] SYMBOLS USED IN COLUMN 16
AVERAGE MONTHLY: 80.1 TOTAL FOR MONTH: 4.48 1 = FOG OR MIST
DPTR FM NORMAL: -0.9 DPTR FM NORMAL: -0.17 2 = FOG REDUCING VISIBILITY
HIGHEST: 96 ON 3, 2 GRTST 24HR 1.17 ON 11-12 TO 1/4 MILE OR LESS
LOWEST: 61 ON 14 3 = THUNDER
SNOW, ICE PELLETS, HAIL 4 = ICE PELLETS
TOTAL MONTH: 0.0 INCH 5 = HAIL
GRTST 24HR 0.0 6 = FREEZING RAIN OR DRIZZLE
GRTST DEPTH: 0 7 = DUSTSTORM OR SANDSTORM:
VSBY 1/2 MILE OR LESS
8 = SMOKE OR HAZE
[NO. OF DAYS WITH] [WEATHER - DAYS WITH] 9 = BLOWING SNOW
X = TORNADO
MAX 32 OR BELOW: 0 0.01 INCH OR MORE: 15
MAX 90 OR ABOVE: 15 0.10 INCH OR MORE: 10
MIN 32 OR BELOW: 0 0.50 INCH OR MORE: 3
MIN 0 OR BELOW: 0 1.00 INCH OR MORE: 1
[HDD (BASE 65) ]
TOTAL THIS MO. 0 CLEAR (SCALE 0-3) 2
DPTR FM NORMAL 0 PTCLDY (SCALE 4-7) 26
TOTAL FM JUL 1 0 CLOUDY (SCALE 8-10) 3
DPTR FM NORMAL 0
[CDD (BASE 65) ]
TOTAL THIS MO. 475
DPTR FM NORMAL -21 [PRESSURE DATA]
TOTAL FM JAN 1 1944 HIGHEST SLP 30.24 ON 7
DPTR FM NORMAL 137 LOWEST SLP 29.78 ON 15
[REMARKS]
#FINAL-08-22#