548
CXUS51 KCAR 080548
CF6CAR
PRELIMINARY LOCAL CLIMATOLOGICAL DATA (WS FORM: F-6)
STATION: CARIBOU ME
MONTH: AUGUST
YEAR: 2020
LATITUDE: 46 52 N
LONGITUDE: 68 1 W
TEMPERATURE IN F: :PCPN: SNOW: WIND :SUNSHINE: SKY :PK WND
================================================================================
1 2 3 4 5 6A 6B 7 8 9 10 11 12 13 14 15 16 17 18
12Z AVG MX 2MIN
DY MAX MIN AVG DEP HDD CDD WTR SNW DPTH SPD SPD DIR MIN PSBL S-S WX SPD DR
================================================================================
1 81 56 69 3 0 4 0.00 0.0 0 3.4 10 10 M M 3 14 30
2 88 56 72 6 0 7 T 0.0 0 5.3 16 180 M M 4 1 25 180
3 84 66 75 9 0 10 0.05 0.0 0 9.1 24 240 M M 8 1 35 230
4 79 59 69 4 0 4 0.01 0.0 0 4.5 14 100 M M 1 19 110
5 85 65 75 10 0 10 0.20 0.0 0 11.7 26 150 M M 6 1 34 150
6 74 59 67 2 0 2 0.00 0.0 0 9.6 21 250 M M 3 33 250
7 85 55 70 5 0 5 0.00 0.0 0 4.6 14 250 M M 1 20 310
8 87 54 71 6 0 6 T 0.0 0 3.8 13 170 M M 3 17 190
9 90 59 75 10 0 10 0.00 0.0 0 6.4 16 240 M M 1 24 240
10 88 60 74 9 0 9 0.00 0.0 0 3.8 12 220 M M 2 17 170
11 92 64 78 13 0 13 0.07 0.0 0 5.4 17 250 M M 4 38 26 280
12 89 62 76 12 0 11 0.00 0.0 0 4.4 15 330 M M 4 20 330
13 85 57 71 7 0 6 0.00 0.0 0 6.0 15 360 M M 3 20 360
14 86 56 71 7 0 6 0.00 0.0 0 5.2 17 70 M M 3 3 26 40
15 78 55 67 3 0 2 0.00 0.0 0 5.1 14 10 M M 0 19 30
16 79 51 65 1 0 0 0.00 0.0 0 3.5 13 160 M M 2 16 160
17 79 54 67 3 0 2 T 0.0 0 3.3 12 200 M M 7 16 180
18 70 57 64 0 1 0 0.55 0.0 0 4.3 13 150 M M 8 1 15 150
19 74 54 64 1 1 0 0.00 0.0 0 7.1 17 240 M M 5 23 240
20 74 53 64 1 1 0 0.00 0.0 0 7.5 20 310 M M 1 28 300
21 71 51 61 -2 4 0 0.14 0.0 0 2.4 10 250 M M 5 1 13 260
22 78 46 62 -1 3 0 0.00 0.0 0 3.1 14 340 M M 2 1 18 290
23 80 49 65 3 0 0 0.00 0.0 0 4.6 16 250 M M 3 22 230
24 81 49 65 3 0 0 T 0.0 0 2.7 13 240 M M 4 18 190
25 80 55 68 6 0 3 0.47 0.0 0 7.7 23 330 M M 8 13 34 330
26 64 51 58 -4 7 0 T 0.0 0 11.2 24 310 M M 3 40 310
27 66 47 57 -5 8 0 0.00 0.0 0 8.6 18 310 M M 5 30 320
28 71 47 59 -2 6 0 0.00 0.0 0 6.9 18 340 M M 2 26 310
29 61 42 52 -9 13 0 0.69 0.0 0 4.5 14 90 M M 5 1 20 80
30 64 49 57 -4 8 0 0.06 0.0 0 9.6 24 320 M M 10 1 39 300
31 68 45 57 -3 8 0 0.00 0.0 0 4.4 15 310 M M 4 21 300
================================================================================
SM 2431 1683 60 110 2.24 0.0 179.7 M 120
================================================================================
AV 78.4 54.3 5.8 FASTST M M 4 MAX(MPH)
MISC ----> # 26 150 # 40 310
================================================================================
NOTES:
# LAST OF SEVERAL OCCURRENCES
COLUMN 17 PEAK WIND IN M.P.H.
PRELIMINARY LOCAL CLIMATOLOGICAL DATA (WS FORM: F-6) , PAGE 2
STATION: CARIBOU ME
MONTH: AUGUST
YEAR: 2020
LATITUDE: 46 52 N
LONGITUDE: 68 1 W
[TEMPERATURE DATA] [PRECIPITATION DATA] SYMBOLS USED IN COLUMN 16
AVERAGE MONTHLY: 66.4 TOTAL FOR MONTH: 2.24 1 = FOG OR MIST
DPTR FM NORMAL: 2.8 DPTR FM NORMAL: -1.52 2 = FOG REDUCING VISIBILITY
HIGHEST: 92 ON 11 GRTST 24HR 0.69 ON 29-29 TO 1/4 MILE OR LESS
LOWEST: 42 ON 29 3 = THUNDER
SNOW, ICE PELLETS, HAIL 4 = ICE PELLETS
TOTAL MONTH: 0.0 INCH 5 = HAIL
GRTST 24HR 0.0 6 = FREEZING RAIN OR DRIZZLE
GRTST DEPTH: 0 7 = DUSTSTORM OR SANDSTORM:
VSBY 1/2 MILE OR LESS
8 = SMOKE OR HAZE
[NO. OF DAYS WITH] [WEATHER - DAYS WITH] 9 = BLOWING SNOW
X = TORNADO
MAX 32 OR BELOW: 0 0.01 INCH OR MORE: 9
MAX 90 OR ABOVE: 2 0.10 INCH OR MORE: 5
MIN 32 OR BELOW: 0 0.50 INCH OR MORE: 2
MIN 0 OR BELOW: 0 1.00 INCH OR MORE: 0
[HDD (BASE 65) ]
TOTAL THIS MO. 60 CLEAR (SCALE 0-3) 13
DPTR FM NORMAL -36 PTCLDY (SCALE 4-7) 16
TOTAL FM JUL 1 80 CLOUDY (SCALE 8-10) 2
DPTR FM NORMAL -74
[CDD (BASE 65) ]
TOTAL THIS MO. 110
DPTR FM NORMAL 57 [PRESSURE DATA]
TOTAL FM JAN 1 450 HIGHEST SLP 30.23 ON 15
DPTR FM NORMAL 281 LOWEST SLP 29.28 ON 30
[REMARKS]
#FINAL-08-20#