000
CXUS56 KMTR 230900
CF6CCR
PRELIMINARY LOCAL CLIMATOLOGICAL DATA (WS FORM: F-6)
STATION: CONCORD AIRPORT
MONTH: APRIL
YEAR: 2024
LATITUDE: 37 58 N
LONGITUDE: 122 3 W
TEMPERATURE IN F: :PCPN: SNOW: WIND :SUNSHINE: SKY :PK WND
================================================================================
1 2 3 4 5 6A 6B 7 8 9 10 11 12 13 14 15 16 17 18
12Z AVG MX 2MIN
DY MAX MIN AVG DEP HDD CDD WTR SNW DPTH SPD SPD DIR MIN PSBL S-S WX SPD DR
================================================================================
1 74 44 59 1 6 0 0.00 M M 4.5 14 20 M M 0 20 30
2 75 46 61 3 4 0 0.00 M M 3.5 12 270 M M 0 14 260
3 66 48 57 -1 8 0 0.00 M M 11.2 22 250 M M 2 27 270
4 55 42 49 -9 16 0 0.46 M M 7.1 24 220 M M 8 1 28 220
5 58 41 50 -9 15 0 0.04 M M 6.2 18 330 M M 7 3 22 310
6 61 38 50 -9 15 0 0.00 M M 6.8 17 260 M M 1 22 260
7 64 40 52 -7 13 0 0.00 M M 6.1 16 290 M M 1 20 310
8 74 42 58 -1 7 0 0.00 M M 5.0 14 290 M M 0 17 290
9 79 47 63 4 2 0 0.00 M M 3.7 13 260 M M 0 16 260
10 79 49 64 5 1 0 0.00 M M 3.5 10 360 M M 0 14 360
11 83 51 67 8 0 2 0.00 M M 4.5 16 300 M M 0 19 300
12 66 52 59 -1 6 0 0.00 M M 11.7 22 250 M M 2 27 250
13 58 44 51 -9 14 0 0.25 M M 8.6 23 180 M M 8 12 30 180
14 62 45 54 -6 11 0 0.03 M M 6.2 13 260 M M 8 19 80
15 69 47 58 -2 7 0 0.00 M M 4.2 14 330 M M 4 17 330
16 77 49 63 3 2 0 0.00 M M 4.1 13 270 M M 0 17 270
17 78 52 65 5 0 0 0.00 M M 0.9 10 50 M M 0 8 15 40
18 80 52 66 6 0 1 0.00 M M 5.2 13 270 M M 0 14 260
19 74 51 63 2 2 0 0.00 M M 6.9 16 320 M M 0 20 300
20 78 49 64 3 1 0 0.00 M M 7.6 16 230 M M 0 22 330
21 84 53 69 8 0 4 0.00 M M 5.4 13 190 M M 0 22 330
22 83 54 69 8 0 4 0.00 M M 6.8 20 270 M M 0 25 270
================================================================================
SM 1577 1036 130 11 0.78 M 129.7 M 41
================================================================================
AV 71.7 47.1 5.9 FASTST M M 2 MAX(MPH)
MISC ----> 24 220 30 180
================================================================================
NOTES:
# LAST OF SEVERAL OCCURRENCES
COLUMN 17 PEAK WIND IN M.P.H.
PRELIMINARY LOCAL CLIMATOLOGICAL DATA (WS FORM: F-6) , PAGE 2
STATION: CONCORD AIRPORT
MONTH: APRIL
YEAR: 2024
LATITUDE: 37 58 N
LONGITUDE: 122 3 W
[TEMPERATURE DATA] [PRECIPITATION DATA] SYMBOLS USED IN COLUMN 16
AVERAGE MONTHLY: 59.4 TOTAL FOR MONTH: 0.78 1 = FOG OR MIST
DPTR FM NORMAL: -0.1 DPTR FM NORMAL: -0.17 2 = FOG REDUCING VISIBILITY
HIGHEST: 84 ON 21 GRTST 24HR 0.46 ON 4- 4 TO 1/4 MILE OR LESS
LOWEST: 38 ON 6 3 = THUNDER
SNOW, ICE PELLETS, HAIL 4 = ICE PELLETS
TOTAL MONTH: M 5 = HAIL
GRTST 24HR M ON M 6 = FREEZING RAIN OR DRIZZLE
GRTST DEPTH: M ON M 7 = DUSTSTORM OR SANDSTORM:
VSBY 1/2 MILE OR LESS
8 = SMOKE OR HAZE
[NO. OF DAYS WITH] [WEATHER - DAYS WITH] 9 = BLOWING SNOW
X = TORNADO
MAX 32 OR BELOW: 0 0.01 INCH OR MORE: 4
MAX 90 OR ABOVE: 0 0.10 INCH OR MORE: 2
MIN 32 OR BELOW: 0 0.50 INCH OR MORE: 0
MIN 0 OR BELOW: 0 1.00 INCH OR MORE: 0
[HDD (BASE 65) ]
TOTAL THIS MO. 130 CLEAR (SCALE 0-3) 17
DPTR FM NORMAL 1 PTCLDY (SCALE 4-7) 4
TOTAL FM JUL 1 1821 CLOUDY (SCALE 8-10) 1
DPTR FM NORMAL -225
[CDD (BASE 65) ]
TOTAL THIS MO. 11
DPTR FM NORMAL 6 [PRESSURE DATA]
TOTAL FM JAN 1 11 HIGHEST SLP M ON M
DPTR FM NORMAL 4 LOWEST SLP 29.65 ON 12
[REMARKS]