000
CXUS54 KLUB 010730
CF6CDS
PRELIMINARY LOCAL CLIMATOLOGICAL DATA (WS FORM: F-6)
STATION: CHILDRESS
MONTH: OCTOBER
YEAR: 2022
LATITUDE: 34 25 N
LONGITUDE: 100 17 W
TEMPERATURE IN F: :PCPN: SNOW: WIND :SUNSHINE: SKY :PK WND
================================================================================
1 2 3 4 5 6A 6B 7 8 9 10 11 12 13 14 15 16 17 18
12Z AVG MX 2MIN
DY MAX MIN AVG DEP HDD CDD WTR SNW DPTH SPD SPD DIR MIN PSBL S-S WX SPD DR
================================================================================
1 88 58 73 4 0 8 0.00 0.0 0 8.7 16 130 M M 0 23 130
2 83 55 69 1 0 4 0.00 0.0 0 6.4 14 130 M M 0 22 150
3 84 53 69 1 0 4 0.00 0.0 0 7.5 15 140 M M 0 22 180
4 85 53 69 1 0 4 0.00 0.0 0 6.7 16 220 M M 0 21 150
5 83 57 70 3 0 5 0.00 0.0 0 8.0 23 300 M M 3 29 320
6 85 64 75 8 0 10 0.00 0.0 0 5.9 14 20 M M 4 19 30
7 72 56 64 -3 1 0 0.10 0.0 0 9.7 18 20 M M 9 26 30
8 58 47 53 -13 12 0 0.09 0.0 0 7.2 16 40 M M 9 1 25 30
9 67 51 59 -7 6 0 0.03 0.0 0 5.8 14 200 M M 6 1 16 200
10 67 57 62 -4 3 0 0.44 0.0 0 6.3 14 160 M M 9 12 18 180
11 82 58 70 5 0 5 0.00 0.0 0 13.7 24 200 M M 2 1 30 180
12 81 59 70 5 0 5 0.00 0.0 0 12.3 30 360 M M 0 38 360
13 74 46 60 -4 5 0 0.00 0.0 0 5.9 16 10 M M 0 23 10
14 86 49 68 4 0 3 0.00 0.0 0 12.2 23 200 M M 0 31 210
15 89 60 75 11 0 10 0.00 0.0 0 9.3 18 180 M M 0 27 170
16 72 56 64 1 1 0 0.24 0.0 0 10.5 20 50 M M 7 1 29 60
17 66 50 58 -5 7 0 0.00 0.0 0 6.4 16 60 M M 5 25 60
18 63 43 53 -9 12 0 0.00 0.0 0 4.7 10 110 M M 3 15 110
19 77 40 59 -3 6 0 0.00 0.0 0 6.7 15 200 M M 0 23 190
20 84 47 66 4 0 1 0.00 0.0 0 9.0 15 330 M M 0 19 350
21 90 51 71 10 0 6 0.00 0.0 0 13.6 29 220 M M 0 42 240
22 91 59 75 14 0 10 0.00 0.0 0 19.1 37 270 M M 0 8 46 260
23 87 65 76 16 0 11 0.00 0.0 0 18.0 28 200 M M 0 38 180
24 72 44 58 -2 7 0 1.81 0.0 0 15.6 32 340 M M 8 13 43 350
25 68 43 56 -4 9 0 T 0.0 0 9.2 23 300 M M 1 31 340
26 72 47 60 1 5 0 0.00 0.0 0 10.6 21 170 M M 0 30 200
27 72 46 59 0 6 0 0.06 0.0 0 14.3 28 100 M M 2 3 41 80
28 55 49 52 -7 13 0 0.28 0.0 0 9.3 23 130 M M 8 1 33 120
29 65 45 55 -3 10 0 0.00 0.0 0 5.7 14 50 M M 6 8 21 50
30 72 45 59 1 6 0 0.00 0.0 0 5.8 10 240 M M 1 14 320
31 75 46 61 4 4 0 0.00 0.0 0 6.1 13 200 M M 0 18 180
================================================================================
SM 2365 1599 113 86 3.05 0.0 290.2 M 83
================================================================================
AV 76.3 51.6 9.4 FASTST M M 3 MAX(MPH)
MISC ----> 37 270 46 260
================================================================================
NOTES:
# LAST OF SEVERAL OCCURRENCES
COLUMN 17 PEAK WIND IN M.P.H.
PRELIMINARY LOCAL CLIMATOLOGICAL DATA (WS FORM: F-6) , PAGE 2
STATION: CHILDRESS
MONTH: OCTOBER
YEAR: 2022
LATITUDE: 34 25 N
LONGITUDE: 100 17 W
[TEMPERATURE DATA] [PRECIPITATION DATA] SYMBOLS USED IN COLUMN 16
AVERAGE MONTHLY: 63.9 TOTAL FOR MONTH: 3.05 1 = FOG OR MIST
DPTR FM NORMAL: 0.8 DPTR FM NORMAL: 1.10 2 = FOG REDUCING VISIBILITY
HIGHEST: 91 ON 22 GRTST 24HR 1.81 ON 24-24 TO 1/4 MILE OR LESS
LOWEST: 40 ON 19 3 = THUNDER
SNOW, ICE PELLETS, HAIL 4 = ICE PELLETS
TOTAL MONTH: 0.0 INCH 5 = HAIL
GRTST 24HR 0.0 6 = FREEZING RAIN OR DRIZZLE
GRTST DEPTH: 0 7 = DUSTSTORM OR SANDSTORM:
VSBY 1/2 MILE OR LESS
8 = SMOKE OR HAZE
[NO. OF DAYS WITH] [WEATHER - DAYS WITH] 9 = BLOWING SNOW
X = TORNADO
MAX 32 OR BELOW: 0 0.01 INCH OR MORE: 8
MAX 90 OR ABOVE: 2 0.10 INCH OR MORE: 5
MIN 32 OR BELOW: 0 0.50 INCH OR MORE: 1
MIN 0 OR BELOW: 0 1.00 INCH OR MORE: 1
[HDD (BASE 65) ]
TOTAL THIS MO. 113 CLEAR (SCALE 0-3) 21
DPTR FM NORMAL -25 PTCLDY (SCALE 4-7) 6
TOTAL FM JUL 1 113 CLOUDY (SCALE 8-10) 4
DPTR FM NORMAL -40
[CDD (BASE 65) ]
TOTAL THIS MO. 86
DPTR FM NORMAL 5 [PRESSURE DATA]
TOTAL FM JAN 1 2877 HIGHEST SLP M ON M
DPTR FM NORMAL 620 LOWEST SLP 29.49 ON 23
[REMARKS]
#FINAL-10-22#