000
CXUS56 KEKA 011449
CF6CEC
PRELIMINARY LOCAL CLIMATOLOGICAL DATA (WS FORM: F-6)
STATION: CRESCENT CITY CA
MONTH: NOVEMBER
YEAR: 2020
LATITUDE: 41 46 N
LONGITUDE: 124 14 W
TEMPERATURE IN F: :PCPN: SNOW: WIND :SUNSHINE: SKY :PK WND
================================================================================
1 2 3 4 5 6A 6B 7 8 9 10 11 12 13 14 15 16 17 18
12Z AVG MX 2MIN
DY MAX MIN AVG DEP HDD CDD WTR SNW DPTH SPD SPD DIR MIN PSBL S-S WX SPD DR
================================================================================
1 61 41 51 -1 14 0 0.00 M M 2.7 9 180 M M 3 12 15 40
2 51 39 45 -7 20 0 0.00 M M 3.0 10 300 M M 9 12 13 310
3 58 44 51 -1 14 0 0.00 M M 5.5 13 170 M M 9 18 17 150
4 65 48 57 5 8 0 0.02 M M 5.8 13 160 M M 7 28 16 160
5 68 47 58 6 7 0 0.13 M M 5.5 17 280 M M 7 28 25 260
6 55 45 50 -1 15 0 0.15 M M 6.9 16 350 M M 6 18 23 350
7 57 47 52 1 13 0 0.01 M M 12.2 21 330 M M 7 18 29 330
8 54 39 47 -4 18 0 0.01 M M 9.2 22 340 M M 4 8 30 330
9 53 36 45 -6 20 0 T M M 5.9 13 320 M M 4 8 15 320
10 54 45 50 -1 15 0 0.01 M M 3.9 12 170 M M 8 18 13 180
11 54 38 46 -5 19 0 T M M 4.1 12 340 M M 3 18 15 350
12 53 37 45 -5 20 0 T M M 8.6 17 180 M M 3 22 150
13 56 42 49 -1 16 0 0.77 M M 14.1 37 180 M M 9 18 49 170
14 55 43 49 -1 16 0 0.35 M M 13.1 31 180 M M 9 18 38 180
15 56 52 54 4 11 0 1.44 M M 11.3 31 180 M M 10 1 39 190
16 59 54 57 7 8 0 0.02 0.0 M 11.4 20 160 M M 6 128 24 170
17 59 51 55 5 10 0 0.82 0.0 M 17.5 38 200 M M 8 18 50 200
18 56 49 53 3 12 0 0.54 0.0 M 15.0 25 200 M M 9 18 35 190
19 56 40 48 -1 17 0 0.02 M M 5.8 13 230 M M 2 18 17 230
20 56 41 49 0 16 0 0.00 M M 6.8 12 80 M M 0 8 15 60
21 62 38 50 1 15 0 0.00 M M 6.4 13 330 M M 0 18 18 70
22 53 36 45 -4 20 0 0.02 M M 5.6 14 130 M M 4 1 18 140
23 53 41 47 -2 18 0 0.00 M M 3.0 8 360 M M 7 18 11 10
24 54 37 46 -3 19 0 0.33 M M 5.3 15 170 M M 4 18 19 160
25 52 37 45 -3 20 0 0.06 M M 5.1 13 180 M M 5 18 16 150
26 54 35 45 -3 20 0 0.00 M M 5.8 14 350 M M 1 18 18 350
27 59 38 49 1 16 0 0.00 M M 4.4 10 70 M M 0 18 13 60
28 54 37 46 -2 19 0 0.00 M M 4.9 10 340 M M 0 18 14 10
29 53 35 44 -4 21 0 0.00 M M 5.5 12 160 M M 1 1 15 170
30 51 41 46 -2 19 0 0.06 M M 7.5 20 160 M M 8 18 25 170
================================================================================
SM 1681 1253 476 0 4.76 0.0 221.8 M 153
================================================================================
AV 56.0 41.8 7.4 FASTST M M 5 MAX(MPH)
MISC ----> 38 200 50 200
================================================================================
NOTES:
# LAST OF SEVERAL OCCURRENCES
COLUMN 17 PEAK WIND IN M.P.H.
PRELIMINARY LOCAL CLIMATOLOGICAL DATA (WS FORM: F-6) , PAGE 2
STATION: CRESCENT CITY CA
MONTH: NOVEMBER
YEAR: 2020
LATITUDE: 41 46 N
LONGITUDE: 124 14 W
[TEMPERATURE DATA] [PRECIPITATION DATA] SYMBOLS USED IN COLUMN 16
AVERAGE MONTHLY: 48.9 TOTAL FOR MONTH: 4.76 1 = FOG OR MIST
DPTR FM NORMAL: -1.0 DPTR FM NORMAL: -4.97 2 = FOG REDUCING VISIBILITY
HIGHEST: 68 ON 5 GRTST 24HR 1.75 ON 14-15 TO 1/4 MILE OR LESS
LOWEST: 35 ON 29,26 3 = THUNDER
SNOW, ICE PELLETS, HAIL 4 = ICE PELLETS
TOTAL MONTH: 0.0 INCH 5 = HAIL
GRTST 24HR 0.0 6 = FREEZING RAIN OR DRIZZLE
GRTST DEPTH: M ON M 7 = DUSTSTORM OR SANDSTORM:
VSBY 1/2 MILE OR LESS
8 = SMOKE OR HAZE
[NO. OF DAYS WITH] [WEATHER - DAYS WITH] 9 = BLOWING SNOW
X = TORNADO
MAX 32 OR BELOW: 0 0.01 INCH OR MORE: 17
MAX 90 OR ABOVE: 0 0.10 INCH OR MORE: 8
MIN 32 OR BELOW: 0 0.50 INCH OR MORE: 4
MIN 0 OR BELOW: 0 1.00 INCH OR MORE: 1
[HDD (BASE 65) ]
TOTAL THIS MO. 476 CLEAR (SCALE 0-3) 8
DPTR FM NORMAL 23 PTCLDY (SCALE 4-7) 14
TOTAL FM JUL 1 1308 CLOUDY (SCALE 8-10) 8
DPTR FM NORMAL -310
[CDD (BASE 65) ]
TOTAL THIS MO. 0
DPTR FM NORMAL 0 [PRESSURE DATA]
TOTAL FM JAN 1 28 HIGHEST SLP 30.45 ON 26
DPTR FM NORMAL 28 LOWEST SLP 29.55 ON 17
[REMARKS]
#FINAL-11-20#