000
CXUS55 KGJT 010910
CF6CEZ
PRELIMINARY LOCAL CLIMATOLOGICAL DATA (WS FORM: F-6)
STATION: CORTEZ CO
MONTH: APRIL
YEAR: 2022
LATITUDE: 37 17 N
LONGITUDE: 108 38 W
TEMPERATURE IN F: :PCPN: SNOW: WIND :SUNSHINE: SKY :PK WND
================================================================================
1 2 3 4 5 6A 6B 7 8 9 10 11 12 13 14 15 16 17 18
12Z AVG MX 2MIN
DY MAX MIN AVG DEP HDD CDD WTR SNW DPTH SPD SPD DIR MIN PSBL S-S WX SPD DR
================================================================================
1 61 31 46 2 19 0 0.01 M M 6.0 18 290 M M 3 28 330
2 69 24 47 3 18 0 0.00 M M 5.0 20 200 M M 1 27 210
3 67 37 52 8 13 0 0.00 M M 4.1 15 290 M M 5 21 280
4 67 40 54 10 11 0 0.00 M M 6.0 21 290 M M 2 26 290
5 73 31 52 8 13 0 0.00 M M 10.4 28 340 M M 1 39 250
6 54 27 41 -4 24 0 0.00 M M 12.0 25 300 M M 0 36 310
7 63 19 41 -4 24 0 0.00 M M 10.8 25 360 M M 0 36 350
8 71 25 48 3 17 0 0.00 M M 8.0 17 290 M M 0 25 290
9 73 25 49 4 16 0 0.00 M M 10.9 31 250 M M 0 43 240
10 61 37 49 3 16 0 0.00 M M 8.0 21 340 M M 1 31 20
11 67 26 47 1 18 0 0.00 M M 15.2 37 210 M M 3 8 49 210
12 55 27 41 -5 24 0 0.37 M M 11.0 31 290 M M 7 128 44 200
13 47 22 35 -11 30 0 0.00 M M 8.4 30 270 M M 4 43 270
14 59 19 39 -7 26 0 0.00 M M 5.2 22 210 M M 1 28 220
15 67 30 49 2 16 0 0.00 M M 7.4 22 210 M M 0 30 210
16 73 31 52 5 13 0 0.00 M M 14.1 38 220 M M 1 52 220
17 70 30 50 3 15 0 0.00 M M 6.9 22 300 M M 0 28 300
18 77 26 52 5 13 0 0.00 M M 6.0 21 200 M M 0 28 210
19 78 37 58 10 7 0 0.00 M M 15.3 33 220 M M 0 8 51 230
20 75 37 56 8 9 0 0.00 M M 9.3 21 200 M M 0 33 240
21 78 33 56 8 9 0 0.00 M M 10.8 26 210 M M 0 35 210
22 69 41 55 7 10 0 T M M 19.4 45 210 M M 5 8 57 220
23 55 26 41 -8 24 0 0.01 M M 8.3 23 320 M M 7 35 320
24 56 20 38 -11 27 0 0.00 M M 8.0 22 340 M M 3 32 330
25 64 22 43 -6 22 0 0.00 M M 5.5 13 210 M M 0 19 270
26 76 23 50 0 15 0 0.00 M M 6.9 24 210 M M 0 32 170
27 78 41 60 10 5 0 0.00 M M 8.9 29 210 M M 0 38 200
28 74 33 54 4 11 0 0.00 M M 8.8 23 200 M M 0 32 190
29 64 31 48 -2 17 0 0.00 M M 10.1 23 320 M M 0 33 320
30 70 24 47 -4 18 0 0.00 M M 6.2 15 290 M M 0 22 280
================================================================================
SM 2011 875 500 0 0.39 M 272.9 M 44
================================================================================
AV 67.0 29.2 9.1 FASTST M M 1 MAX(MPH)
MISC ----> 45 210 57 220
================================================================================
NOTES:
# LAST OF SEVERAL OCCURRENCES
COLUMN 17 PEAK WIND IN M.P.H.
PRELIMINARY LOCAL CLIMATOLOGICAL DATA (WS FORM: F-6) , PAGE 2
STATION: CORTEZ CO
MONTH: APRIL
YEAR: 2022
LATITUDE: 37 17 N
LONGITUDE: 108 38 W
[TEMPERATURE DATA] [PRECIPITATION DATA] SYMBOLS USED IN COLUMN 16
AVERAGE MONTHLY: 48.1 TOTAL FOR MONTH: 0.39 1 = FOG OR MIST
DPTR FM NORMAL: 1.2 DPTR FM NORMAL: -0.36 2 = FOG REDUCING VISIBILITY
HIGHEST: 78 ON 27,21 GRTST 24HR 0.37 ON 12-12 TO 1/4 MILE OR LESS
LOWEST: 19 ON 14, 7 3 = THUNDER
SNOW, ICE PELLETS, HAIL 4 = ICE PELLETS
TOTAL MONTH: M 5 = HAIL
GRTST 24HR M ON M 6 = FREEZING RAIN OR DRIZZLE
GRTST DEPTH: M ON M 7 = DUSTSTORM OR SANDSTORM:
VSBY 1/2 MILE OR LESS
8 = SMOKE OR HAZE
[NO. OF DAYS WITH] [WEATHER - DAYS WITH] 9 = BLOWING SNOW
X = TORNADO
MAX 32 OR BELOW: 0 0.01 INCH OR MORE: 3
MAX 90 OR ABOVE: 0 0.10 INCH OR MORE: 1
MIN 32 OR BELOW: 21 0.50 INCH OR MORE: 0
MIN 0 OR BELOW: 0 1.00 INCH OR MORE: 0
[HDD (BASE 65) ]
TOTAL THIS MO. 500 CLEAR (SCALE 0-3) 25
DPTR FM NORMAL -42 PTCLDY (SCALE 4-7) 5
TOTAL FM JUL 1 5627 CLOUDY (SCALE 8-10) 0
DPTR FM NORMAL -327
[CDD (BASE 65) ]
TOTAL THIS MO. 0
DPTR FM NORMAL 0 [PRESSURE DATA]
TOTAL FM JAN 1 0 HIGHEST SLP M ON M
DPTR FM NORMAL 0 LOWEST SLP 29.32 ON 12
[REMARKS]
#FINAL-04-22#