000
CXUS55 KGJT 011850 CCA
CLMCEZ
CLIMATE REPORT...ADDED 2022 HDD AND CDD TOTALS
NATIONAL WEATHER SERVICE GRAND JUNCTION CO
533 AM MDT THU JUN 01 2023
...................................
...THE CORTEZ CO CLIMATE SUMMARY FOR THE MONTH OF MAY 2023...
CLIMATE NORMAL PERIOD 1991 TO 2020
CLIMATE RECORD PERIOD 9999 TO 9999
WEATHER OBSERVED NORMAL DEPART LAST YEAR`S
VALUE DATE(S) VALUE FROM VALUE DATE(S)
NORMAL
................................................................
TEMPERATURE (F)
HIGHEST 82 05/29 MM MM 88 05/27
LOWEST 29 05/05 MM MM 23 05/04
AVG. MAXIMUM 75.6 74.5 1.1 77.2
AVG. MINIMUM 39.6 37.3 2.3 36.8
MEAN 57.6 55.9 1.7 57.0
DAYS MAX >= 90 0 0.9 -0.9 0
DAYS MAX <= 32 0 0.0 0.0 0
DAYS MIN <= 32 2 7.2 -5.2 10
DAYS MIN <= 0 0 0.0 0.0 0
PRECIPITATION (INCHES)
TOTALS 0.65 0.74 -0.09 T
DAILY AVG. 0.02 0.02 -0.00 T
DAYS >= .01 6 5.0 1.0 0
DAYS >= .10 3 2.4 0.6 0
DAYS >= .50 0 0.3 -0.3 0
DAYS >= 1.00 0 0.0 0.0 0
GREATEST
24 HR. TOTAL 0.23 05/20 TO 05/20 T
SNOWFALL (INCHES)
TOTALS MM MM MM MM
SINCE 7/1 MM MM MM MM
SNOWDEPTH AVG. MM MM
DAYS >= 1.0 MM MM MM MM
GREATEST
SNOW DEPTH MM MM MM
24 HR TOTAL MM MM
DEGREE DAYS
HEATING TOTAL 224 289 -65 243
SINCE 7/1 6426 6246 180 5870
COOLING TOTAL 0 7 -7 4
SINCE 1/1 0 7 -7 4
................................................................
WIND (MPH)
AVERAGE WIND SPEED 6.8
HIGHEST WIND SPEED/DIRECTION 40/190 DATE 05/13
HIGHEST GUST SPEED/DIRECTION 53/190 DATE 05/13
SKY COVER
POSSIBLE SUNSHINE (PERCENT) MM
AVERAGE SKY COVER 0.23
NUMBER OF DAYS FAIR 23
NUMBER OF DAYS PC 8
NUMBER OF DAYS CLOUDY 0
AVERAGE RH (PERCENT) 48
WEATHER CONDITIONS. NUMBER OF DAYS WITH
THUNDERSTORM 9 MIXED PRECIP 0
HEAVY RAIN 1 RAIN 4
LIGHT RAIN 13 FREEZING RAIN 0
LT FREEZING RAIN 0 HAIL 0
HEAVY SNOW 0 SNOW 0
LIGHT SNOW 0 SLEET 0
FOG 3 FOG W/VIS <= 1/4 MILE 0
HAZE 1
- INDICATES NEGATIVE NUMBERS.
R INDICATES RECORD WAS SET OR TIED.
MM INDICATES DATA IS MISSING.
T INDICATES TRACE AMOUNT.
$$