000
CXUS55 KPAH 010700
CF6CGI
PRELIMINARY LOCAL CLIMATOLOGICAL DATA (WS FORM: F-6)
STATION: CAPE GIRARDEAU MO
MONTH: MAY
YEAR: 2021
LATITUDE: 37 13 N
LONGITUDE: 89 35 W
TEMPERATURE IN F: :PCPN: SNOW: WIND :SUNSHINE: SKY :PK WND
================================================================================
1 2 3 4 5 6A 6B 7 8 9 10 11 12 13 14 15 16 17 18
12Z AVG MX 2MIN
DY MAX MIN AVG DEP HDD CDD WTR SNW DPTH SPD SPD DIR MIN PSBL S-S WX SPD DR
================================================================================
1 79 52 66 3 0 1 0.00 M M 8.1 20 200 M M 0 27 200
2 69 59 64 1 1 0 0.45 M M 7.0 16 140 M M 8 1 23 150
3 80 63 72 8 0 7 0.06 M M 7.9 18 210 M M 7 1 25 220
4 71 55 63 -1 2 0 1.26 M M 10.3 29 240 M M 9 138 37 240
5 69 49 59 -5 6 0 0.00 M M 6.4 16 350 M M 2 25 320
6 69 47 58 -7 7 0 0.26 M M 5.9 22 350 M M 4 13 30 360
7 72 41 57 -8 8 0 0.00 M M 7.8 20 220 M M 1 27 220
8 66 55 61 -4 4 0 T M M 10.1 18 170 M M 5 27 140
9 70 50 60 -6 5 0 0.34 M M 14.6 30 210 M M 9 13 44 210
10 62 46 54 -12 11 0 0.00 M M 7.7 17 30 M M 4 22 60
11 68 41 55 -11 10 0 0.00 M M 10.0 20 70 M M 5 1 27 80
12 67 45 56 -11 9 0 0.00 M M 12.4 20 40 M M 2 32 360
13 70 40 55 -12 10 0 0.00 M M 4.7 15 40 M M 1 22 30
14 73 39 56 -11 9 0 0.00 M M 3.1 10 100 M M 0 14 100
15 71 45 58 -10 7 0 0.03 M M 4.6 13 60 M M 6 17 70
16 81 56 69 1 0 4 0.12 M M 5.8 14 180 M M 6 18 19 170
17 72 64 68 0 0 3 0.14 M M 7.1 15 140 M M 8 1 22 140
18 75 64 70 2 0 5 0.22 M M 10.1 21 150 M M 10 1 29 160
19 80 66 73 4 0 8 0.02 M M 10.4 22 140 M M 5 1 32 140
20 85 66 76 7 0 11 0.00 M M 11.8 18 140 M M 1 27 150
21 85 65 75 6 0 10 0.00 M M 9.4 20 170 M M 2 28 160
22 88 60 74 4 0 9 0.00 M M 3.6 14 230 M M 1 19 230
23 88 60 74 4 0 9 0.00 M M 2.0 12 200 M M 0 1 14 200
24 89 61 75 5 0 10 0.00 M M 2.9 12 230 M M 2 1 20 210
25 91 66 79 8 0 14 0.00 M M 6.8 18 220 M M 3 24 200
26 84 69 77 6 0 12 0.64 M M 4.1 12 210 M M 6 13 18 200
27 85 65 75 4 0 10 0.25 M M 5.8 23 350 M M 3 13 32 350
28 78 53 66 -6 0 1 0.01 M M 12.9 26 330 M M 9 1 35 330
29 60 49 55 -17 10 0 0.00 M M 9.6 18 20 M M 9 26 20
30 73 45 59 -13 6 0 0.00 M M 4.4 14 30 M M 2 12 20 30
31 77 47 62 -10 3 0 0.00 M M 4.0 10 170 M M 0 15 160
================================================================================
SM 2347 1683 108 114 3.80 M 231.3 M 130
================================================================================
AV 75.7 54.3 7.5 FASTST M M 4 MAX(MPH)
MISC ----> 30 210 44 210
================================================================================
NOTES:
# LAST OF SEVERAL OCCURRENCES
COLUMN 17 PEAK WIND IN M.P.H.
PRELIMINARY LOCAL CLIMATOLOGICAL DATA (WS FORM: F-6) , PAGE 2
STATION: CAPE GIRARDEAU MO
MONTH: MAY
YEAR: 2021
LATITUDE: 37 13 N
LONGITUDE: 89 35 W
[TEMPERATURE DATA] [PRECIPITATION DATA] SYMBOLS USED IN COLUMN 16
AVERAGE MONTHLY: 65.0 TOTAL FOR MONTH: 3.80 1 = FOG OR MIST
DPTR FM NORMAL: -2.8 DPTR FM NORMAL: -1.47 2 = FOG REDUCING VISIBILITY
HIGHEST: 91 ON 25 GRTST 24HR 1.26 ON 4- 4 TO 1/4 MILE OR LESS
LOWEST: 39 ON 14 3 = THUNDER
SNOW, ICE PELLETS, HAIL 4 = ICE PELLETS
TOTAL MONTH: M 5 = HAIL
GRTST 24HR M ON M 6 = FREEZING RAIN OR DRIZZLE
GRTST DEPTH: M ON M 7 = DUSTSTORM OR SANDSTORM:
VSBY 1/2 MILE OR LESS
8 = SMOKE OR HAZE
[NO. OF DAYS WITH] [WEATHER - DAYS WITH] 9 = BLOWING SNOW
X = TORNADO
MAX 32 OR BELOW: 0 0.01 INCH OR MORE: 13
MAX 90 OR ABOVE: 1 0.10 INCH OR MORE: 9
MIN 32 OR BELOW: 0 0.50 INCH OR MORE: 2
MIN 0 OR BELOW: 0 1.00 INCH OR MORE: 1
[HDD (BASE 65) ]
TOTAL THIS MO. 108 CLEAR (SCALE 0-3) 14
DPTR FM NORMAL 48 PTCLDY (SCALE 4-7) 11
TOTAL FM JUL 1 4211 CLOUDY (SCALE 8-10) 6
DPTR FM NORMAL 34
[CDD (BASE 65) ]
TOTAL THIS MO. 114
DPTR FM NORMAL -33 [PRESSURE DATA]
TOTAL FM JAN 1 134 HIGHEST SLP M ON M
DPTR FM NORMAL -46 LOWEST SLP 29.53 ON 3
[REMARKS]
#FINAL-05-21#