000
CXUS53 KPAH 012323
CLMCGI
CLIMATE REPORT
NATIONAL WEATHER SERVICE PADUCAH KY
523 PM CST MON JAN 01 2024
...................................
...THE CAPE GIRARDEAU MO CLIMATE SUMMARY FOR THE MONTH OF DECEMBER 2023...
CLIMATE NORMAL PERIOD 1991 TO 2020
CLIMATE RECORD PERIOD 1960 TO 2023
WEATHER OBSERVED NORMAL DEPART LAST YEAR`S
VALUE DATE(S) VALUE FROM VALUE
NORMAL
..............................................................
TEMPERATURE (F)
RECORD
HIGH 76 12/02/1982
LOW -11 12/22/1989
HIGHEST 66 12/24 62
LOWEST 18 12/19 -5
AVG. MAXIMUM 52.5 46.3 6.2 45.9
AVG. MINIMUM 33.7 29.8 3.9 29.2
MEAN 43.1 38.0 5.1 37.5
DAYS MAX >= 90 0 0.0 0.0 0
DAYS MAX <= 32 0 3.2 -3.2 4
DAYS MIN <= 32 17 20.2 -3.2 16
DAYS MIN <= 0 0 0.2 -0.2 2
PRECIPITATION (INCHES)
RECORD
MAXIMUM 12.32 1982
MINIMUM 0.61 2005
TOTALS 1.51 3.62 -2.11 3.89
DAILY AVG. 0.05 0.12 -0.07 0.13
DAYS >= .01 6 9.4 -3.4 9
DAYS >= .10 3 6.2 -3.2 5
DAYS >= .50 2 2.6 -0.6 3
DAYS >= 1.00 0 0.8 -0.8 1
GREATEST
24 HR. TOTAL 0.65 12/25 TO 12/25
DEGREE DAYS
HEATING TOTAL 671 835 -164 845
SINCE 7/1 1373 1662 -289 MM
..............................................................
WIND (MPH)
AVERAGE WIND SPEED 7.2
HIGHEST WIND SPEED/DIRECTION 28/330 DATE 12/18
HIGHEST GUST SPEED/DIRECTION 38/340 DATE 12/18
SKY COVER
POSSIBLE SUNSHINE (PERCENT) MM
AVERAGE SKY COVER 0.44
NUMBER OF DAYS FAIR 14
NUMBER OF DAYS PC 9
NUMBER OF DAYS CLOUDY 8
AVERAGE RH (PERCENT) 72
WEATHER CONDITIONS. NUMBER OF DAYS WITH
THUNDERSTORM 0 MIXED PRECIP 0
HEAVY RAIN 1 RAIN 2
LIGHT RAIN 10 FREEZING RAIN 0
LT FREEZING RAIN 0 HAIL 0
HEAVY SNOW 0 SNOW 0
LIGHT SNOW 0 SLEET 0
FOG 13 FOG W/VIS <= 1/4 MILE 5
HAZE 1
- INDICATES NEGATIVE NUMBERS.
R INDICATES RECORD WAS SET OR TIED.
MM INDICATES DATA IS MISSING.
T INDICATES TRACE AMOUNT.
[REMARKS]: 5TH DRIEST AND 6TH WARMEST DECEMBER ON RECORD IN CAPE GIRARDEAU.
$$