000
CXUS53 KPAH 010703
CLSCGI
CLIMATE REPORT
NATIONAL WEATHER SERVICE PADUCAH KY
103 AM CST FRI DEC 01 2023
...................................
...THE CAPE GIRARDEAU MO CLIMATE SUMMARY FOR THE FALL SEASON, FROM
9/1/2023 TO 11/30/2023...
CLIMATE NORMAL PERIOD 1991 TO 2020
CLIMATE RECORD PERIOD 1960 TO 2023
WEATHER OBSERVED NORMAL DEPART LAST YEAR`S
VALUE DATE(S) VALUE FROM VALUE
NORMAL
..............................................................
TEMPERATURE (F)
RECORD
HIGH 100 09/06/1960
LOW 8 11/18/2014
11/29/1976
HIGHEST 92 09/04 MM MM
LOWEST 22 11/27 MM MM
AVG. MAXIMUM 72.9 69.8 3.1
AVG. MINIMUM 47.1 46.9 0.2
MEAN 60.0 58.4 1.6
DAYS MAX >= 90 5 5.0 0.0
DAYS MAX <= 32 0 0.2 -0.2
DAYS MIN <= 32 18 14.6 3.4
DAYS MIN <= 0 0 0.0 0.0
PRECIPITATION (INCHES)
RECORD
MAXIMUM 22.13 1984
MINIMUM 3.54 1999
TOTALS 5.86 11.43 -5.57
DAILY AVG. 0.06 0.13 -0.07
DAYS >= .01 20 25.8 -5.8
DAYS >= .10 11 17.0 -6.0
DAYS >= .50 4 7.7 -3.7
DAYS >= 1.00 2 3.5 -1.5
GREATEST
24 HR. TOTAL 2.24 10/28 TO 10/29
DEGREE DAYS
HEATING TOTAL 702 824 -122
SINCE 7/1 702 825 -123
COOLING TOTAL 271 221 50
SINCE 1/1 1558 1566 -8
FREEZE DATES
RECORD
EARLIEST MM
LATEST MM
EARLIEST 10/30
LATEST 03/29
..............................................................
WIND (MPH)
AVERAGE WIND SPEED 5.7
HIGHEST WIND SPEED/DIRECTION 29/130 DATE 11/20
HIGHEST GUST SPEED/DIRECTION 44/210 DATE 11/08
SKY COVER
POSSIBLE SUNSHINE (PERCENT) MM
AVERAGE SKY COVER 0.25
NUMBER OF DAYS FAIR 64
NUMBER OF DAYS PC 21
NUMBER OF DAYS CLOUDY 5
AVERAGE RH (PERCENT) 70
WEATHER CONDITIONS. NUMBER OF DAYS WITH
THUNDERSTORM 3 MIXED PRECIP 0
HEAVY RAIN 3 RAIN 7
LIGHT RAIN 28 FREEZING RAIN 0
LT FREEZING RAIN 0 HAIL 0
HEAVY SNOW 0 SNOW 0
LIGHT SNOW 0 SLEET 0
FOG 49 FOG W/VIS <= 1/4 MILE 17
HAZE 23
- INDICATES NEGATIVE NUMBERS.
R INDICATES RECORD WAS SET OR TIED.
MM INDICATES DATA IS MISSING.
T INDICATES TRACE AMOUNT.
[REMARKS:] 10TH WARMEST AND 6TH DRIEST FALL AT CAPE GIRARDEAU
$$