367
CXUS51 KLWX 011927
CF6CHO
PRELIMINARY LOCAL CLIMATOLOGICAL DATA (WS FORM: F-6)
STATION: CHARLOTTESVILLE VA
MONTH: SEPTEMBER
YEAR: 2020
LATITUDE: 38 7 N
LONGITUDE: 78 27 W
TEMPERATURE IN F: :PCPN: SNOW: WIND :SUNSHINE: SKY :PK WND
================================================================================
1 2 3 4 5 6A 6B 7 8 9 10 11 12 13 14 15 16 17 18
12Z AVG MX 2MIN
DY MAX MIN AVG DEP HDD CDD WTR SNW DPTH SPD SPD DIR MIN PSBL S-S WX SPD DR
================================================================================
1 74 67 71 -1 0 6 0.06 M M 2.1 8 50 M M 10 18 10 50
2 89 73 81 10 0 16 0.04 M M 6.1 16 200 M M 5 12 21 180
3 93 72 83 12 0 18 T M M 4.4 16 200 M M 2 1 21 180
4 90 69 80 9 0 15 0.03 M M 3.3 14 340 M M 2 1 18 350
5 82 61 72 1 0 7 0.00 M M 1.8 9 70 M M 0 11 10
6 83 57 70 0 0 5 0.00 M M 2.0 9 140 M M 0 1 13 190
7 84 59 72 2 0 7 0.00 M M 1.9 9 160 M M 0 1 14 150
8 85 61 73 3 0 8 0.00 M M 2.4 9 160 M M 1 1 13 140
9 82 70 76 7 0 11 0.20 M M 4.9 16 70 M M 8 18 23 80
10 89 74 82 13 0 17 0.01 M M 3.7 10 40 M M 6 18 13 30
11 86 71 79 10 0 14 T M M 4.6 14 70 M M 6 1 18 60
12 74 68 71 3 0 6 0.01 M M 4.7 10 120 M M 10 18 14 120
13 83 64 74 6 0 9 0.00 M M 2.3 12 200 M M 4 1 14 230
14 80 61 71 3 0 6 T M M 2.8 13 30 M M 4 15 40
15 70 52 61 -6 4 0 0.00 M M 4.8 13 70 M M 0 18 40
16 73 48 61 -6 4 0 0.00 M M 2.6 14 190 M M 3 1 18 190
17 67 56 62 -4 3 0 0.27 M M 2.6 9 40 M M 9 1 11 40
18 76 55 66 0 0 1 T M M 5.9 15 20 M M 5 1 21 30
19 65 45 55 -11 10 0 0.00 M M 6.7 18 30 M M 0 26 30
20 68 39 54 -11 11 0 0.00 M M 4.8 16 30 M M 0 21 40
21 67 42 55 -10 10 0 0.00 M M 3.3 15 40 M M 0 20 40
22 74 41 58 -6 7 0 0.00 M M 2.5 8 210 M M 0 1 11 200
23 81 49 65 1 0 0 0.00 M M 2.9 10 200 M M 0 13 210
24 72 56 64 0 1 0 T M M 1.6 7 210 M M 3 1 9 220
25 66 59 63 0 2 0 0.59 M M 2.7 12 80 M M 9 12 12 80
26 74 61 68 5 0 3 0.04 M M 2.2 7 90 M M 9 12 9 80
27 80 56 68 6 0 3 0.00 M M 2.0 8 140 M M 6 12 10 60
28 82 65 74 12 0 9 T M M 8.1 17 190 M M 6 1 24 200
29 80 58 69 7 0 4 0.81 M M 7.8 18 20 M M 7 13 25 20
30 72 52 62 1 3 0 T M M 6.0 13 200 M M 1 18 240
================================================================================
SM 2341 1761 55 165 2.06 M 113.5 M 116
================================================================================
AV 78.0 58.7 3.8 FASTST M M 4 MAX(MPH)
MISC ----> # 18 30 26 30
================================================================================
NOTES:
# LAST OF SEVERAL OCCURRENCES
COLUMN 17 PEAK WIND IN M.P.H.
PRELIMINARY LOCAL CLIMATOLOGICAL DATA (WS FORM: F-6) , PAGE 2
STATION: CHARLOTTESVILLE VA
MONTH: SEPTEMBER
YEAR: 2020
LATITUDE: 38 7 N
LONGITUDE: 78 27 W
[TEMPERATURE DATA] [PRECIPITATION DATA] SYMBOLS USED IN COLUMN 16
AVERAGE MONTHLY: 68.4 TOTAL FOR MONTH: 2.06 1 = FOG OR MIST
DPTR FM NORMAL: 1.6 DPTR FM NORMAL: -2.42 2 = FOG REDUCING VISIBILITY
HIGHEST: 93 ON 3 GRTST 24HR 2.04 ON 31- 1 TO 1/4 MILE OR LESS
LOWEST: 39 ON 20 3 = THUNDER
SNOW, ICE PELLETS, HAIL 4 = ICE PELLETS
TOTAL MONTH: M 5 = HAIL
GRTST 24HR M ON M 6 = FREEZING RAIN OR DRIZZLE
GRTST DEPTH: M ON M 7 = DUSTSTORM OR SANDSTORM:
VSBY 1/2 MILE OR LESS
8 = SMOKE OR HAZE
[NO. OF DAYS WITH] [WEATHER - DAYS WITH] 9 = BLOWING SNOW
X = TORNADO
MAX 32 OR BELOW: 0 0.01 INCH OR MORE: 10
MAX 90 OR ABOVE: 2 0.10 INCH OR MORE: 4
MIN 32 OR BELOW: 0 0.50 INCH OR MORE: 2
MIN 0 OR BELOW: 0 1.00 INCH OR MORE: 0
[HDD (BASE 65) ]
TOTAL THIS MO. 55 CLEAR (SCALE 0-3) 15
DPTR FM NORMAL 0 PTCLDY (SCALE 4-7) 10
TOTAL FM JUL 1 55 CLOUDY (SCALE 8-10) 5
DPTR FM NORMAL -2
[CDD (BASE 65) ]
TOTAL THIS MO. 165
DPTR FM NORMAL 54 [PRESSURE DATA]
TOTAL FM JAN 1 1596 HIGHEST SLP 30.56 ON 21
DPTR FM NORMAL 575 LOWEST SLP 29.64 ON 29
[REMARKS]
#FINAL-09-20#