000
CXUS51 KLWX 010815
CF6CHO
PRELIMINARY LOCAL CLIMATOLOGICAL DATA (WS FORM: F-6)
STATION: CHARLOTTESVILLE VA
MONTH: OCTOBER
YEAR: 2023
LATITUDE: 38 7 N
LONGITUDE: 78 27 W
TEMPERATURE IN F: :PCPN: SNOW: WIND :SUNSHINE: SKY :PK WND
================================================================================
1 2 3 4 5 6A 6B 7 8 9 10 11 12 13 14 15 16 17 18
12Z AVG MX 2MIN
DY MAX MIN AVG DEP HDD CDD WTR SNW DPTH SPD SPD DIR MIN PSBL S-S WX SPD DR
================================================================================
1 83 56 70 5 0 5 0.00 M M 3.3 16 60 M M 0 1 23 20
2 85 57 71 6 0 6 0.00 M M 2.0 9 30 M M 0 12 90
3 84 59 72 8 0 7 0.00 M M 1.9 9 70 M M 0 1 12 60
4 84 57 71 7 0 6 0.00 M M 1.5 9 100 M M 0 1 15 140
5 78 55 67 4 0 2 0.00 M M 1.8 12 190 M M 4 18 16 170
6 81 60 71 8 0 6 0.00 M M 2.0 9 170 M M 2 1 13 180
7 70 48 59 -4 6 0 0.15 M M 5.1 15 310 M M 4 25 300
8 60 46 53 -9 12 0 0.00 M M 3.1 15 300 M M 2 24 290
9 68 43 56 -6 9 0 0.06 M M 5.9 21 190 M M 2 26 180
10 73 43 58 -3 7 0 0.00 M M 3.3 14 280 M M 3 22 270
11 72 43 58 -3 7 0 0.00 M M 2.0 10 190 M M 0 14 190
12 77 47 62 1 3 0 0.00 M M 1.4 7 140 M M 0 10 90
13 75 48 62 2 3 0 0.00 M M 2.7 13 70 M M 1 17 30
14 63 58 61 1 4 0 0.30 M M 2.5 9 180 M M 10 18 11 180
15 64 47 56 -4 9 0 T M M 6.1 15 60 M M 5 24 360
16 65 43 54 -5 11 0 0.00 M M 3.9 12 360 M M 7 20 290
17 66 45 56 -3 9 0 0.00 M M 3.6 13 30 M M 7 19 30
18 64 47 56 -2 9 0 0.00 M M 1.7 9 210 M M 7 15 190
19 73 41 57 -1 8 0 0.00 M M 6.7 20 190 M M 2 18 26 210
20 64 52 58 0 7 0 0.06 M M 6.0 14 180 M M 6 18 180
21 69 49 59 2 6 0 0.00 M M 4.4 15 300 M M 4 25 280
22 69 43 56 -1 9 0 T M M 4.2 16 320 M M 2 23 340
23 69 40 55 -2 10 0 0.00 M M 2.3 10 70 M M 0 14 350
24 75 38 57 1 8 0 0.00 M M 4.8 15 170 M M 0 20 140
25 84 45 65 9 0 0 0.00 M M 7.3 14 190 M M 0 18 200
26 83 50 67 11 0 2 0.00 M M 4.5 10 190 M M 0 13 190
27 83 60 72 17 0 7 0.00 M M 3.3 10 190 M M 0 13 200
28 89 61 75 20 0 10 0.00 M M 4.0 10 210 M M 4 14 210
29 86 62 74 20 0 9 0.00 M M 2.6 12 60 M M 5 14 70
30 87 54 71 17 0 6 T M M 5.3 17 320 M M 6 128 28 320
31 54 41 48 -6 17 0 0.01 M M 3.3 10 50 M M 9 16 10
================================================================================
SM 2297 1538 154 66 0.58 M 112.5 M 92
================================================================================
AV 74.1 49.6 3.6 FASTST M M 3 MAX(MPH)
MISC ----> 21 190 28 320
================================================================================
NOTES:
# LAST OF SEVERAL OCCURRENCES
COLUMN 17 PEAK WIND IN M.P.H.
PRELIMINARY LOCAL CLIMATOLOGICAL DATA (WS FORM: F-6) , PAGE 2
STATION: CHARLOTTESVILLE VA
MONTH: OCTOBER
YEAR: 2023
LATITUDE: 38 7 N
LONGITUDE: 78 27 W
[TEMPERATURE DATA] [PRECIPITATION DATA] SYMBOLS USED IN COLUMN 16
AVERAGE MONTHLY: 61.9 TOTAL FOR MONTH: 0.58 1 = FOG OR MIST
DPTR FM NORMAL: 2.6 DPTR FM NORMAL: -2.73 2 = FOG REDUCING VISIBILITY
HIGHEST: 89 ON 28 GRTST 24HR 0.30 ON 14-14 TO 1/4 MILE OR LESS
LOWEST: 38 ON 24 3 = THUNDER
SNOW, ICE PELLETS, HAIL 4 = ICE PELLETS
TOTAL MONTH: M 5 = HAIL
GRTST 24HR M ON M 6 = FREEZING RAIN OR DRIZZLE
GRTST DEPTH: M ON M 7 = DUSTSTORM OR SANDSTORM:
VSBY 1/2 MILE OR LESS
8 = SMOKE OR HAZE
[NO. OF DAYS WITH] [WEATHER - DAYS WITH] 9 = BLOWING SNOW
X = TORNADO
MAX 32 OR BELOW: 0 0.01 INCH OR MORE: 5
MAX 90 OR ABOVE: 0 0.10 INCH OR MORE: 2
MIN 32 OR BELOW: 0 0.50 INCH OR MORE: 0
MIN 0 OR BELOW: 0 1.00 INCH OR MORE: 0
[HDD (BASE 65) ]
TOTAL THIS MO. 154 CLEAR (SCALE 0-3) 18
DPTR FM NORMAL -60 PTCLDY (SCALE 4-7) 11
TOTAL FM JUL 1 163 CLOUDY (SCALE 8-10) 2
DPTR FM NORMAL -79
[CDD (BASE 65) ]
TOTAL THIS MO. 66
DPTR FM NORMAL 30 [PRESSURE DATA]
TOTAL FM JAN 1 1528 HIGHEST SLP 30.39 ON 24
DPTR FM NORMAL 32 LOWEST SLP 29.47 ON 21
[REMARKS]
#FINAL-10-23#