000
CXUS52 KCHS 011537
CF6CHS
PRELIMINARY LOCAL CLIMATOLOGICAL DATA (WS FORM: F-6)
STATION: NORTH CHARLESTON SC
MONTH: FEBRUARY
YEAR: 2021
LATITUDE: 32 54 N
LONGITUDE: 80 2 W
TEMPERATURE IN F: :PCPN: SNOW: WIND :SUNSHINE: SKY :PK WND
================================================================================
1 2 3 4 5 6A 6B 7 8 9 10 11 12 13 14 15 16 17 18
12Z AVG MX 2MIN
DY MAX MIN AVG DEP HDD CDD WTR SNW DPTH SPD SPD DIR MIN PSBL S-S WX SPD DR
================================================================================
1 57 41 49 0 16 0 0.07 0.0 0 10.4 21 340 M M 10 1 27 300
2 50 37 44 -6 21 0 T 0.0 0 13.1 25 330 M M 6 35 340
3 54 31 43 -7 22 0 0.00 0.0 0 8.7 20 340 M M 0 26 340
4 55 26 41 -9 24 0 T 0.0 0 4.6 14 200 M M 6 17 160
5 57 48 53 3 12 0 0.01 0.0 0 10.9 31 230 M M 10 18 40 240
6 53 43 48 -2 17 0 0.35 0.0 0 9.3 24 50 M M 10 1 28 50
7 52 36 44 -6 21 0 0.02 0.0 0 7.7 20 330 M M 7 1 24 320
8 62 31 47 -3 18 0 0.00 0.0 0 7.2 17 100 M M 4 1 21 90
9 67 49 58 7 7 0 T 0.0 0 4.4 15 150 M M 8 16 150
10 64 52 58 7 7 0 T 0.0 0 5.3 14 90 M M 9 1 21 100
11 68 51 60 9 5 0 T 0.0 0 3.7 9 150 M M 10 12 11 150
12 59 42 51 0 14 0 T 0.0 0 8.9 16 70 M M 10 12 21 60
13 43 41 42 -9 23 0 1.02 0.0 0 8.1 14 360 M M 10 13 19 40
14 44 41 43 -9 22 0 1.32 0.0 0 9.1 16 40 M M 10 1 22 40
15 68 42 55 3 10 0 0.55 0.0 0 7.8 23 210 M M 10 13 31 210
16 65 43 54 2 11 0 0.01 0.0 0 11.2 24 290 M M 3 1 31 260
17 52 33 43 -9 22 0 0.00 0.0 0 7.2 13 70 M M 6 16 70
18 53 41 47 -5 18 0 0.49 0.0 0 8.7 17 320 M M 10 123 22 330
19 46 37 42 -10 23 0 0.93 0.0 0 7.0 16 340 M M 8 1 19 340
20 56 35 46 -7 19 0 0.00 0.0 0 4.1 14 330 M M 3 1 18 330
21 53 30 42 -11 23 0 0.00 0.0 0 9.1 18 90 M M 1 1 23 90
22 73 42 58 5 7 0 0.06 0.0 0 9.4 30 210 M M 7 1 40 200
23 70 45 58 5 7 0 0.00 0.0 0 6.9 15 300 M M 1 18 20 290
24 75 40 58 4 7 0 0.00 0.0 0 6.7 21 200 M M 0 25 210
25 80 46 63 9 2 0 0.00 0.0 0 6.1 16 170 M M 2 8 19 160
26 76 52 64 10 1 0 0.00 0.0 0 6.7 16 190 M M 5 12 21 170
27 81 51 66 12 0 1 0.00 0.0 0 6.6 17 210 M M 4 22 200
28 81 63 72 18 0 7 0.00 0.0 0 13.1 30 220 M M 7 1 38 210
================================================================================
SM 1714 1169 379 8 4.83 0.0 222.0 M 177
================================================================================
AV 61.2 41.8 7.9 FASTST M M 6 MAX(MPH)
MISC ----> 31 230 # 40 240
================================================================================
NOTES:
# LAST OF SEVERAL OCCURRENCES
COLUMN 17 PEAK WIND IN M.P.H.
PRELIMINARY LOCAL CLIMATOLOGICAL DATA (WS FORM: F-6) , PAGE 2
STATION: NORTH CHARLESTON SC
MONTH: FEBRUARY
YEAR: 2021
LATITUDE: 32 54 N
LONGITUDE: 80 2 W
[TEMPERATURE DATA] [PRECIPITATION DATA] SYMBOLS USED IN COLUMN 16
AVERAGE MONTHLY: 51.5 TOTAL FOR MONTH: 4.83 1 = FOG OR MIST
DPTR FM NORMAL: -0.2 DPTR FM NORMAL: 1.87 2 = FOG REDUCING VISIBILITY
HIGHEST: 81 ON 28,27 GRTST 24HR 1.34 ON 13-14 TO 1/4 MILE OR LESS
LOWEST: 26 ON 4 3 = THUNDER
SNOW, ICE PELLETS, HAIL 4 = ICE PELLETS
TOTAL MONTH: 0.0 INCH 5 = HAIL
GRTST 24HR 0.0 6 = FREEZING RAIN OR DRIZZLE
GRTST DEPTH: 0 7 = DUSTSTORM OR SANDSTORM:
VSBY 1/2 MILE OR LESS
8 = SMOKE OR HAZE
[NO. OF DAYS WITH] [WEATHER - DAYS WITH] 9 = BLOWING SNOW
X = TORNADO
MAX 32 OR BELOW: 0 0.01 INCH OR MORE: 11
MAX 90 OR ABOVE: 0 0.10 INCH OR MORE: 6
MIN 32 OR BELOW: 4 0.50 INCH OR MORE: 4
MIN 0 OR BELOW: 0 1.00 INCH OR MORE: 2
[HDD (BASE 65) ]
TOTAL THIS MO. 379 CLEAR (SCALE 0-3) 7
DPTR FM NORMAL 2 PTCLDY (SCALE 4-7) 10
TOTAL FM JUL 1 1401 CLOUDY (SCALE 8-10) 11
DPTR FM NORMAL -236
[CDD (BASE 65) ]
TOTAL THIS MO. 8
DPTR FM NORMAL 3 [PRESSURE DATA]
TOTAL FM JAN 1 16 HIGHEST SLP 30.56 ON 21
DPTR FM NORMAL 14 LOWEST SLP 29.69 ON 1
[REMARKS]
#FINAL-02-21#