000
CXUS53 KDVN 011546
CLSCID
CLIMATE REPORT
NATIONAL WEATHER SERVICE QUAD CITIES IA IL
1046 AM CDT THU JUN 01 2023
...................................
...THE CEDAR RAPIDS IA CLIMATE SUMMARY FOR THE SEASON, FROM
3/1/2023 TO 5/31/2023...
CLIMATE NORMAL PERIOD 1991 TO 2020
CLIMATE RECORD PERIOD 1891 TO 2023
WEATHER OBSERVED NORMAL DEPART LAST YEAR`S
VALUE DATE(S) VALUE FROM VALUE
NORMAL
..............................................................
TEMPERATURE (F)
RECORD
HIGH 104 05/31/1934
LOW -20 03/01/1962
HIGHEST 90 05/31 76 14
LOWEST 7 03/19 21 -14
AVG. MAXIMUM 61.9 59.2 2.7
AVG. MINIMUM 37.4 38.0 -0.6
MEAN 49.7 48.6 1.1
DAYS MAX >= 90 1
DAYS MAX <= 32 4
DAYS MIN <= 32 37
DAYS MIN <= 0 0
PRECIPITATION (INCHES)
TOTALS 4.32 9.80 -5.48
DAILY AVG. 0.05 0.11 -0.06
DAYS >= .01 18
DAYS >= .10 8
DAYS >= .50 4
DAYS >= 1.00 0
GREATEST
24 HR. TOTAL 1.37 05/07 TO 05/08
DEGREE DAYS
HEATING TOTAL 1455 1570 -115
SINCE 7/1 6357 6799 -442
COOLING TOTAL 65 58 7
SINCE 1/1 65 58 7
..............................................................
WIND (MPH)
AVERAGE WIND SPEED 12.1
HIGHEST WIND SPEED/DIRECTION 48/360 DATE 05/07
HIGHEST GUST SPEED/DIRECTION 69/250 DATE 03/31
SKY COVER
POSSIBLE SUNSHINE (PERCENT) MM
AVERAGE SKY COVER 0.38
NUMBER OF DAYS FAIR 48
NUMBER OF DAYS PC 26
NUMBER OF DAYS CLOUDY 18
AVERAGE RH (PERCENT) 62
WEATHER CONDITIONS. NUMBER OF DAYS WITH
THUNDERSTORM 12 HAIL 0
SLEET 0 FOG 34
FOG W/VIS <= 1/4 MILE 5 HAZE 16
- INDICATES NEGATIVE NUMBERS.
R INDICATES RECORD WAS SET OR TIED.
MM INDICATES DATA IS MISSING.
T INDICATES TRACE AMOUNT.
$$