000
CXUS51 KCLE 031749
CLSCLE
CLIMATE REPORT
NATIONAL WEATHER SERVICE CLEVELAND, OH
149 PM EDT SAT JUN 03 2023
...................................
...THE CLEVELAND OH CLIMATE SUMMARY FOR THE SEASON, FROM
3/1/2023 TO 5/31/2023...
CLIMATE NORMAL PERIOD 1991 TO 2020
CLIMATE RECORD PERIOD 1871 TO 2023
WEATHER OBSERVED NORMAL DEPART
VALUE DATE(S) VALUE FROM
NORMAL
................................................
TEMPERATURE (F)
RECORD
HIGH 93 05/28/2018
LOW -5 03/09/1984
03/12/1948
HIGHEST 87 05/30
LOWEST 18 03/15
AVG. MAXIMUM 59.9 59.4 0.5
AVG. MINIMUM 40.3 40.9 -0.6
MEAN 50.1 50.2 -0.1
DAYS MAX >= 90 0 0.4
DAYS MAX <= 32 1 4.2
DAYS MIN <= 32 21 26.8
DAYS MIN <= 0 0 0.0
PRECIPITATION (INCHES)
RECORD
MAXIMUM 18.21 2011
MINIMUM 4.45 1895
TOTALS 8.56 10.60 -2.04
DAYS >= .01 30 42.8
DAYS >= .10 22 24.6
DAYS >= .50 6 6.3
DAYS >= 1.00 1 1.9
SNOWFALL (INCHES)
RECORDS
TOTAL 30.8 2005
TOTALS 4.0 13.5
DAYS >= TRACE 16
DAYS >= 1.0 1 4.1
DEGREE DAYS
HEATING TOTAL 1396 1440 -44
COOLING TOTAL 45 78 -33
................................................
WIND (MPH)
HIGHEST GUST SPEED/DIRECTION 63/220 DATE 03/25
SKY COVER
POSSIBLE SUNSHINE (PERCENT) MM
AVERAGE SKY COVER 0.61
NUMBER OF DAYS FAIR 23
NUMBER OF DAYS PC 29
NUMBER OF DAYS CLOUDY 40
WEATHER CONDITIONS. NUMBER OF DAYS WITH
THUNDERSTORM 6 MIXED PRECIP 0
HEAVY RAIN 8 RAIN 15
LIGHT RAIN 36 FREEZING RAIN 0
LT FREEZING RAIN 0 HAIL 0
HEAVY SNOW 2 SNOW 3
LIGHT SNOW 15 SLEET 0
FOG 31 FOG W/VIS <= 1/4 MILE 2
HAZE 16
- INDICATES NEGATIVE NUMBERS.
R INDICATES RECORD WAS SET OR TIED.
MM INDICATES DATA IS MISSING.
T INDICATES TRACE AMOUNT.
$$