000
CXUS56 KLOX 021854
CF6CMA
PRELIMINARY LOCAL CLIMATOLOGICAL DATA (WS FORM: F-6)
STATION: CAMARILLO AIRPORT CA
MONTH: SEPTEMBER
YEAR: 2023
LATITUDE: 34 12 N
LONGITUDE: 119 6 W
TEMPERATURE IN F: :PCPN: SNOW: WIND :SUNSHINE: SKY :PK WND
================================================================================
1 2 3 4 5 6A 6B 7 8 9 10 11 12 13 14 15 16 17 18
12Z AVG MX 2MIN
DY MAX MIN AVG DEP HDD CDD WTR SNW DPTH SPD SPD DIR MIN PSBL S-S WX SPD DR
================================================================================
1 81 64 73 2 0 8 T M M 6.8 21 220 M M 4 18 35 220
2 82 68 75 4 0 10 0.07 M M 6.0 18 190 M M 7 18 27 190
3 78 65 72 1 0 7 0.00 M M 7.6 18 280 M M 5 24 250
4 78 60 69 -2 0 4 0.00 M M 4.6 16 200 M M 0 8 28 190
5 76 62 69 -2 0 4 0.00 M M 4.7 15 230 M M 4 21 210
6 79 63 71 0 0 6 0.00 M M 5.4 15 270 M M 4 21 280
7 79 58 69 -1 0 4 0.00 M M 3.4 12 260 M M 0 18 19 230
8 86 60 73 3 0 8 0.00 M M 3.8 13 260 M M 0 17 260
9 87 65 76 6 0 11 0.00 M M 4.8 13 250 M M 0 18 240
10 87 68 78 8 0 13 T M M 5.2 18 200 M M 2 34 230
11 87 66 77 7 0 12 0.00 M M 3.7 17 290 M M 0 8 22 270
12 78 63 71 1 0 6 0.00 M M 4.5 13 260 M M 1 18 20 260
13 76 61 69 -1 0 4 0.00 M M 4.2 13 270 M M 5 1 20 250
14 75 61 68 -2 0 3 0.00 M M 4.3 13 220 M M 7 18 18 220
15 74 65 70 0 0 5 0.00 M M 4.6 13 240 M M 10 18 17 250
16 70 65 68 -2 0 3 0.00 M M 3.5 9 260 M M 10 18 13 180
17 72 60 66 -4 0 1 T M M 3.1 12 280 M M 8 18 14 270
18 76 59 68 -1 0 3 0.00 M M 5.3 14 240 M M 2 1 21 230
19 75 56 66 -3 0 1 0.00 M M 3.9 15 230 M M 2 21 220
20 76 60 68 -1 0 3 0.00 M M 5.6 14 270 M M 7 18 19 270
21 74 59 67 -2 0 2 0.00 M M 4.9 14 230 M M 7 18 20 240
22 74 56 65 -4 0 0 0.00 M M 4.2 16 210 M M 1 18 20 210
23 75 55 65 -4 0 0 0.00 M M 4.6 13 250 M M 1 18 20 260
24 75 55 65 -3 0 0 0.00 M M 4.6 13 260 M M 1 18 18 260
25 76 53 65 -3 0 0 0.00 M M 3.9 13 270 M M 1 18 19 260
26 81 51 66 -2 0 1 0.00 M M 2.9 12 230 M M 0 1 19 230
27 81 57 69 1 0 4 0.00 M M 3.6 14 200 M M 0 1 19 220
28 75 60 68 0 0 3 0.00 M M 4.1 14 210 M M 6 18 20 220
29 71 65 68 0 0 3 0.00 M M 4.5 14 270 M M 10 8 18 270
30 72 58 65 -2 0 0 T M M 6.9 20 260 M M 6 36 260
================================================================================
SM 2326 1818 0 129 0.07 M 139.2 M 111
================================================================================
AV 77.5 60.6 4.6 FASTST M M 4 MAX(MPH)
MISC ----> 21 220 36 260
================================================================================
NOTES:
# LAST OF SEVERAL OCCURRENCES
COLUMN 17 PEAK WIND IN M.P.H.
PRELIMINARY LOCAL CLIMATOLOGICAL DATA (WS FORM: F-6) , PAGE 2
STATION: CAMARILLO AIRPORT CA
MONTH: SEPTEMBER
YEAR: 2023
LATITUDE: 34 12 N
LONGITUDE: 119 6 W
[TEMPERATURE DATA] [PRECIPITATION DATA] SYMBOLS USED IN COLUMN 16
AVERAGE MONTHLY: 69.1 TOTAL FOR MONTH: 0.07 1 = FOG OR MIST
DPTR FM NORMAL: -0.4 DPTR FM NORMAL: 0.01 2 = FOG REDUCING VISIBILITY
HIGHEST: 87 ON 11,10 GRTST 24HR 0.07 ON 1- 2 TO 1/4 MILE OR LESS
LOWEST: 51 ON 26 3 = THUNDER
SNOW, ICE PELLETS, HAIL 4 = ICE PELLETS
TOTAL MONTH: M 5 = HAIL
GRTST 24HR M ON M 6 = FREEZING RAIN OR DRIZZLE
GRTST DEPTH: M ON M 7 = DUSTSTORM OR SANDSTORM:
VSBY 1/2 MILE OR LESS
8 = SMOKE OR HAZE
[NO. OF DAYS WITH] [WEATHER - DAYS WITH] 9 = BLOWING SNOW
X = TORNADO
MAX 32 OR BELOW: 0 0.01 INCH OR MORE: 1
MAX 90 OR ABOVE: 0 0.10 INCH OR MORE: 0
MIN 32 OR BELOW: 0 0.50 INCH OR MORE: 0
MIN 0 OR BELOW: 0 1.00 INCH OR MORE: 0
[HDD (BASE 65) ]
TOTAL THIS MO. 0 CLEAR (SCALE 0-3) 15
DPTR FM NORMAL -7 PTCLDY (SCALE 4-7) 12
TOTAL FM JUL 1 2 CLOUDY (SCALE 8-10) 3
DPTR FM NORMAL -5
[CDD (BASE 65) ]
TOTAL THIS MO. 129
DPTR FM NORMAL -13 [PRESSURE DATA]
TOTAL FM JAN 1 498 HIGHEST SLP 30.10 ON 25
DPTR FM NORMAL -48 LOWEST SLP 29.82 ON 30
[REMARKS]
#FINAL-09-23#