649
CXUS51 KILN 010541
CF6CMH
PRELIMINARY LOCAL CLIMATOLOGICAL DATA (WS FORM: F-6)
STATION: COLUMBUS OH
MONTH: APRIL
YEAR: 2020
LATITUDE: 40 0 N
LONGITUDE: 82 53 W
TEMPERATURE IN F: :PCPN: SNOW: WIND :SUNSHINE: SKY :PK WND
================================================================================
1 2 3 4 5 6A 6B 7 8 9 10 11 12 13 14 15 16 17 18
12Z AVG MX 2MIN
DY MAX MIN AVG DEP HDD CDD WTR SNW DPTH SPD SPD DIR MIN PSBL S-S WX SPD DR
================================================================================
1 51 40 46 -2 19 0 T 0.0 0 10.5 18 350 M M 10 22 340
2 59 35 47 -1 18 0 0.00 0.0 0 7.4 17 320 M M 4 22 310
3 66 34 50 1 15 0 0.00 0.0 0 5.1 17 350 M M 4 25 340
4 70 37 54 5 11 0 0.00 0.0 0 2.9 17 340 M M 4 21 340
5 55 39 47 -2 18 0 0.11 0.0 0 8.0 15 340 M M 9 18 17 340
6 66 33 50 0 15 0 T 0.0 0 3.6 12 230 M M 3 14 230
7 77 51 64 14 1 0 0.66 0.0 0 7.5 21 250 M M 7 13 26 250
8 74 53 64 14 1 0 0.60 0.0 0 8.0 28 320 M M 6 138 34 320
9 57 37 47 -4 18 0 0.01 0.0 0 19.1 38 300 M M 7 48 300
10 45 33 39 -12 26 0 0.00 0.0 0 14.7 30 310 M M 6 37 330
11 57 29 43 -9 22 0 0.00 0.0 0 5.1 18 210 M M 6 24 190
12 63 44 54 2 11 0 0.51 0.0 0 8.1 21 180 M M 9 1 28 180
13 61 41 51 -1 14 0 0.35 0.0 0 15.6 36 290 M M 10 1 42 290
14 46 33 40 -13 25 0 0.00 0.0 0 8.9 22 300 M M 8 28 270
15 52 27 40 -13 25 0 0.02 T 0 10.4 36 290 M M 3 1 45 300
16 50 26 38 -15 27 0 0.00 0.0 0 9.1 24 290 M M 4 30 290
17 49 36 43 -11 22 0 0.51 T 0 8.3 21 330 M M 10 1 25 330
18 52 35 44 -10 21 0 0.00 0.0 0 10.4 21 330 M M 6 1 25 330
19 59 38 49 -5 16 0 0.00 0.0 0 6.9 16 210 M M 6 21 200
20 61 37 49 -6 16 0 T 0.0 0 7.3 17 260 M M 5 24 230
21 55 35 45 -10 20 0 0.00 0.0 0 17.3 33 300 M M 5 40 310
22 60 29 45 -10 20 0 0.00 0.0 0 4.8 14 110 M M 6 17 100
23 56 43 50 -6 15 0 0.10 0.0 0 6.0 14 100 M M 10 1 18 90
24 66 47 57 1 8 0 T 0.0 0 8.8 18 340 M M 7 1 21 330
25 69 47 58 2 7 0 0.17 0.0 0 8.9 24 130 M M 8 1 34 130
26 53 42 48 -9 17 0 0.48 0.0 0 13.5 25 360 M M 9 1 32 350
27 62 35 49 -8 16 0 T 0.0 0 5.1 14 210 M M 4 19 210
28 73 49 61 4 4 0 0.15 0.0 0 7.7 15 230 M M 9 1 24 240
29 72 52 62 4 3 0 0.48 0.0 0 11.7 28 200 M M 10 1 40 200
30 52 45 49 -9 16 0 0.07 0.0 0 11.0 22 250 M M 10 18 27 240
================================================================================
SM 1788 1162 467 0 4.22 T 271.7 M 205
================================================================================
AV 59.6 38.7 9.1 FASTST M M 7 MAX(MPH)
MISC ----> # 38 300 # 48 300
================================================================================
NOTES:
# LAST OF SEVERAL OCCURRENCES
COLUMN 17 PEAK WIND IN M.P.H.
PRELIMINARY LOCAL CLIMATOLOGICAL DATA (WS FORM: F-6) , PAGE 2
STATION: COLUMBUS OH
MONTH: APRIL
YEAR: 2020
LATITUDE: 40 0 N
LONGITUDE: 82 53 W
[TEMPERATURE DATA] [PRECIPITATION DATA] SYMBOLS USED IN COLUMN 16
AVERAGE MONTHLY: 49.2 TOTAL FOR MONTH: 4.22 1 = FOG OR MIST
DPTR FM NORMAL: -3.9 DPTR FM NORMAL: 0.82 2 = FOG REDUCING VISIBILITY
HIGHEST: 77 ON 7 GRTST 24HR 0.66 ON 7- 7 TO 1/4 MILE OR LESS
LOWEST: 26 ON 16 3 = THUNDER
SNOW, ICE PELLETS, HAIL 4 = ICE PELLETS
TOTAL MONTH: T 5 = HAIL
GRTST 24HR T ON 17-17 6 = FREEZING RAIN OR DRIZZLE
GRTST DEPTH: 0 7 = DUSTSTORM OR SANDSTORM:
VSBY 1/2 MILE OR LESS
8 = SMOKE OR HAZE
[NO. OF DAYS WITH] [WEATHER - DAYS WITH] 9 = BLOWING SNOW
X = TORNADO
MAX 32 OR BELOW: 0 0.01 INCH OR MORE: 14
MAX 90 OR ABOVE: 0 0.10 INCH OR MORE: 11
MIN 32 OR BELOW: 4 0.50 INCH OR MORE: 4
MIN 0 OR BELOW: 0 1.00 INCH OR MORE: 0
[HDD (BASE 65) ]
TOTAL THIS MO. 467 CLEAR (SCALE 0-3) 2
DPTR FM NORMAL 96 PTCLDY (SCALE 4-7) 18
TOTAL FM JUL 1 4677 CLOUDY (SCALE 8-10) 10
DPTR FM NORMAL -405
[CDD (BASE 65) ]
TOTAL THIS MO. 0
DPTR FM NORMAL -12 [PRESSURE DATA]
TOTAL FM JAN 1 0 HIGHEST SLP 30.32 ON 16
DPTR FM NORMAL -12 LOWEST SLP 29.31 ON 13
[REMARKS]
#FINAL-04-20#