000
CXUS53 KILX 011147
CLSCMI
CLIMATE REPORT
NATIONAL WEATHER SERVICE LINCOLN IL
647 AM CDT TUE JUN 01 2021
...................................
...THE CHAMPAIGN IL AIRPORT CLIMATE SUMMARY FOR THE SEASON, FROM
3/1/2021 TO 5/31/2021...
CLIMATE NORMAL PERIOD 1991 TO 2020
CLIMATE RECORD PERIOD 9999 TO 9999
WEATHER OBSERVED NORMAL DEPART LAST YEAR`S
VALUE DATE(S) VALUE FROM VALUE
NORMAL
..............................................................
TEMPERATURE (F)
RECORD
HIGH MM MM
LOW 20 03/02/2021
HIGHEST 91 05/24 MM MM 87
05/25
LOWEST 20R 03/02 MM MM 19
AVG. MAXIMUM 65.1 63.9 1.2 61.2
AVG. MINIMUM 42.1 41.5 0.6 40.5
MEAN 53.6 52.7 0.9 50.9
DAYS MAX >= 90 3 2.2 0.8 0
DAYS MAX <= 32 0 1.7 -1.7 0
DAYS MIN <= 32 17 24.5 -7.5 24
DAYS MIN <= 0 0 0.2 -0.2 0
PRECIPITATION (INCHES)
RECORD
MAXIMUM MM MM
MINIMUM MM MM
TOTALS 9.61 10.64 -1.03 11.53
DAILY AVG. 0.10 0.12
DAYS >= .01 34 35.4 -1.4 42
DAYS >= .10 21 21.2 -0.2 22
DAYS >= .50 5 6.9 -1.9 9
DAYS >= 1.00 3 2.0 1.0 2
GREATEST
24 HR. TOTAL 1.45 1.39
DEGREE DAYS
HEATING TOTAL 1130 1247 -117 1347
SINCE 7/1 5448 5574 -126 5616
COOLING TOTAL 107 114 -7 73
SINCE 1/1 107 113 -6 73
FREEZE DATES
RECORD
EARLIEST MM
LATEST MM
EARLIEST 10/05
LATEST 05/09
..............................................................
WIND (MPH)
AVERAGE WIND SPEED 11.9
HIGHEST WIND SPEED/DIRECTION 46/190 DATE 03/10
HIGHEST GUST SPEED/DIRECTION 66/040 DATE 03/18
SKY COVER
POSSIBLE SUNSHINE (PERCENT) MM
AVERAGE SKY COVER 0.39
NUMBER OF DAYS FAIR 49
NUMBER OF DAYS PC 25
NUMBER OF DAYS CLOUDY 18
AVERAGE RH (PERCENT) 65
WEATHER CONDITIONS. NUMBER OF DAYS WITH
THUNDERSTORM 9 MIXED PRECIP 0
HEAVY RAIN 11 RAIN 15
LIGHT RAIN 37 FREEZING RAIN 1
LT FREEZING RAIN 1 HAIL 0
HEAVY SNOW 0 SNOW 1
LIGHT SNOW 1 SLEET 0
FOG 32 FOG W/VIS <= 1/4 MILE 5
HAZE 10
- INDICATES NEGATIVE NUMBERS.
R INDICATES RECORD WAS SET OR TIED.
MM INDICATES DATA IS MISSING.
T INDICATES TRACE AMOUNT.
$$