000
CXUS53 KTOP 120108
CF6CNK
PRELIMINARY LOCAL CLIMATOLOGICAL DATA (WS FORM: F-6)
STATION: CONCORDIA KS
MONTH: OCTOBER
YEAR: 2021
LATITUDE: 39 32 N
LONGITUDE: 97 39 W
TEMPERATURE IN F: :PCPN: SNOW: WIND :SUNSHINE: SKY :PK WND
================================================================================
1 2 3 4 5 6A 6B 7 8 9 10 11 12 13 14 15 16 17 18
12Z AVG MX 2MIN
DY MAX MIN AVG DEP HDD CDD WTR SNW DPTH SPD SPD DIR MIN PSBL S-S WX SPD DR
================================================================================
1 76 58 67 5 0 2 0.00 M M 5.8 12 280 M M 6 8 19 300
2 70 57 64 2 1 0 0.00 M M 6.1 14 330 M M 5 20 320
3 83 50 67 6 0 2 0.00 M M 6.4 15 330 M M 0 8 22 350
4 88 48 68 7 0 3 0.00 M M 4.2 15 30 M M 0 8 22 40
5 80 50 65 5 0 0 0.00 M M 3.2 9 70 M M 0 8 14 60
6 74 51 63 3 2 0 0.00 M M M M M M M 0 M M
7 82 54 68 8 0 3 0.00 M M M M M M M 0 M M
8 88 62 75 16 0 10 0.00 M M 3.9 13 120 M M 0 8 16 120
9 88 61 75 16 0 10 0.01 M M 7.7 21 200 M M 0 8 28 220
10 69 55 62 4 3 0 0.44 M M 7.1 18 320 M M 4 1 25 330
11 79 49 64 6 1 0 0.00 M M 8.8 17 320 M M 0 8 22 320
12 79 47 63 6 2 0 0.04 M M 14.5 30 130 M M 4 3 43 120
13 70 49 60 3 5 0 0.90 M M 13.9 26 120 M M 3 13 41 140
14 67 39 53 -3 12 0 0.00 M M 7.7 17 350 M M 4 27 350
15 64 41 53 -3 12 0 0.00 M M 9.4 25 310 M M 2 36 300
16 71 37 54 -2 11 0 0.00 M M 8.4 16 290 M M 0 22 290
17 78 40 59 4 6 0 0.00 M M 7.4 20 190 M M 0 25 180
18 76 50 63 8 2 0 0.00 M M 15.5 28 170 M M 0 38 170
19 79 53 66 12 0 1 0.00 M M 15.3 28 170 M M 0 37 180
20 67 41 54 0 11 0 0.00 M M 13.8 24 310 M M 3 8 33 300
21 63 35 49 -4 16 0 0.00 M M 6.8 16 290 M M 0 8 22 280
22 77 35 56 3 9 0 0.00 M M 5.0 17 190 M M 0 18 23 180
23 64 43 54 2 11 0 T M M 11.1 18 100 M M 6 13 29 110
24 61 46 54 2 11 0 0.01 M M 13.0 25 330 M M 8 13 34 300
25 53 42 48 -4 17 0 0.00 M M 8.2 20 10 M M 8 1 26 10
26 67 46 57 6 8 0 T M M 19.1 29 130 M M 10 1 40 140
27 65 50 58 7 7 0 1.56 M M 17.2 26 330 M M 10 13 38 330
28 63 46 55 5 10 0 0.00 M M 21.4 40 340 M M 2 56 330
29 63 42 53 3 12 0 0.00 M M 11.9 23 340 M M 0 32 330
30 74 34 54 5 11 0 0.00 M M 8.8 21 350 M M 0 30 350
31 55 42 49 0 16 0 0.00 M M 10.7 22 350 M M 5 30 360
================================================================================
SM 2233 1453 196 31 2.96 M 292.3 M 80
================================================================================
AV 72.0 46.9 10.1 FASTST M M 3 MAX(MPH)
MISC ----> 40 340 56 330
================================================================================
NOTES:
# LAST OF SEVERAL OCCURRENCES
COLUMN 17 PEAK WIND IN M.P.H.
PRELIMINARY LOCAL CLIMATOLOGICAL DATA (WS FORM: F-6) , PAGE 2
STATION: CONCORDIA KS
MONTH: OCTOBER
YEAR: 2021
LATITUDE: 39 32 N
LONGITUDE: 97 39 W
[TEMPERATURE DATA] [PRECIPITATION DATA] SYMBOLS USED IN COLUMN 16
AVERAGE MONTHLY: 59.5 TOTAL FOR MONTH: 2.96 1 = FOG OR MIST
DPTR FM NORMAL: 3.9 DPTR FM NORMAL: 0.98 2 = FOG REDUCING VISIBILITY
HIGHEST: 88 ON 4, 9 GRTST 24HR 1.56 ON 27-27 TO 1/4 MILE OR LESS
LOWEST: 34 ON 30 3 = THUNDER
SNOW, ICE PELLETS, HAIL 4 = ICE PELLETS
TOTAL MONTH: M 5 = HAIL
GRTST 24HR M ON M 6 = FREEZING RAIN OR DRIZZLE
GRTST DEPTH: M ON M 7 = DUSTSTORM OR SANDSTORM:
VSBY 1/2 MILE OR LESS
8 = SMOKE OR HAZE
[NO. OF DAYS WITH] [WEATHER - DAYS WITH] 9 = BLOWING SNOW
X = TORNADO
MAX 32 OR BELOW: 0 0.01 INCH OR MORE: 6
MAX 90 OR ABOVE: 0 0.10 INCH OR MORE: 3
MIN 32 OR BELOW: 0 0.50 INCH OR MORE: 2
MIN 0 OR BELOW: 0 1.00 INCH OR MORE: 1
[HDD (BASE 65) ]
TOTAL THIS MO. 196 CLEAR (SCALE 0-3) 20
DPTR FM NORMAL -122 PTCLDY (SCALE 4-7) 9
TOTAL FM JUL 1 202 CLOUDY (SCALE 8-10) 2
DPTR FM NORMAL -182
[CDD (BASE 65) ]
TOTAL THIS MO. 31
DPTR FM NORMAL 5 [PRESSURE DATA]
TOTAL FM JAN 1 1669 HIGHEST SLP 30.37 ON 31
DPTR FM NORMAL 297 LOWEST SLP 29.40 ON 27
[REMARKS]
#FINAL-10-21#
TEMPERATURES FOR OCTOBER 5 THROUGH 8 FROM COOP CONK1.