000
CXUS56 KSGX 011045
CF6CNO
PRELIMINARY LOCAL CLIMATOLOGICAL DATA (WS FORM: F-6)
STATION: CHINO AIRPORT CA
MONTH: JULY
YEAR: 2022
LATITUDE: 33 58 N
LONGITUDE: 117 38 W
TEMPERATURE IN F: :PCPN: SNOW: WIND :SUNSHINE: SKY :PK WND
================================================================================
1 2 3 4 5 6A 6B 7 8 9 10 11 12 13 14 15 16 17 18
12Z AVG MX 2MIN
DY MAX MIN AVG DEP HDD CDD WTR SNW DPTH SPD SPD DIR MIN PSBL S-S WX SPD DR
================================================================================
1 96 63 80 4 0 15 0.00 M M 6.6 18 250 M M 1 8 23 240
2 93 62 78 1 0 13 0.00 M M 8.0 21 260 M M 0 8 26 240
3 87 57 72 -5 0 7 0.00 M M 7.2 21 270 M M 1 1 25 270
4 88 57 73 -4 0 8 0.00 M M 6.5 20 230 M M 1 18 25 250
5 90 59 75 -2 0 10 0.00 M M 7.1 20 240 M M 0 18 24 230
6 90 61 76 -1 0 11 0.00 M M 7.1 18 260 M M 1 22 250
7 95 59 77 -1 0 12 0.00 M M 6.8 21 250 M M 0 26 260
8 95 61 78 0 0 13 0.00 M M 7.3 20 260 M M 1 24 250
9 98 59 79 1 0 14 0.00 M M 5.8 20 250 M M 1 24 260
10 98 58 78 0 0 13 0.00 M M 5.9 17 240 M M 0 23 260
11 95 61 78 0 0 13 0.00 M M 7.7 18 240 M M 0 26 270
12 91 60 76 -2 0 11 0.00 M M 7.7 17 240 M M 1 18 21 240
13 94 58 76 -2 0 11 0.00 M M 6.9 17 250 M M 1 18 22 270
14 90 63 77 -1 0 12 0.00 M M 7.4 20 250 M M 2 8 24 280
15 99 65 82 4 0 17 0.00 M M 6.9 17 260 M M 1 22 270
16 99 66 83 5 0 18 0.00 M M 6.2 18 240 M M 1 8 25 250
17 102 65 84 5 0 19 0.00 M M 7.5 22 250 M M 3 8 27 240
18 100 70 85 6 0 20 0.00 M M 7.4 20 250 M M 2 25 250
19 100 65 83 4 0 18 0.00 M M 7.1 20 230 M M 1 8 23 230
20 99 66 83 4 0 18 0.00 M M 6.2 18 230 M M 3 24 270
21 98 65 82 3 0 17 0.00 M M 6.8 18 260 M M 3 8 21 260
22 96 63 80 1 0 15 0.00 M M 7.1 16 240 M M 4 22 230
23 97 64 81 2 0 16 0.00 M M 7.9 23 250 M M 4 8 27 250
24 94 64 79 0 0 14 0.00 M M 7.8 18 270 M M 3 18 23 260
25 95 65 80 1 0 15 0.00 M M 7.3 17 260 M M 4 18 22 270
26 94 64 79 0 0 14 0.00 M M 7.5 18 260 M M 2 18 22 250
27 97 64 81 2 0 16 0.00 M M 6.5 18 260 M M 3 8 21 260
28 95 62 79 0 0 14 0.00 M M 6.7 17 230 M M 4 21 240
29 97 64 81 2 0 16 0.00 M M 7.0 21 250 M M 2 24 240
30 98 67 83 4 0 18 0.00 M M 8.4 21 260 M M 4 25 270
31 98 71 85 6 0 20 0.00 M M 6.9 21 230 M M 5 23 230
================================================================================
SM 2958 1948 0 448 0.00 M 219.2 M 59
================================================================================
AV 95.4 62.8 7.1 FASTST M M 2 MAX(MPH)
MISC ----> 23 250 # 27 240
================================================================================
NOTES:
# LAST OF SEVERAL OCCURRENCES
COLUMN 17 PEAK WIND IN M.P.H.
PRELIMINARY LOCAL CLIMATOLOGICAL DATA (WS FORM: F-6) , PAGE 2
STATION: CHINO AIRPORT CA
MONTH: JULY
YEAR: 2022
LATITUDE: 33 58 N
LONGITUDE: 117 38 W
[TEMPERATURE DATA] [PRECIPITATION DATA] SYMBOLS USED IN COLUMN 16
AVERAGE MONTHLY: 79.1 TOTAL FOR MONTH: 0.00 1 = FOG OR MIST
DPTR FM NORMAL: 0.8 DPTR FM NORMAL: -0.08 2 = FOG REDUCING VISIBILITY
HIGHEST: 102 ON 17 GRTST 24HR 0.00 ON 1- 1 TO 1/4 MILE OR LESS
LOWEST: 57 ON 4, 3 3 = THUNDER
SNOW, ICE PELLETS, HAIL 4 = ICE PELLETS
TOTAL MONTH: M 5 = HAIL
GRTST 24HR M ON M 6 = FREEZING RAIN OR DRIZZLE
GRTST DEPTH: M ON M 7 = DUSTSTORM OR SANDSTORM:
VSBY 1/2 MILE OR LESS
8 = SMOKE OR HAZE
[NO. OF DAYS WITH] [WEATHER - DAYS WITH] 9 = BLOWING SNOW
X = TORNADO
MAX 32 OR BELOW: 0 0.01 INCH OR MORE: 0
MAX 90 OR ABOVE: 29 0.10 INCH OR MORE: 0
MIN 32 OR BELOW: 0 0.50 INCH OR MORE: 0
MIN 0 OR BELOW: 0 1.00 INCH OR MORE: 0
[HDD (BASE 65) ]
TOTAL THIS MO. 0 CLEAR (SCALE 0-3) 24
DPTR FM NORMAL 0 PTCLDY (SCALE 4-7) 7
TOTAL FM JUL 1 0 CLOUDY (SCALE 8-10) 0
DPTR FM NORMAL 0
[CDD (BASE 65) ]
TOTAL THIS MO. 448
DPTR FM NORMAL 36 [PRESSURE DATA]
TOTAL FM JAN 1 1062 HIGHEST SLP 30.10 ON 9
DPTR FM NORMAL 226 LOWEST SLP 29.77 ON 22
[REMARKS]
#FINAL-07-22#