000
CXUS53 KICT 011510
CF6CNU
PRELIMINARY LOCAL CLIMATOLOGICAL DATA (WS FORM: F-6)
STATION: CHANUTE KS
MONTH: NOVEMBER
YEAR: 2023
LATITUDE: 37 40 N
LONGITUDE: 95 29 W
TEMPERATURE IN F: :PCPN: SNOW: WIND :SUNSHINE: SKY :PK WND
================================================================================
1 2 3 4 5 6A 6B 7 8 9 10 11 12 13 14 15 16 17 18
12Z AVG MX 2MIN
DY MAX MIN AVG DEP HDD CDD WTR SNW DPTH SPD SPD DIR MIN PSBL S-S WX SPD DR
================================================================================
1 52 19 36 -17 29 0 0.00 M M 8.7 21 180 M M 0 26 200
2 65 35 50 -3 15 0 0.00 M M 14.4 23 190 M M 0 31 170
3 74 44 59 7 6 0 0.00 M M 13.3 28 200 M M 0 38 200
4 68 47 58 6 7 0 T M M 5.6 10 50 M M 4 16 50
5 76 49 63 12 2 0 0.00 M M 10.0 20 190 M M 3 27 190
6 76 58 67 16 0 2 0.00 M M 7.7 15 180 M M 1 21 180
7 82 58 70 19 0 5 0.00 M M 10.2 22 160 M M 2 12 31 190
8 77 55 66 16 0 1 0.00 M M 13.8 22 360 M M 1 33 10
9 56 38 47 -3 18 0 0.00 M M 7.2 20 20 M M 0 30 10
10 63 31 47 -2 18 0 0.00 M M 4.4 13 80 M M 0 17 60
11 64 33 49 0 16 0 0.00 M M 7.1 15 180 M M 6 20 170
12 70 36 53 5 12 0 0.00 M M 7.5 17 200 M M 0 23 200
13 73 37 55 7 10 0 0.00 M M 5.1 15 130 M M 0 21 140
14 70 37 54 6 11 0 0.00 M M 8.2 21 160 M M 0 27 210
15 73 39 56 9 9 0 0.00 M M 7.6 14 220 M M 0 19 210
16 64 47 56 9 9 0 0.00 M M 12.3 24 180 M M 2 1 32 170
17 64 34 49 3 16 0 0.00 M M 5.2 16 20 M M 3 12 25 20
18 68 30 49 3 16 0 0.00 M M 3.8 9 250 M M 0 12 220
19 56 43 50 4 15 0 0.18 M M 9.3 16 110 M M 7 1 24 110
20 49 45 47 2 18 0 0.25 M M 10.4 18 350 M M 10 1 27 350
21 51 29 40 -5 25 0 0.00 M M 11.2 22 320 M M 6 1 32 310
22 54 26 40 -4 25 0 0.00 M M 6.8 14 230 M M 0 18 230
23 63 33 48 4 17 0 0.00 M M 7.7 18 30 M M 0 27 30
24 44 30 37 -7 28 0 0.00 M M 13.0 20 40 M M 0 30 20
25 48 28 38 -5 27 0 0.26 M M 6.4 15 320 M M 7 16 20 330
26 39 25 32 -11 33 0 0.02 M M 10.3 18 280 M M 3 1 29 280
27 50 21 36 -6 29 0 0.00 M M 5.2 17 300 M M 0 21 300
28 52 20 36 -6 29 0 0.00 M M 7.9 17 170 M M 0 21 190
29 60 25 43 1 22 0 0.00 M M 7.7 16 190 M M 0 23 190
30 57 46 52 11 13 0 0.81 M M 10.4 18 190 M M 9 18 26 200
================================================================================
SM 1858 1098 475 8 1.52 M 258.4 M 64
================================================================================
AV 61.9 36.6 8.6 FASTST M M 2 MAX(MPH)
MISC ----> 28 200 38 200
================================================================================
NOTES:
# LAST OF SEVERAL OCCURRENCES
COLUMN 17 PEAK WIND IN M.P.H.
PRELIMINARY LOCAL CLIMATOLOGICAL DATA (WS FORM: F-6) , PAGE 2
STATION: CHANUTE KS
MONTH: NOVEMBER
YEAR: 2023
LATITUDE: 37 40 N
LONGITUDE: 95 29 W
[TEMPERATURE DATA] [PRECIPITATION DATA] SYMBOLS USED IN COLUMN 16
AVERAGE MONTHLY: 49.3 TOTAL FOR MONTH: 1.52 1 = FOG OR MIST
DPTR FM NORMAL: 2.2 DPTR FM NORMAL: -0.84 2 = FOG REDUCING VISIBILITY
HIGHEST: 82 ON 7 GRTST 24HR 0.81 ON 30-30 TO 1/4 MILE OR LESS
LOWEST: 19 ON 1 3 = THUNDER
SNOW, ICE PELLETS, HAIL 4 = ICE PELLETS
TOTAL MONTH: M 5 = HAIL
GRTST 24HR M ON M 6 = FREEZING RAIN OR DRIZZLE
GRTST DEPTH: M ON M 7 = DUSTSTORM OR SANDSTORM:
VSBY 1/2 MILE OR LESS
8 = SMOKE OR HAZE
[NO. OF DAYS WITH] [WEATHER - DAYS WITH] 9 = BLOWING SNOW
X = TORNADO
MAX 32 OR BELOW: 0 0.01 INCH OR MORE: 5
MAX 90 OR ABOVE: 0 0.10 INCH OR MORE: 4
MIN 32 OR BELOW: 11 0.50 INCH OR MORE: 1
MIN 0 OR BELOW: 0 1.00 INCH OR MORE: 0
[HDD (BASE 65) ]
TOTAL THIS MO. 475 CLEAR (SCALE 0-3) 23
DPTR FM NORMAL -66 PTCLDY (SCALE 4-7) 5
TOTAL FM JUL 1 691 CLOUDY (SCALE 8-10) 2
DPTR FM NORMAL -105
[CDD (BASE 65) ]
TOTAL THIS MO. 8
DPTR FM NORMAL 4 [PRESSURE DATA]
TOTAL FM JAN 1 1999 HIGHEST SLP 30.51 ON 1
DPTR FM NORMAL 289 LOWEST SLP 29.58 ON 8
[REMARKS]
#FINAL-11-23#