000
CXUS55 KPUB 011955
CLMCOS
CLIMATE REPORT
NATIONAL WEATHER SERVICE
155 PM MDT THU JUN 01 2023
...................................
...THE COLORADO SPRINGS CO CLIMATE SUMMARY FOR THE MONTH OF MAY 2023...
CLIMATE NORMAL PERIOD 1991 TO 2020
CLIMATE RECORD PERIOD 1872 TO 2023
WEATHER OBSERVED NORMAL DEPART LAST YEAR`S
VALUE DATE(S) VALUE FROM VALUE DATE(S)
NORMAL
................................................................
TEMPERATURE (F)
RECORD
HIGH 94 05/30/2000
LOW 15 05/01/1916
HIGHEST 81 05/09 74 7 91 05/07
05/11
LOWEST 38 05/01 36 2 30 05/21
AVG. MAXIMUM 70.3 70.7 -0.4 73.1
AVG. MINIMUM 46.5 43.5 3.0 45.2
MEAN 58.4 57.1 1.3 59.1
DAYS MAX >= 90 0 0.4 -0.4
DAYS MAX <= 32 0 0.0 0.0
DAYS MIN <= 32 0 2.3 -2.3
DAYS MIN <= 0 0 0.0 0.0
PRECIPITATION (INCHES)
RECORD
MAXIMUM 8.13 2015
MINIMUM 0.09 1927
TOTALS 5.22 1.99 3.23 2.02
DAILY AVG. 0.17 0.06 0.11
DAYS >= .01 10 10.3 -0.3
DAYS >= .10 6 4.9 1.1
DAYS >= .50 3 0.9 2.1
DAYS >= 1.00 1 0.3 0.7
GREATEST
24 HR. TOTAL 3.34 05/10 TO 05/11 1.14
SNOWFALL (INCHES)
RECORDS
TOTAL 19.4 1978
TOTALS T 0.6 -0.6 10.3
SINCE 7/1 36.0 32.5 3.5 MM
SNOWDEPTH AVG. 0
DAYS >= 1.0 0 0.2 -0.2
GREATEST
SNOW DEPTH 0 9
24 HR TOTAL T 05/11 TO 05/11 10.3
05/24 TO 05/24
05/26 TO 05/26
DEGREE DAYS
HEATING TOTAL 198 262 -64 217
SINCE 7/1 5804 5838 -34 MM
COOLING TOTAL 1 17 -16 43
SINCE 1/1 1 18 -17 MM
................................................................
WIND (MPH)
AVERAGE WIND SPEED 9.9
HIGHEST WIND SPEED/DIRECTION 38/220 DATE 05/05
HIGHEST GUST SPEED/DIRECTION 57/270 DATE 05/03
SKY COVER
POSSIBLE SUNSHINE (PERCENT) MM
AVERAGE SKY COVER 0.58
NUMBER OF DAYS FAIR 6
NUMBER OF DAYS PC 19
NUMBER OF DAYS CLOUDY 6
AVERAGE RH (PERCENT) 57
WEATHER CONDITIONS. NUMBER OF DAYS WITH
THUNDERSTORM 15 MIXED PRECIP 0
HEAVY RAIN 5 RAIN 5
LIGHT RAIN 19 FREEZING RAIN 0
LT FREEZING RAIN 0 HAIL 3
HEAVY SNOW 0 SNOW 0
LIGHT SNOW 0 SLEET 0
FOG 10 FOG W/VIS <= 1/4 MILE 2
HAZE 10
- INDICATES NEGATIVE NUMBERS.
R INDICATES RECORD WAS SET OR TIED.
MM INDICATES DATA IS MISSING.
T INDICATES TRACE AMOUNT.
$$