000
CXUS54 KCRP 011210
CF6COT
PRELIMINARY LOCAL CLIMATOLOGICAL DATA (WS FORM: F-6)
STATION: COTULLA
MONTH: SEPTEMBER
YEAR: 2023
LATITUDE: 28 27 N
LONGITUDE: 99 13 W
TEMPERATURE IN F: :PCPN: SNOW: WIND :SUNSHINE: SKY :PK WND
================================================================================
1 2 3 4 5 6A 6B 7 8 9 10 11 12 13 14 15 16 17 18
12Z AVG MX 2MIN
DY MAX MIN AVG DEP HDD CDD WTR SNW DPTH SPD SPD DIR MIN PSBL S-S WX SPD DR
================================================================================
1 102 75 89 3 0 24 0.00 0.0 0 6.4 15 120 M M 0 21 100
2 101 73 87 2 0 22 0.00 0.0 0 5.7 15 100 M M 0 34 120
3 101 75 88 3 0 23 0.00 0.0 0 6.7 20 140 M M 0 25 150
4 105 78 92 7 0 27 0.00 0.0 0 8.7 23 140 M M 1 1 31 150
5 105 80 93 8 0 28 0.00 0.0 0 11.6 24 130 M M 0 31 120
6 104 80 92 8 0 27 0.00 0.0 0 9.2 16 150 M M 1 24 150
7 104 77 91 7 0 26 0.00 0.0 0 6.4 14 140 M M 0 20 140
8 106 76 91 7 0 26 0.00 0.0 0 5.3 15 150 M M 0 22 130
9 105 76 91 7 0 26 0.00 0.0 0 6.7 17 50 M M 0 26 50
10 105 79 92 8 0 27 0.00 0.0 0 6.2 14 140 M M 0 19 140
11 101 79 90 7 0 25 0.00 0.0 0 10.7 17 140 M M 1 26 150
12 103 76 90 7 0 25 0.00 0.0 0 7.6 16 20 M M 1 23 360
13 103 78 91 8 0 26 0.00 0.0 0 6.9 17 140 M M 1 22 130
14 106 80 93 10 0 28 0.00 0.0 0 6.9 20 130 M M 1 25 130
15 104 75 90 8 0 25 0.01 0.0 0 8.1 20 130 M M 4 3 26 110
16 101 72 87 5 0 22 0.00 0.0 0 5.6 20 120 M M 0 26 10
17 100 75 88 6 0 23 0.00 0.0 0 6.0 14 60 M M 3 19 60
18 99 76 88 6 0 23 0.00 0.0 0 6.3 18 140 M M 1 25 160
19 100 74 87 5 0 22 0.00 0.0 0 8.3 20 140 M M 0 28 130
20 102 74 88 7 0 23 0.00 0.0 0 8.0 20 130 M M 0 27 140
21 103 76 90 9 0 25 0.00 0.0 0 10.0 21 130 M M 0 27 140
22 104 78 91 10 0 26 0.00 0.0 0 8.9 18 150 M M 1 25 150
23 105 79 92 11 0 27 0.00 0.0 0 9.2 21 140 M M 0 28 140
24 107 79 93 13 0 28 0.00 0.0 0 9.2 22 130 M M 0 29 130
25 104 80 92 12 0 27 T 0.0 0 6.9 21 120 M M 1 28 120
26 101 76 89 9 0 24 0.00 0.0 0 5.6 25 110 M M 2 3 35 110
27 100 77 89 9 0 24 0.00 0.0 0 5.5 25 120 M M 2 3 34 120
28 99 74 87 7 0 22 0.00 0.0 0 7.4 22 130 M M 0 28 130
29 99 74 87 7 0 22 0.00 0.0 0 6.6 18 120 M M 1 18 24 120
30 96 76 86 7 0 21 0.01 0.0 0 8.0 17 130 M M 2 23 130
================================================================================
SM 3075 2297 0 744 0.02 0.0 224.6 M 23
================================================================================
AV102.5 76.6 7.5 FASTST M M 1 MAX(MPH)
MISC ----> # 25 110 35 110
================================================================================
NOTES:
# LAST OF SEVERAL OCCURRENCES
COLUMN 17 PEAK WIND IN M.P.H.
PRELIMINARY LOCAL CLIMATOLOGICAL DATA (WS FORM: F-6) , PAGE 2
STATION: COTULLA
MONTH: SEPTEMBER
YEAR: 2023
LATITUDE: 28 27 N
LONGITUDE: 99 13 W
[TEMPERATURE DATA] [PRECIPITATION DATA] SYMBOLS USED IN COLUMN 16
AVERAGE MONTHLY: 89.5 TOTAL FOR MONTH: 0.02 1 = FOG OR MIST
DPTR FM NORMAL: 7.1 DPTR FM NORMAL: -2.96 2 = FOG REDUCING VISIBILITY
HIGHEST: 107 ON 24 GRTST 24HR 0.01 ON 15-15 TO 1/4 MILE OR LESS
LOWEST: 72 ON 16 3 = THUNDER
SNOW, ICE PELLETS, HAIL 4 = ICE PELLETS
TOTAL MONTH: 0.0 INCH 5 = HAIL
GRTST 24HR 0.0 6 = FREEZING RAIN OR DRIZZLE
GRTST DEPTH: 0 7 = DUSTSTORM OR SANDSTORM:
VSBY 1/2 MILE OR LESS
8 = SMOKE OR HAZE
[NO. OF DAYS WITH] [WEATHER - DAYS WITH] 9 = BLOWING SNOW
X = TORNADO
MAX 32 OR BELOW: 0 0.01 INCH OR MORE: 2
MAX 90 OR ABOVE: 30 0.10 INCH OR MORE: 0
MIN 32 OR BELOW: 0 0.50 INCH OR MORE: 0
MIN 0 OR BELOW: 0 1.00 INCH OR MORE: 0
[HDD (BASE 65) ]
TOTAL THIS MO. 0 CLEAR (SCALE 0-3) 29
DPTR FM NORMAL 0 PTCLDY (SCALE 4-7) 1
TOTAL FM JUL 1 0 CLOUDY (SCALE 8-10) 0
DPTR FM NORMAL 0
[CDD (BASE 65) ]
TOTAL THIS MO. 744
DPTR FM NORMAL 223 [PRESSURE DATA]
TOTAL FM JAN 1 4443 HIGHEST SLP 30.06 ON 17
DPTR FM NORMAL 934 LOWEST SLP 29.68 ON 4
[REMARKS]
#FINAL-09-23#