000
CXUS55 KRIW 060056
CF6CPR
PRELIMINARY LOCAL CLIMATOLOGICAL DATA (WS FORM: F-6)
STATION: CASPER WY
MONTH: OCTOBER
YEAR: 2022
LATITUDE: 42 55 N
LONGITUDE: 106 28 W
TEMPERATURE IN F: :PCPN: SNOW: WIND :SUNSHINE: SKY :PK WND
================================================================================
1 2 3 4 5 6A 6B 7 8 9 10 11 12 13 14 15 16 17 18
12Z AVG MX 2MIN
DY MAX MIN AVG DEP HDD CDD WTR SNW DPTH SPD SPD DIR MIN PSBL S-S WX SPD DR
================================================================================
1 63 38 51 -1 14 0 0.01 0.0 0 7.4 26 230 M M 6 13 35 240
2 70 37 54 3 11 0 0.01 0.0 0 8.3 30 210 M M 3 123 39 210
3 67 40 54 3 11 0 T 0.0 0 5.7 14 350 M M 6 12 19 310
4 66 36 51 1 14 0 0.05 0.0 0 6.1 16 290 M M 4 1 25 280
5 70 32 51 1 14 0 0.00 0.0 0 4.7 13 240 M M 0 16 250
6 71 28 50 1 15 0 0.00 0.0 0 9.9 26 360 M M 3 33 360
7 59 34 47 -2 18 0 0.00 0.0 0 4.2 10 60 M M 6 13 60
8 69 31 50 2 15 0 0.00 0.0 0 6.0 14 240 M M 0 17 250
9 75 28 52 4 13 0 0.00 0.0 0 8.4 18 210 M M 0 23 210
10 74 33 54 6 11 0 0.00 0.0 0 13.2 24 210 M M 1 33 290
11 59 30 45 -2 20 0 T 0.0 0 10.7 30 360 M M 2 40 350
12 59 32 46 -1 19 0 0.00 0.0 0 7.2 20 340 M M 2 33 340
13 64 32 48 2 17 0 0.00 0.0 0 11.1 28 320 M M 1 43 280
14 72 39 56 10 9 0 0.00 0.0 0 12.0 26 320 M M 0 36 300
15 58 27 43 -2 22 0 0.00 0.0 0 6.1 21 30 M M 4 25 40
16 57 20 39 -6 26 0 0.00 0.0 0 3.9 15 360 M M 0 19 20
17 68 21 45 0 20 0 0.00 0.0 0 3.7 10 250 M M 0 14 250
18 74 21 48 4 17 0 0.00 0.0 0 5.6 14 230 M M 0 20 230
19 74 31 53 9 12 0 0.00 0.0 0 6.8 14 240 M M 0 17 220
20 76 32 54 10 11 0 0.00 0.0 0 12.8 25 270 M M 0 37 260
21 73 30 52 9 13 0 0.00 0.0 0 18.7 36 240 M M 0 47 240
22 66 48 57 14 8 0 0.00 0.0 0 21.7 37 220 M M 1 50 220
23 49 30 40 -2 25 0 0.18 T 0 9.4 20 280 M M 10 1 26 290
24 45 28 37 -5 28 0 0.02 0.1 0 16.1 25 240 M M 4 1 37 250
25 50 24 37 -5 28 0 T T 0 13.8 28 240 M M 3 35 240
26 50 23 37 -4 28 0 0.00 0.0 0 10.2 25 240 M M 2 33 230
27 50 15 33 -8 32 0 0.00 0.0 0 10.7 22 210 M M 0 29 210
28 56 32 44 3 21 0 0.00 0.0 0 20.5 33 200 M M 0 43 200
29 57 26 42 2 23 0 0.00 0.0 0 8.4 20 200 M M 1 26 220
30 60 22 41 1 24 0 0.00 0.0 0 10.9 22 230 M M 0 29 230
31 62 38 50 10 15 0 0.00 0.0 0 14.8 24 210 M M 0 32 270
================================================================================
SM 1963 938 554 0 0.27 0.1 309.0 M 59
================================================================================
AV 63.3 30.3 10.0 FASTST M M 2 MAX(MPH)
MISC ----> 37 220 50 220
================================================================================
NOTES:
# LAST OF SEVERAL OCCURRENCES
COLUMN 17 PEAK WIND IN M.P.H.
PRELIMINARY LOCAL CLIMATOLOGICAL DATA (WS FORM: F-6) , PAGE 2
STATION: CASPER WY
MONTH: OCTOBER
YEAR: 2022
LATITUDE: 42 55 N
LONGITUDE: 106 28 W
[TEMPERATURE DATA] [PRECIPITATION DATA] SYMBOLS USED IN COLUMN 16
AVERAGE MONTHLY: 46.8 TOTAL FOR MONTH: 0.27 1 = FOG OR MIST
DPTR FM NORMAL: 1.5 DPTR FM NORMAL: -0.92 2 = FOG REDUCING VISIBILITY
HIGHEST: 76 ON 20 GRTST 24HR 0.18 ON 23-23 TO 1/4 MILE OR LESS
LOWEST: 15 ON 27 3 = THUNDER
SNOW, ICE PELLETS, HAIL 4 = ICE PELLETS
TOTAL MONTH: 0.1 INCH 5 = HAIL
GRTST 24HR 0.1 ON 24-24 6 = FREEZING RAIN OR DRIZZLE
GRTST DEPTH: 0 7 = DUSTSTORM OR SANDSTORM:
VSBY 1/2 MILE OR LESS
8 = SMOKE OR HAZE
[NO. OF DAYS WITH] [WEATHER - DAYS WITH] 9 = BLOWING SNOW
X = TORNADO
MAX 32 OR BELOW: 0 0.01 INCH OR MORE: 5
MAX 90 OR ABOVE: 0 0.10 INCH OR MORE: 1
MIN 32 OR BELOW: 22 0.50 INCH OR MORE: 0
MIN 0 OR BELOW: 0 1.00 INCH OR MORE: 0
[HDD (BASE 65) ]
TOTAL THIS MO. 554 CLEAR (SCALE 0-3) 24
DPTR FM NORMAL -57 PTCLDY (SCALE 4-7) 6
TOTAL FM JUL 1 700 CLOUDY (SCALE 8-10) 1
DPTR FM NORMAL -172
[CDD (BASE 65) ]
TOTAL THIS MO. 0
DPTR FM NORMAL -1 [PRESSURE DATA]
TOTAL FM JAN 1 544 HIGHEST SLP 30.45 ON 6
DPTR FM NORMAL 101 LOWEST SLP 29.20 ON 22
[REMARKS]
#FINAL-10-22#