000
CXUS56 KLOX 011255
CF6CQT
PRELIMINARY LOCAL CLIMATOLOGICAL DATA (WS FORM: F-6)
STATION: DOWNTOWN LOS ANGELES (USC) CA
MONTH: FEBRUARY
YEAR: 2023
LATITUDE: 34 1 N
LONGITUDE: 118 17 W
TEMPERATURE IN F: :PCPN: SNOW: WIND :SUNSHINE: SKY :PK WND
================================================================================
1 2 3 4 5 6A 6B 7 8 9 10 11 12 13 14 15 16 17 18
12Z AVG MX 2MIN
DY MAX MIN AVG DEP HDD CDD WTR SNW DPTH SPD SPD DIR MIN PSBL S-S WX SPD DR
================================================================================
1 68 41 55 -4 10 0 0.00 M M 0.5 7 270 M M 0 12 260
2 70 43 57 -2 8 0 0.00 M M 0.8 7 270 M M 0 8 10 270
3 71 50 61 2 4 0 0.00 M M 0.3 7 260 M M 0 13 260
4 71 47 59 0 6 0 0.00 M M 0.5 7 270 M M 0 8 13 260
5 65 53 59 0 6 0 0.03 M M 1.4 9 260 M M 4 18 14 330
6 72 52 62 3 3 0 0.00 M M 2.5 9 270 M M 0 16 280
7 70 46 58 -1 7 0 0.00 M M 0.3 7 260 M M 0 8 12 260
8 73 47 60 1 5 0 0.00 M M 1.0 9 270 M M 0 13 260
9 80 48 64 5 1 0 0.00 M M 1.1 7 270 M M 0 11 270
10 77 52 65 6 0 0 0.00 M M 1.9 8 260 M M 0 14 270
11 62 50 56 -3 9 0 0.00 M M 1.5 9 260 M M 2 8 15 260
12 61 45 53 -6 12 0 0.00 M M 1.6 8 250 M M 2 14 270
13 63 49 56 -3 9 0 0.00 M M 0.6 6 110 M M 6 10 140
14 60 48 54 -5 11 0 0.00 M M 3.4 13 10 M M 6 22 350
15 63 45 54 -5 11 0 0.00 M M 2.5 9 320 M M 0 17 350
16 64 40 52 -7 13 0 0.00 M M 0.9 6 250 M M 0 8 M M
17 68 45 57 -2 8 0 0.00 M M 1.2 7 260 M M 0 8 11 270
18 69 49 59 0 6 0 0.00 M M 1.6 10 260 M M 0 15 260
19 68 45 57 -2 8 0 0.00 M M 1.2 7 280 M M 0 12 260
20 74 50 62 3 3 0 0.00 M M 1.8 8 260 M M 0 13 270
21 67 50 59 0 6 0 T M M 1.3 12 260 M M 4 19 260
22 57 46 52 -7 13 0 0.00 M M 7.0 16 260 M M 1 30 270
23 54 46 50 -9 15 0 0.12 M M 3.4 10 270 M M 7 1 16 270
24 55 45 50 -10 15 0 2.29 M M 8.0 18 130 M M 10 1 33 130
25 51 44 48 -12 17 0 2.08 M M 3.8 13 100 M M 9 12 20 130
26 56 40 48 -12 17 0 0.07 M M 1.2 7 250 M M 6 1 12 260
27 53 47 50 -10 15 0 0.42 M M 2.1 12 100 M M 10 1 16 100
28 58 45 52 -8 13 0 0.94 M M 2.1 10 260 M M 6 1 18 270
================================================================================
SM 1820 1308 251 0 5.95 M 55.5 M 73
================================================================================
AV 65.0 46.7 2.0 FASTST M M 3 MAX(MPH)
MISC ----> 18 130 33 130
================================================================================
NOTES:
# LAST OF SEVERAL OCCURRENCES
COLUMN 17 PEAK WIND IN M.P.H.
PRELIMINARY LOCAL CLIMATOLOGICAL DATA (WS FORM: F-6) , PAGE 2
STATION: DOWNTOWN LOS ANGELES (USC) CA
MONTH: FEBRUARY
YEAR: 2023
LATITUDE: 34 1 N
LONGITUDE: 118 17 W
[TEMPERATURE DATA] [PRECIPITATION DATA] SYMBOLS USED IN COLUMN 16
AVERAGE MONTHLY: 55.9 TOTAL FOR MONTH: 5.95 1 = FOG OR MIST
DPTR FM NORMAL: -3.1 DPTR FM NORMAL: 2.31 2 = FOG REDUCING VISIBILITY
HIGHEST: 80 ON 9 GRTST 24HR 3.18 ON 24-25 TO 1/4 MILE OR LESS
LOWEST: 40 ON 26,16 3 = THUNDER
SNOW, ICE PELLETS, HAIL 4 = ICE PELLETS
TOTAL MONTH: M 5 = HAIL
GRTST 24HR M ON M 6 = FREEZING RAIN OR DRIZZLE
GRTST DEPTH: M ON M 7 = DUSTSTORM OR SANDSTORM:
VSBY 1/2 MILE OR LESS
8 = SMOKE OR HAZE
[NO. OF DAYS WITH] [WEATHER - DAYS WITH] 9 = BLOWING SNOW
X = TORNADO
MAX 32 OR BELOW: 0 0.01 INCH OR MORE: 7
MAX 90 OR ABOVE: 0 0.10 INCH OR MORE: 5
MIN 32 OR BELOW: 0 0.50 INCH OR MORE: 3
MIN 0 OR BELOW: 0 1.00 INCH OR MORE: 2
[HDD (BASE 65) ]
TOTAL THIS MO. 251 CLEAR (SCALE 0-3) 18
DPTR FM NORMAL 71 PTCLDY (SCALE 4-7) 7
TOTAL FM JUL 1 902 CLOUDY (SCALE 8-10) 3
DPTR FM NORMAL 167
[CDD (BASE 65) ]
TOTAL THIS MO. 0
DPTR FM NORMAL -12 [PRESSURE DATA]
TOTAL FM JAN 1 0 HIGHEST SLP M ON M
DPTR FM NORMAL -8 LOWEST SLP 29.62 ON 21
[REMARKS]
#FINAL-02-23#