000
CXUS56 KLOX 011155
CF6CQT
PRELIMINARY LOCAL CLIMATOLOGICAL DATA (WS FORM: F-6)
STATION: DOWNTOWN LOS ANGELES (USC) CA
MONTH: AUGUST
YEAR: 2023
LATITUDE: 34 1 N
LONGITUDE: 118 17 W
TEMPERATURE IN F: :PCPN: SNOW: WIND :SUNSHINE: SKY :PK WND
================================================================================
1 2 3 4 5 6A 6B 7 8 9 10 11 12 13 14 15 16 17 18
12Z AVG MX 2MIN
DY MAX MIN AVG DEP HDD CDD WTR SNW DPTH SPD SPD DIR MIN PSBL S-S WX SPD DR
================================================================================
1 88 70 79 5 0 14 0.00 M M 1.2 8 270 M M 0 8 16 260
2 87 67 77 3 0 12 0.00 M M 0.8 8 270 M M 0 13 280
3 83 64 74 0 0 9 0.00 M M 1.3 10 260 M M 0 16 260
4 84 65 75 1 0 10 0.00 M M 0.8 9 260 M M 1 15 270
5 84 66 75 1 0 10 0.00 M M 1.6 9 260 M M 0 15 270
6 87 66 77 3 0 12 0.00 M M 1.1 8 260 M M 1 18 12 260
7 89 67 78 4 0 13 0.00 M M 0.7 7 260 M M 3 18 11 270
8 90 66 78 4 0 13 0.00 M M 0.7 7 140 M M 0 15 150
9 84 68 76 2 0 11 T M M 1.3 8 260 M M 4 15 260
10 83 68 76 2 0 11 T M M 1.7 9 260 M M 7 15 270
11 78 68 73 -2 0 8 0.00 M M 1.9 12 270 M M 7 16 270
12 83 68 76 1 0 11 0.00 M M 1.5 9 270 M M 4 8 14 280
13 84 67 76 1 0 11 0.00 M M 1.4 10 260 M M 2 18 16 280
14 82 67 75 0 0 10 0.00 M M 1.4 9 260 M M 5 18 15 270
15 81 67 74 -1 0 9 0.00 M M 1.0 9 260 M M 4 18 14 260
16 84 67 76 1 0 11 T M M 2.6 10 260 M M 0 1 18 270
17 85 65 75 0 0 10 0.00 M M 1.0 9 260 M M 1 18 15 260
18 82 64 73 -2 0 8 0.00 M M 1.4 8 260 M M 2 18 13 260
19 80 63 72 -3 0 7 0.00 M M 0.7 7 270 M M 0 11 270
20 79 67 73 -2 0 8 2.48 M M 2.5 10 120 M M 9 18 19 130
21 80 66 73 -2 0 8 0.51 M M 4.0 15 130 M M 4 1 23 130
22 82 65 74 -1 0 9 0.00 M M 1.8 9 260 M M 0 15 260
23 83 66 75 0 0 10 0.00 M M 0.8 12 270 M M 0 1 17 270
24 79 65 72 -3 0 7 0.00 M M 1.6 8 260 M M 6 18 13 260
25 79 63 71 -4 0 6 0.00 M M 1.7 8 260 M M 1 18 13 270
26 84 63 74 -1 0 9 0.00 M M 1.3 9 260 M M 0 8 14 270
27 88 64 76 1 0 11 0.00 M M 1.2 8 260 M M 0 18 13 270
28 95 68 82 7 0 17 0.00 M M 1.4 9 270 M M 0 8 15 260
29 93 68 81 6 0 16 0.00 M M 0.4 8 270 M M 0 12 280
30 94 67 81 6 0 16 0.00 M M 0.6 7 280 M M 0 8 12 280
31 87 68 78 3 0 13 0.00 M M 0.6 7 260 M M 2 18 11 180
================================================================================
SM 2621 2053 0 330 2.99 M 42.0 M 63
================================================================================
AV 84.5 66.2 1.4 FASTST M M 2 MAX(MPH)
MISC ----> 15 130 23 130
================================================================================
NOTES:
# LAST OF SEVERAL OCCURRENCES
COLUMN 17 PEAK WIND IN M.P.H.
PRELIMINARY LOCAL CLIMATOLOGICAL DATA (WS FORM: F-6) , PAGE 2
STATION: DOWNTOWN LOS ANGELES (USC) CA
MONTH: AUGUST
YEAR: 2023
LATITUDE: 34 1 N
LONGITUDE: 118 17 W
[TEMPERATURE DATA] [PRECIPITATION DATA] SYMBOLS USED IN COLUMN 16
AVERAGE MONTHLY: 75.4 TOTAL FOR MONTH: 2.99 1 = FOG OR MIST
DPTR FM NORMAL: 0.7 DPTR FM NORMAL: 2.99 2 = FOG REDUCING VISIBILITY
HIGHEST: 95 ON 28 GRTST 24HR 2.99 ON 20-21 TO 1/4 MILE OR LESS
LOWEST: 63 ON 26,25 3 = THUNDER
SNOW, ICE PELLETS, HAIL 4 = ICE PELLETS
TOTAL MONTH: M 5 = HAIL
GRTST 24HR M ON M 6 = FREEZING RAIN OR DRIZZLE
GRTST DEPTH: M ON M 7 = DUSTSTORM OR SANDSTORM:
VSBY 1/2 MILE OR LESS
8 = SMOKE OR HAZE
[NO. OF DAYS WITH] [WEATHER - DAYS WITH] 9 = BLOWING SNOW
X = TORNADO
MAX 32 OR BELOW: 0 0.01 INCH OR MORE: 2
MAX 90 OR ABOVE: 4 0.10 INCH OR MORE: 2
MIN 32 OR BELOW: 0 0.50 INCH OR MORE: 2
MIN 0 OR BELOW: 0 1.00 INCH OR MORE: 1
[HDD (BASE 65) ]
TOTAL THIS MO. 0 CLEAR (SCALE 0-3) 21
DPTR FM NORMAL 0 PTCLDY (SCALE 4-7) 9
TOTAL FM JUL 1 0 CLOUDY (SCALE 8-10) 1
DPTR FM NORMAL 0
[CDD (BASE 65) ]
TOTAL THIS MO. 330
DPTR FM NORMAL 29 [PRESSURE DATA]
TOTAL FM JAN 1 755 HIGHEST SLP M ON M
DPTR FM NORMAL -93 LOWEST SLP 29.44 ON 20
[REMARKS]
#FINAL-08-23#