000
CXUS54 KCRP 011300
CF6CRP
PRELIMINARY LOCAL CLIMATOLOGICAL DATA (WS FORM: F-6)
STATION: CORPUS CHRISTI
MONTH: SEPTEMBER
YEAR: 2020
LATITUDE: 27 46 N
LONGITUDE: 97 30 W
TEMPERATURE IN F: :PCPN: SNOW: WIND :SUNSHINE: SKY :PK WND
================================================================================
1 2 3 4 5 6A 6B 7 8 9 10 11 12 13 14 15 16 17 18
12Z AVG MX 2MIN
DY MAX MIN AVG DEP HDD CDD WTR SNW DPTH SPD SPD DIR MIN PSBL S-S WX SPD DR
================================================================================
1 97 84 91 7 0 26 0.00 0.0 0 18.0 29 160 M M 4 38 160
2 97 81 89 5 0 24 0.00 0.0 0 14.2 23 150 M M 6 29 180
3 94 82 88 5 0 23 0.00 0.0 0 10.0 21 120 M M 8 26 100
4 94 80 87 4 0 22 T 0.0 0 9.6 33 120 M M 6 3 42 120
5 88 76 82 -1 0 17 0.96 0.0 0 9.9 31 70 M M 9 13 36 70
6 90 76 83 0 0 18 T 0.0 0 5.9 14 190 M M 8 16 190
7 89 76 83 0 0 18 0.00 0.0 0 5.5 14 120 M M 9 16 90
8 94 78 86 3 0 21 0.00 0.0 0 11.2 22 120 M M 8 26 140
9 93 80 87 5 0 22 0.13 0.0 0 11.4 23 140 M M 7 13 30 140
10 85 68 77 -5 0 12 T 0.0 0 11.8 20 10 M M 8 3 24 320
11 89 68 79 -3 0 14 0.01 0.0 0 10.2 20 350 M M 7 22 350
12 93 75 84 2 0 19 T 0.0 0 6.7 22 330 M M 4 27 330
13 95 76 86 4 0 21 T 0.0 0 10.7 22 90 M M 4 3 26 90
14 88 77 83 2 0 18 0.86 0.0 0 9.6 28 10 M M 9 13 31 10
15 91 78 85 4 0 20 0.10 0.0 0 8.7 18 10 M M 9 1 21 10
16 93 75 84 3 0 19 0.19 0.0 0 5.2 15 110 M M 8 13 21 80
17 91 70 81 0 0 16 1.91 0.0 0 8.4 33 10 M M 8 13 40 10
18 91 71 81 0 0 16 0.00 0.0 0 12.8 22 40 M M 7 27 50
19 89 69 79 -1 0 14 0.00 0.0 0 12.2 21 10 M M 2 26 360
20 89 68 79 -1 0 14 0.10 0.0 0 15.3 26 20 M M 3 1 33 30
21 76 70 73 -7 0 8 1.20 0.0 0 17.0 24 330 M M 10 1 31 320
22 86 71 79 -1 0 14 0.04 0.0 0 14.0 23 310 M M 8 1 28 310
23 89 70 80 0 0 15 0.00 0.0 0 9.7 16 20 M M 5 21 20
24 87 66 77 -2 0 12 0.00 0.0 0 5.8 12 80 M M 3 16 350
25 87 66 77 -2 0 12 0.00 0.0 0 5.7 15 90 M M 2 18 90
26 92 73 83 4 0 18 0.00 0.0 0 10.7 20 140 M M 3 26 140
27 92 75 84 5 0 19 0.00 0.0 0 12.7 22 140 M M 3 28 160
28 84 72 78 0 0 13 0.00 0.0 0 13.3 28 10 M M 7 1 33 360
29 84 56 70 -8 0 5 0.00 0.0 0 8.7 18 360 M M 3 27 10
30 88 51 70 -8 0 5 0.00 0.0 0 6.7 17 120 M M 0 24 110
================================================================================
SM 2695 2178 0 495 5.50 0.0 311.6 M 178
================================================================================
AV 89.8 72.6 10.4 FASTST M M 6 MAX(MPH)
MISC ----> # 33 120 # 42 120
================================================================================
NOTES:
# LAST OF SEVERAL OCCURRENCES
COLUMN 17 PEAK WIND IN M.P.H.
PRELIMINARY LOCAL CLIMATOLOGICAL DATA (WS FORM: F-6) , PAGE 2
STATION: CORPUS CHRISTI
MONTH: SEPTEMBER
YEAR: 2020
LATITUDE: 27 46 N
LONGITUDE: 97 30 W
[TEMPERATURE DATA] [PRECIPITATION DATA] SYMBOLS USED IN COLUMN 16
AVERAGE MONTHLY: 81.2 TOTAL FOR MONTH: 5.50 1 = FOG OR MIST
DPTR FM NORMAL: 0.2 DPTR FM NORMAL: 0.52 2 = FOG REDUCING VISIBILITY
HIGHEST: 97 ON 2, 1 GRTST 24HR 1.91 ON 17-17 TO 1/4 MILE OR LESS
LOWEST: 51 ON 30 3 = THUNDER
SNOW, ICE PELLETS, HAIL 4 = ICE PELLETS
TOTAL MONTH: 0.0 INCH 5 = HAIL
GRTST 24HR 0.0 6 = FREEZING RAIN OR DRIZZLE
GRTST DEPTH: 0 7 = DUSTSTORM OR SANDSTORM:
VSBY 1/2 MILE OR LESS
8 = SMOKE OR HAZE
[NO. OF DAYS WITH] [WEATHER - DAYS WITH] 9 = BLOWING SNOW
X = TORNADO
MAX 32 OR BELOW: 0 0.01 INCH OR MORE: 10
MAX 90 OR ABOVE: 15 0.10 INCH OR MORE: 8
MIN 32 OR BELOW: 0 0.50 INCH OR MORE: 4
MIN 0 OR BELOW: 0 1.00 INCH OR MORE: 2
[HDD (BASE 65) ]
TOTAL THIS MO. 0 CLEAR (SCALE 0-3) 5
DPTR FM NORMAL 0 PTCLDY (SCALE 4-7) 17
TOTAL FM JUL 1 0 CLOUDY (SCALE 8-10) 8
DPTR FM NORMAL 0
[CDD (BASE 65) ]
TOTAL THIS MO. 495
DPTR FM NORMAL 13 [PRESSURE DATA]
TOTAL FM JAN 1 3446 HIGHEST SLP 30.23 ON 29
DPTR FM NORMAL 403 LOWEST SLP 29.69 ON 27
[REMARKS]
#FINAL-09-20#