000
CXUS54 KCRP 011310
CF6CRP
PRELIMINARY LOCAL CLIMATOLOGICAL DATA (WS FORM: F-6)
STATION: CORPUS CHRISTI
MONTH: DECEMBER
YEAR: 2023
LATITUDE: 27 46 N
LONGITUDE: 97 30 W
TEMPERATURE IN F: :PCPN: SNOW: WIND :SUNSHINE: SKY :PK WND
================================================================================
1 2 3 4 5 6A 6B 7 8 9 10 11 12 13 14 15 16 17 18
12Z AVG MX 2MIN
DY MAX MIN AVG DEP HDD CDD WTR SNW DPTH SPD SPD DIR MIN PSBL S-S WX SPD DR
================================================================================
1 70 63 67 5 0 2 0.08 0.0 0 9.4 20 20 M M 10 1 25 20
2 75 54 65 3 0 0 0.00 0.0 0 8.4 18 320 M M 9 1 23 320
3 72 49 61 -1 4 0 0.00 0.0 0 5.0 10 180 M M 9 13 220
4 77 50 64 2 1 0 0.00 0.0 0 4.4 14 50 M M 8 16 10
5 75 53 64 2 1 0 0.00 0.0 0 7.0 13 50 M M 9 1 17 50
6 72 54 63 2 2 0 0.00 0.0 0 9.3 16 90 M M 5 22 80
7 77 56 67 6 0 2 0.00 0.0 0 11.8 23 150 M M 8 30 160
8 83 66 75 14 0 10 0.00 0.0 0 15.5 25 160 M M 3 31 180
9 83 66 75 14 0 10 0.00 0.0 0 9.6 31 360 M M 8 38 360
10 66 43 55 -6 10 0 0.00 0.0 0 12.9 31 360 M M 2 M M
11 67 35 51 -9 14 0 0.00 0.0 0 4.2 16 130 M M 5 20 120
12 71 49 60 0 5 0 T 0.0 0 8.6 20 110 M M 8 25 100
13 68 62 65 5 0 0 0.22 0.0 0 14.4 23 70 M M 10 1 32 90
14 68 64 66 6 0 1 0.11 0.0 0 15.7 22 80 M M 10 18 31 60
15 71 64 68 8 0 3 0.02 0.0 0 10.5 16 40 M M 8 18 20 40
16 69 50 60 0 5 0 T 0.0 0 13.1 23 320 M M 4 1 32 10
17 68 42 55 -4 10 0 0.00 0.0 0 4.4 10 150 M M 2 13 160
18 77 44 61 2 4 0 0.00 0.0 0 5.5 12 310 M M 4 16 10
19 73 49 61 2 4 0 0.00 0.0 0 7.5 17 160 M M 8 22 180
20 79 57 68 9 0 3 0.00 0.0 0 10.7 24 140 M M 8 29 120
21 77 62 70 11 0 5 0.01 0.0 0 9.6 22 140 M M 9 28 130
22 77 64 71 12 0 6 T 0.0 0 6.3 13 150 M M 9 18 120
23 75 63 69 11 0 4 0.02 0.0 0 9.6 20 170 M M 8 12 24 170
24 81 59 70 12 0 5 0.00 0.0 0 8.1 22 320 M M 6 12 27 320
25 67 50 59 1 6 0 0.00 0.0 0 11.6 21 10 M M 8 26 340
26 65 52 59 1 6 0 0.00 0.0 0 5.8 13 40 M M 10 16 50
27 75 48 62 4 3 0 0.00 0.0 0 7.8 15 360 M M 5 19 360
28 66 42 54 -4 11 0 0.00 0.0 0 7.4 17 20 M M 2 26 30
29 66 43 55 -3 10 0 0.00 0.0 0 7.6 20 50 M M 4 24 20
30 73 35 54 -4 11 0 0.00 0.0 0 6.7 13 120 M M 2 15 110
31 77 45 61 3 4 0 0.00 0.0 0 11.9 26 170 M M 5 1 34 160
================================================================================
SM 2260 1633 111 51 0.46 0.0 280.3 M 206
================================================================================
AV 72.9 52.7 9.0 FASTST M M 7 MAX(MPH)
MISC ----> # 31 360 38 360
================================================================================
NOTES:
# LAST OF SEVERAL OCCURRENCES
COLUMN 17 PEAK WIND IN M.P.H.
PRELIMINARY LOCAL CLIMATOLOGICAL DATA (WS FORM: F-6) , PAGE 2
STATION: CORPUS CHRISTI
MONTH: DECEMBER
YEAR: 2023
LATITUDE: 27 46 N
LONGITUDE: 97 30 W
[TEMPERATURE DATA] [PRECIPITATION DATA] SYMBOLS USED IN COLUMN 16
AVERAGE MONTHLY: 62.8 TOTAL FOR MONTH: 0.46 1 = FOG OR MIST
DPTR FM NORMAL: 3.1 DPTR FM NORMAL: -1.47 2 = FOG REDUCING VISIBILITY
HIGHEST: 83 ON 9, 8 GRTST 24HR 0.22 ON 13-13 TO 1/4 MILE OR LESS
LOWEST: 35 ON 30,11 3 = THUNDER
SNOW, ICE PELLETS, HAIL 4 = ICE PELLETS
TOTAL MONTH: 0.0 INCH 5 = HAIL
GRTST 24HR 0.0 6 = FREEZING RAIN OR DRIZZLE
GRTST DEPTH: 0 7 = DUSTSTORM OR SANDSTORM:
VSBY 1/2 MILE OR LESS
8 = SMOKE OR HAZE
[NO. OF DAYS WITH] [WEATHER - DAYS WITH] 9 = BLOWING SNOW
X = TORNADO
MAX 32 OR BELOW: 0 0.01 INCH OR MORE: 6
MAX 90 OR ABOVE: 0 0.10 INCH OR MORE: 2
MIN 32 OR BELOW: 0 0.50 INCH OR MORE: 0
MIN 0 OR BELOW: 0 1.00 INCH OR MORE: 0
[HDD (BASE 65) ]
TOTAL THIS MO. 111 CLEAR (SCALE 0-3) 4
DPTR FM NORMAL -108 PTCLDY (SCALE 4-7) 11
TOTAL FM JUL 1 219 CLOUDY (SCALE 8-10) 16
DPTR FM NORMAL -104
[CDD (BASE 65) ]
TOTAL THIS MO. 51
DPTR FM NORMAL -4 [PRESSURE DATA]
TOTAL FM JAN 1 4508 HIGHEST SLP 30.35 ON 29
DPTR FM NORMAL 771 LOWEST SLP 29.75 ON 24
[REMARKS]
#FINAL-12-23#