000
CXUS56 KSGX 011045
CF6CRQ
PRELIMINARY LOCAL CLIMATOLOGICAL DATA (WS FORM: F-6)
STATION: CARLSBAD PALOMAR AIRPORT CA
MONTH: APRIL
YEAR: 2021
LATITUDE: 33 7 N
LONGITUDE: 117 17 W
TEMPERATURE IN F: :PCPN: SNOW: WIND :SUNSHINE: SKY :PK WND
================================================================================
1 2 3 4 5 6A 6B 7 8 9 10 11 12 13 14 15 16 17 18
12Z AVG MX 2MIN
DY MAX MIN AVG DEP HDD CDD WTR SNW DPTH SPD SPD DIR MIN PSBL S-S WX SPD DR
================================================================================
1 87 59 73 15 0 8 0.00 M M 3.7 14 260 M M 0 3 19 260
2 66 56 61 3 4 0 0.00 M M 4.5 13 230 M M 3 17 240
3 64 53 59 1 6 0 0.00 M M 2.3 12 260 M M 6 18 16 260
4 67 50 59 1 6 0 0.00 M M 3.4 12 240 M M 4 12 17 270
5 64 54 59 1 6 0 0.00 M M 6.3 14 230 M M 6 1 18 240
6 66 55 61 3 4 0 0.00 M M 4.6 13 240 M M 4 16 250
7 69 54 62 4 3 0 0.00 M M 3.9 14 250 M M 2 12 18 250
8 66 53 60 2 5 0 0.00 M M 4.6 12 230 M M 3 12 15 260
9 65 54 60 2 5 0 0.00 M M 4.7 13 250 M M 4 18 18 230
10 66 54 60 2 5 0 0.00 M M 4.7 13 260 M M 6 128 18 270
11 64 56 60 1 5 0 0.00 M M 5.6 13 220 M M 8 8 20 240
12 65 57 61 2 4 0 0.00 M M 5.4 13 230 M M 10 19 230
13 58 54 56 -3 9 0 0.02 M M 6.4 13 240 M M 10 18 16 240
14 60 55 58 -1 7 0 T M M 6.5 14 250 M M 9 21 240
15 62 49 56 -3 9 0 0.00 M M 4.7 14 250 M M 6 19 260
16 64 54 59 0 6 0 0.00 M M 4.2 12 250 M M 6 17 250
17 64 56 60 1 5 0 0.00 M M 3.7 13 250 M M 4 18 280
18 80 53 67 8 0 2 0.00 M M 5.0 15 310 M M 3 12 28 310
19 75 55 65 5 0 0 0.00 M M 4.6 12 240 M M 2 16 280
20 65 57 61 1 4 0 0.00 M M 8.6 15 220 M M 6 8 19 220
21 62 55 59 -1 6 0 0.05 M M 8.0 17 210 M M 10 18 24 220
22 60 54 57 -3 8 0 0.01 M M 5.1 13 230 M M 10 18 17 260
23 61 54 58 -2 7 0 0.03 M M 4.3 14 260 M M 9 1 18 230
24 62 57 60 0 5 0 0.00 M M 3.8 13 250 M M 10 18 240
25 62 58 60 0 5 0 0.00 M M 6.1 14 260 M M 7 19 250
26 63 54 59 -1 6 0 0.02 M M 8.1 17 250 M M 7 1 24 240
27 61 49 55 -5 10 0 T M M 4.7 15 240 M M 2 23 290
28 69 50 60 0 5 0 0.00 M M 3.4 13 260 M M 0 17 250
29 80 54 67 6 0 2 0.00 M M 3.2 12 250 M M 0 15 270
30 81 59 70 9 0 5 0.00 M M 3.6 10 250 M M 1 12 17 280
================================================================================
SM 1998 1632 145 17 0.13 M 147.7 M 158
================================================================================
AV 66.6 54.4 4.9 FASTST M M 5 MAX(MPH)
MISC ----> # 17 210 28 310
================================================================================
NOTES:
# LAST OF SEVERAL OCCURRENCES
COLUMN 17 PEAK WIND IN M.P.H.
PRELIMINARY LOCAL CLIMATOLOGICAL DATA (WS FORM: F-6) , PAGE 2
STATION: CARLSBAD PALOMAR AIRPORT CA
MONTH: APRIL
YEAR: 2021
LATITUDE: 33 7 N
LONGITUDE: 117 17 W
[TEMPERATURE DATA] [PRECIPITATION DATA] SYMBOLS USED IN COLUMN 16
AVERAGE MONTHLY: 60.5 TOTAL FOR MONTH: 0.13 1 = FOG OR MIST
DPTR FM NORMAL: 1.4 DPTR FM NORMAL: -0.89 2 = FOG REDUCING VISIBILITY
HIGHEST: 87 ON 1 GRTST 24HR 0.06 ON 21-22 TO 1/4 MILE OR LESS
LOWEST: 49 ON 27,15 3 = THUNDER
SNOW, ICE PELLETS, HAIL 4 = ICE PELLETS
TOTAL MONTH: M 5 = HAIL
GRTST 24HR M ON M 6 = FREEZING RAIN OR DRIZZLE
GRTST DEPTH: M ON M 7 = DUSTSTORM OR SANDSTORM:
VSBY 1/2 MILE OR LESS
8 = SMOKE OR HAZE
[NO. OF DAYS WITH] [WEATHER - DAYS WITH] 9 = BLOWING SNOW
X = TORNADO
MAX 32 OR BELOW: 0 0.01 INCH OR MORE: 5
MAX 90 OR ABOVE: 0 0.10 INCH OR MORE: 0
MIN 32 OR BELOW: 0 0.50 INCH OR MORE: 0
MIN 0 OR BELOW: 0 1.00 INCH OR MORE: 0
[HDD (BASE 65) ]
TOTAL THIS MO. 145 CLEAR (SCALE 0-3) 8
DPTR FM NORMAL -36 PTCLDY (SCALE 4-7) 15
TOTAL FM JUL 1 1304 CLOUDY (SCALE 8-10) 7
DPTR FM NORMAL -226
[CDD (BASE 65) ]
TOTAL THIS MO. 17
DPTR FM NORMAL 13 [PRESSURE DATA]
TOTAL FM JAN 1 37 HIGHEST SLP 30.12 ON 29
DPTR FM NORMAL 24 LOWEST SLP 29.73 ON 11
[REMARKS]
#FINAL-04-21#